000
CDUS45 KVEF 200039
CLIDAG


CLIMATE REPORT
NATIONAL WEATHER SERVICE LAS VEGAS, NV
539 PM PDT FRI APR 19 2019


...................................

...THE BARSTOW-DAGGETT CA CLIMATE SUMMARY FOR APRIL 19 2019...
VALID TODAY AS OF 0500 PM LOCAL TIME.

CLIMATE NORMAL PERIOD 1981 TO 2010
CLIMATE RECORD PERIOD 1943 TO 2019


WEATHER ITEM   OBSERVED TIME   RECORD YEAR NORMAL DEPARTURE LAST
                VALUE   (LST)  VALUE       VALUE  FROM      YEAR
                                                  NORMAL
..................................................................
TEMPERATURE (F)
 TODAY
  MAXIMUM         93    216 PM  99    1994  80     13       66
  MINIMUM         56    542 AM  38    2007  52      4       49
  AVERAGE         75                        66      9       58

PRECIPITATION (IN)
  TODAY            0.00          T    1952   0.01  -0.01     0.00
  MONTH TO DATE    T                         0.13  -0.13     0.00
  SINCE OCT 1      3.50                      2.98   0.52     1.03
  SINCE JAN 1      3.18                      1.89   1.29     1.03

DEGREE DAYS
 HEATING
  TODAY            0                         3     -3        7
  MONTH TO DATE   27                        74    -47       42
  SINCE MAR 1    263                       300    -37      280
  SINCE JUL 1   2038                      2064    -26     1635

 COOLING
  TODAY           10                         3      7        0
  MONTH TO DATE   40                        41     -1       89
  SINCE MAR 1     40                        59    -19      110
  SINCE JAN 1     40                        60    -20      110
..................................................................


WIND (MPH)
  RESULTANT WIND SPEED   2   RESULTANT WIND DIRECTION  NW (310)
  HIGHEST WIND SPEED    21   HIGHEST WIND DIRECTION     E (90)
  HIGHEST GUST SPEED    27   HIGHEST GUST DIRECTION     E (90)
  AVERAGE WIND SPEED     9.3


SKY COVER
  POSSIBLE SUNSHINE  MM
  AVERAGE SKY COVER 0.0


WEATHER CONDITIONS
 THE FOLLOWING WEATHER WAS RECORDED TODAY.
  NO SIGNIFICANT WEATHER WAS OBSERVED.


RELATIVE HUMIDITY (PERCENT)
 HIGHEST    39           600 AM
 LOWEST      8           100 PM
 AVERAGE    24

..........................................................


THE BARSTOW-DAGGETT CA CLIMATE NORMALS FOR TOMORROW
                         NORMAL    RECORD    YEAR
 MAXIMUM TEMPERATURE (F)   80        99      1994
 MINIMUM TEMPERATURE (F)   52        36      1966


SUNRISE AND SUNSET
APRIL 19 2019.........SUNRISE   611 AM PDT   SUNSET   723 PM PDT
APRIL 20 2019.........SUNRISE   609 AM PDT   SUNSET   723 PM PDT


-  INDICATES NEGATIVE NUMBERS.
R  INDICATES RECORD WAS SET OR TIED.
MM INDICATES DATA IS MISSING.
T  INDICATES TRACE AMOUNT.




$$
