000
CDUS45 KVEF 250835
CLIDAG


CLIMATE REPORT
NATIONAL WEATHER SERVICE LAS VEGAS, NV
135 AM PDT TUE JUN 25 2019


...................................

...THE BARSTOW-DAGGETT CA CLIMATE SUMMARY FOR JUNE 24 2019...

CLIMATE NORMAL PERIOD 1981 TO 2010
CLIMATE RECORD PERIOD 1943 TO 2019


WEATHER ITEM   OBSERVED TIME   RECORD YEAR NORMAL DEPARTURE LAST
                VALUE   (LST)  VALUE       VALUE  FROM      YEAR
                                                  NORMAL
..................................................................
TEMPERATURE (F)
 YESTERDAY
  MAXIMUM        103    252 PM 113    2017 101      2      106
  MINIMUM         70    457 AM  52    1963  69      1       71
  AVERAGE         87                        85      2       89

PRECIPITATION (IN)
  YESTERDAY        0.00          T    1986   0.00   0.00     0.00
  MONTH TO DATE    0.00                      0.04  -0.04     0.00
  SINCE OCT 1      3.87                      3.11   0.76     1.31
  SINCE JAN 1      3.55                      2.02   1.53     1.31

DEGREE DAYS
 HEATING
  YESTERDAY        0

 COOLING
  YESTERDAY       22
..................................................................


WIND (MPH)
  HIGHEST WIND SPEED    23   HIGHEST WIND DIRECTION     W (250)
  HIGHEST GUST SPEED    29   HIGHEST GUST DIRECTION    SW (220)
  AVERAGE WIND SPEED    11.8


SKY COVER
  POSSIBLE SUNSHINE  MM
  AVERAGE SKY COVER 0.0


WEATHER CONDITIONS
 THE FOLLOWING WEATHER WAS RECORDED YESTERDAY.
  NO SIGNIFICANT WEATHER WAS OBSERVED.


RELATIVE HUMIDITY (PERCENT)
 HIGHEST    28
 LOWEST      7
 AVERAGE    18

..........................................................


THE BARSTOW-DAGGETT CA CLIMATE NORMALS FOR TODAY
                         NORMAL    RECORD    YEAR
 MAXIMUM TEMPERATURE (F)  101       113      1970
 MINIMUM TEMPERATURE (F)   70        55      1950


SUNRISE AND SUNSET
JUNE 25 2019..........SUNRISE   535 AM PDT   SUNSET   805 PM PDT
JUNE 26 2019..........SUNRISE   535 AM PDT   SUNSET   805 PM PDT


-  INDICATES NEGATIVE NUMBERS.
R  INDICATES RECORD WAS SET OR TIED.
MM INDICATES DATA IS MISSING.
T  INDICATES TRACE AMOUNT.




$$
