000
CDUS41 KRNK 220817
CLIDAN


CLIMATE REPORT
NATIONAL WEATHER SERVICE BLACKSBURG VA
416 AM EDT MON APR 22 2019


...................................

...THE DANVILLE VA CLIMATE SUMMARY FOR APRIL 21 2019...

CLIMATE NORMAL PERIOD 1981 TO 2010
CLIMATE RECORD PERIOD 1916 TO 2019


WEATHER ITEM   OBSERVED TIME   RECORD YEAR NORMAL DEPARTURE LAST
                VALUE   (LST)  VALUE       VALUE  FROM      YEAR
                                                  NORMAL
..................................................................
TEMPERATURE (F)
 YESTERDAY
  MAXIMUM         67    343 PM  95    1985  72     -5       68
  MINIMUM         41    611 AM  28    1956  48     -7       36
  AVERAGE         54                        60     -6       52

PRECIPITATION (IN)
  YESTERDAY        0.00          1.07 1918   0.12  -0.12     0.00
  MONTH TO DATE    2.65                      2.47   0.18     2.26
  SINCE MAR 1      5.77                      6.58  -0.81     5.81
  SINCE JAN 1     14.85                     13.01   1.84    11.03

SNOWFALL (IN)
  YESTERDAY        0.0                                       0.0
  MONTH TO DATE    T                                          T
  SINCE MAR 1      T                                         7.4
  SINCE JUL 1     15.2                                      21.1
  SNOW DEPTH       0

DEGREE DAYS
 HEATING
  YESTERDAY       11                         6      5       13
  MONTH TO DATE  141                       185    -44      234
  SINCE MAR 1    708                       695     13      852
  SINCE JUL 1   3599                      3696    -97     3517

 COOLING
  YESTERDAY        0                         1     -1        0
  MONTH TO DATE   19                        20     -1       14
  SINCE MAR 1     19                        23     -4       15
  SINCE JAN 1     26                        23      3       15
..................................................................


WIND (MPH)
  HIGHEST WIND SPEED    14   HIGHEST WIND DIRECTION     N (340)
  HIGHEST GUST SPEED    19   HIGHEST GUST DIRECTION     N (360)
  AVERAGE WIND SPEED     4.8


SKY COVER
  AVERAGE SKY COVER 0.3


WEATHER CONDITIONS
 THE FOLLOWING WEATHER WAS RECORDED YESTERDAY.
  FOG
  FOG W/VISIBILITY <= 1/4 MILE


RELATIVE HUMIDITY (PERCENT)
 HIGHEST   100           200 AM
 LOWEST     40           300 PM
 AVERAGE    70

..........................................................


THE DANVILLE VA CLIMATE NORMALS FOR TODAY
                         NORMAL    RECORD    YEAR
 MAXIMUM TEMPERATURE (F)   72        95      1985
 MINIMUM TEMPERATURE (F)   49        28      1953


SUNRISE AND SUNSET
APRIL 22 2019.........SUNRISE   635 AM EDT   SUNSET   758 PM EDT
APRIL 23 2019.........SUNRISE   634 AM EDT   SUNSET   758 PM EDT


-  INDICATES NEGATIVE NUMBERS.
R  INDICATES RECORD WAS SET OR TIED.
MM INDICATES DATA IS MISSING.
T  INDICATES TRACE AMOUNT.




$$
