000
CDUS41 KRNK 200600
CLIDAN


CLIMATE REPORT
NATIONAL WEATHER SERVICE BLACKSBURG VA
159 AM EDT SAT JUL 20 2019


...................................

...THE DANVILLE VA CLIMATE SUMMARY FOR JULY 19 2019...

CLIMATE NORMAL PERIOD 1981 TO 2010
CLIMATE RECORD PERIOD 1916 TO 2019


WEATHER ITEM   OBSERVED TIME   RECORD YEAR NORMAL DEPARTURE LAST
                VALUE   (LST)  VALUE       VALUE  FROM      YEAR
                                                  NORMAL
..................................................................
TEMPERATURE (F)
 YESTERDAY
  MAXIMUM         95    235 PM 101    1942  88      7       87
  MINIMUM         71    552 AM  55    1969  69      2       59
  AVERAGE         83                        78      5       73

PRECIPITATION (IN)
  YESTERDAY        0.00          2.03 1922   0.17  -0.17     0.00
  MONTH TO DATE    2.53                      2.87  -0.34     1.26
  SINCE JUN 1      7.27                      6.72   0.55     5.12
  SINCE JAN 1     24.93                     24.60   0.33    25.07

SNOWFALL (IN)
  YESTERDAY        0.0                                       0.0
  MONTH TO DATE    0.0                                       0.0
  SINCE JUN 1      0.0                                       0.0
  SINCE JUL 1      0.0                                       0.0
  SNOW DEPTH       0

DEGREE DAYS
 HEATING
  YESTERDAY        0                         0      0        0
  MONTH TO DATE    0                         0      0        0
  SINCE JUN 1      1                         3     -2        0
  SINCE JUL 1      0                         0      0        0

 COOLING
  YESTERDAY       18                        13      5        8
  MONTH TO DATE  299                       247     52      233
  SINCE JUN 1    556                       544     12      567
  SINCE JAN 1    831                       688    143      812
..................................................................


WIND (MPH)
  HIGHEST WIND SPEED    12   HIGHEST WIND DIRECTION    NW (310)
  HIGHEST GUST SPEED    16   HIGHEST GUST DIRECTION     W (270)
  AVERAGE WIND SPEED     4.2


SKY COVER
  AVERAGE SKY COVER 0.1


WEATHER CONDITIONS
 THE FOLLOWING WEATHER WAS RECORDED YESTERDAY.
  NO SIGNIFICANT WEATHER WAS OBSERVED.


RELATIVE HUMIDITY (PERCENT)
 HIGHEST    93           200 AM
 LOWEST     43           200 PM
 AVERAGE    68

..........................................................


THE DANVILLE VA CLIMATE NORMALS FOR TODAY
                         NORMAL    RECORD    YEAR
 MAXIMUM TEMPERATURE (F)   88       102      1977
                                             1942
 MINIMUM TEMPERATURE (F)   69        58      1969
                                             1926


SUNRISE AND SUNSET
JULY 20 2019..........SUNRISE   614 AM EDT   SUNSET   833 PM EDT
JULY 21 2019..........SUNRISE   615 AM EDT   SUNSET   832 PM EDT


-  INDICATES NEGATIVE NUMBERS.
R  INDICATES RECORD WAS SET OR TIED.
MM INDICATES DATA IS MISSING.
T  INDICATES TRACE AMOUNT.




$$
