000
CDUS41 KILN 160547
CLIDAY


CLIMATE REPORT
NATIONAL WEATHER SERVICE WILMINGTON OH
146 AM EDT SUN JUN 16 2019


...................................

...THE DAYTON OH CLIMATE SUMMARY FOR JUNE 15 2019...

CLIMATE NORMAL PERIOD 1981 TO 2010
CLIMATE RECORD PERIOD 1869 TO 2019


WEATHER ITEM   OBSERVED TIME   RECORD YEAR NORMAL DEPARTURE LAST
                VALUE   (LST)  VALUE       VALUE  FROM      YEAR
                                                  NORMAL
..................................................................
TEMPERATURE (F)
 YESTERDAY
  MAXIMUM         73    507 PM  96    1994  80     -7       86
                                      1897
  MINIMUM         63    625 AM  47    1933  61      2       62
  AVERAGE         68                        71     -3       74

PRECIPITATION (IN)
  YESTERDAY        1.52R         1.26 1949   0.14   1.38     0.00
  MONTH TO DATE    2.60                      2.10   0.50     1.63
  SINCE JUN 1      2.60                      2.10   0.50     1.63
  SINCE JAN 1     25.87                     19.14   6.73    21.34

SNOWFALL (IN)
  YESTERDAY        0.0           0.0    MM   0.0    0.0      0.0
  MONTH TO DATE    0.0                       0.0    0.0      0.0
  SINCE JUN 1      0.0                       0.0    0.0      0.0
  SINCE JUL 1     28.4                      23.3    5.1     26.7
  SNOW DEPTH       0

DEGREE DAYS
 HEATING
  YESTERDAY        0                         1     -1        0
  MONTH TO DATE   11                        21    -10        4
  SINCE JUN 1     11                        21    -10        4
  SINCE JUL 1   5302                      5641   -339     5571

 COOLING
  YESTERDAY        3                         6     -3        9
  MONTH TO DATE   55                        74    -19       91
  SINCE JUN 1     55                        74    -19       91
  SINCE JAN 1    177                       144     33      294
..................................................................


WIND (MPH)
  RESULTANT WIND SPEED  11   RESULTANT WIND DIRECTION   S (200)
  HIGHEST WIND SPEED    24   HIGHEST WIND DIRECTION     W (250)
  HIGHEST GUST SPEED    30   HIGHEST GUST DIRECTION    SW (230)
  AVERAGE WIND SPEED    10.8



WEATHER CONDITIONS
 THE FOLLOWING WEATHER WAS RECORDED YESTERDAY.
  HEAVY RAIN
  RAIN
  LIGHT RAIN
  FOG


RELATIVE HUMIDITY (PERCENT)
 HIGHEST    90           900 PM
 LOWEST     52          1200 AM
 AVERAGE    71

..........................................................


THE DAYTON OH CLIMATE NORMALS FOR TODAY
                         NORMAL    RECORD    YEAR
 MAXIMUM TEMPERATURE (F)   81        96      1913
 MINIMUM TEMPERATURE (F)   61        42      1908


SUNRISE AND SUNSET
JUNE 16 2019..........SUNRISE   608 AM EDT   SUNSET   907 PM EDT
JUNE 17 2019..........SUNRISE   608 AM EDT   SUNSET   908 PM EDT


-  INDICATES NEGATIVE NUMBERS.
R  INDICATES RECORD WAS SET OR TIED.
MM INDICATES DATA IS MISSING.
T  INDICATES TRACE AMOUNT.




$$
