000
CDUS41 KILN 220548
CLIDAY


CLIMATE REPORT
NATIONAL WEATHER SERVICE WILMINGTON OH
147 AM EDT MON APR 22 2019


...................................

...THE DAYTON OH CLIMATE SUMMARY FOR APRIL 21 2019...

CLIMATE NORMAL PERIOD 1981 TO 2010
CLIMATE RECORD PERIOD 1869 TO 2019


WEATHER ITEM   OBSERVED TIME   RECORD YEAR NORMAL DEPARTURE LAST
                VALUE   (LST)  VALUE       VALUE  FROM      YEAR
                                                  NORMAL
..................................................................
TEMPERATURE (F)
 YESTERDAY
  MAXIMUM         64    556 PM  84    1987  64      0       58
                                      1985
                                      1899
  MINIMUM         39    336 AM  26    1904  43     -4       36
  AVERAGE         52                        54     -2       47

PRECIPITATION (IN)
  YESTERDAY        0.00          2.11 1928   0.15  -0.15     0.00
  MONTH TO DATE    2.87                      2.82   0.05     4.47
  SINCE MAR 1      6.46                      6.16   0.30     8.03
  SINCE JAN 1     15.86                     11.11   4.75    16.34

SNOWFALL (IN)
  YESTERDAY        0.0           3.5  1901   0.0    0.0      0.0
  MONTH TO DATE    T                         0.6   -0.6      3.4
  SINCE MAR 1      2.2                       4.0   -1.8      9.2
  SINCE JUL 1     28.4                      23.3    5.1     26.7
  SNOW DEPTH       0

DEGREE DAYS
 HEATING
  YESTERDAY       13                        12      1       18
  MONTH TO DATE  220                       319    -99      456
  SINCE MAR 1   1045                      1083    -38     1326
  SINCE JUL 1   5105                      5358   -253     5434

 COOLING
  YESTERDAY        0                         1     -1        0
  MONTH TO DATE    1                         1      0        7
  SINCE MAR 1      1                         1      0        7
  SINCE JAN 1      1                         1      0       10
..................................................................


WIND (MPH)
  RESULTANT WIND SPEED   2   RESULTANT WIND DIRECTION   S (170)
  HIGHEST WIND SPEED    13   HIGHEST WIND DIRECTION    SE (120)
  HIGHEST GUST SPEED    15   HIGHEST GUST DIRECTION    SE (120)
  AVERAGE WIND SPEED     4.4



WEATHER CONDITIONS
 THE FOLLOWING WEATHER WAS RECORDED YESTERDAY.
  FOG
  FOG W/VISIBILITY <= 1/4 MILE


RELATIVE HUMIDITY (PERCENT)
 HIGHEST    92           400 AM
 LOWEST     44           600 PM
 AVERAGE    68

..........................................................


THE DAYTON OH CLIMATE NORMALS FOR TODAY
                         NORMAL    RECORD    YEAR
 MAXIMUM TEMPERATURE (F)   64        86      1985
 MINIMUM TEMPERATURE (F)   44        28      1986
                                             1907


SUNRISE AND SUNSET
APRIL 22 2019.........SUNRISE   649 AM EDT   SUNSET   822 PM EDT
APRIL 23 2019.........SUNRISE   648 AM EDT   SUNSET   823 PM EDT


-  INDICATES NEGATIVE NUMBERS.
R  INDICATES RECORD WAS SET OR TIED.
MM INDICATES DATA IS MISSING.
T  INDICATES TRACE AMOUNT.




$$
