000
CDUS43 KDVN 222142
CLIDBQ


CLIMATE REPORT
NATIONAL WEATHER SERVICE QUAD CITIES IA IL
441 PM CDT MON JUL 22 2019


...................................

...THE DUBUQUE IA CLIMATE SUMMARY FOR JULY 22 2019...
VALID TODAY AS OF 0400 PM LOCAL TIME.

CLIMATE NORMAL PERIOD 1981 TO 2010
CLIMATE RECORD PERIOD 1873 TO 2019


WEATHER ITEM   OBSERVED TIME   RECORD YEAR NORMAL DEPARTURE LAST
                VALUE   (LST)  VALUE       VALUE  FROM      YEAR
                                                  NORMAL
..................................................................
TEMPERATURE (F)
 TODAY
  MAXIMUM         76    259 PM 103    1934  82     -6       74
  MINIMUM         63    506 AM  51    1947  62      1       64
  AVERAGE         70                        72     -2       69

PRECIPITATION (IN)
  TODAY            0.00          2.84 2010   0.14  -0.14     0.00
  MONTH TO DATE    2.83                      3.08  -0.25     3.05
  SINCE JUN 1      8.32                      7.48   0.84    10.73
  SINCE JAN 1     25.56                     20.35   5.21    23.66

SNOWFALL (IN)
  TODAY            0.0          MM      MM   0.0    0.0      0.0
  MONTH TO DATE    0.0                       0.0    0.0      0.0
  SINCE JUN 1      0.0                       0.0    0.0      0.0
  SINCE JUL 1      0.0                       0.0    0.0      0.0
  SNOW DEPTH       0

DEGREE DAYS
 HEATING
  TODAY            0                         0      0        0
  MONTH TO DATE    0                         0      0        0
  SINCE JUN 1     29                        40    -11        6
  SINCE JUL 1      0                         0      0        0

 COOLING
  TODAY            5                         7     -2        4
  MONTH TO DATE  251                       155     96      184
  SINCE JUN 1    365                       294     71      377
  SINCE JAN 1    391                       331     60      490
..................................................................


WIND (MPH)
  HIGHEST WIND SPEED    18   HIGHEST WIND DIRECTION     N (350)
  HIGHEST GUST SPEED    25   HIGHEST GUST DIRECTION     N (350)
  AVERAGE WIND SPEED     8.6


SKY COVER
  POSSIBLE SUNSHINE  MM
  AVERAGE SKY COVER 0.2


WEATHER CONDITIONS
 THE FOLLOWING WEATHER WAS RECORDED TODAY.
  HAZE


RELATIVE HUMIDITY (PERCENT)
 HIGHEST    93           500 AM
 LOWEST     54           300 PM
 AVERAGE    74

..........................................................


THE DUBUQUE IA CLIMATE NORMALS FOR TOMORROW
                         NORMAL    RECORD    YEAR
 MAXIMUM TEMPERATURE (F)   82       104      1901
 MINIMUM TEMPERATURE (F)   62        52      1990
                                             1985
                                             1947


SUNRISE AND SUNSET
JULY 22 2019..........SUNRISE   545 AM CDT   SUNSET   833 PM CDT
JULY 23 2019..........SUNRISE   546 AM CDT   SUNSET   832 PM CDT


-  INDICATES NEGATIVE NUMBERS.
R  INDICATES RECORD WAS SET OR TIED.
MM INDICATES DATA IS MISSING.
T  INDICATES TRACE AMOUNT.




$$
