000
CDUS43 KDVN 250925
CLIDBQ


CLIMATE REPORT
NATIONAL WEATHER SERVICE QUAD CITIES IA IL
423 AM CDT THU APR 25 2019


...................................

...THE DUBUQUE IA CLIMATE SUMMARY FOR APRIL 24 2019...

CLIMATE NORMAL PERIOD 1981 TO 2010
CLIMATE RECORD PERIOD 1873 TO 2019


WEATHER ITEM   OBSERVED TIME   RECORD YEAR NORMAL DEPARTURE LAST
                VALUE   (LST)  VALUE       VALUE  FROM      YEAR
                                                  NORMAL
..................................................................
TEMPERATURE (F)
 YESTERDAY
  MAXIMUM         61    357 PM  85    1939  62     -1       73
  MINIMUM         40    458 AM  22    1956  41     -1       39
  AVERAGE         51                        52     -1       56

PRECIPITATION (IN)
  YESTERDAY        0.00          1.89 1965   0.13  -0.13     0.00
  MONTH TO DATE    2.25                      2.85  -0.60     1.59
  SINCE MAR 1      3.94                      5.26  -1.32     3.43
  SINCE JAN 1     10.06                      7.87   2.19     7.48

SNOWFALL (IN)
  YESTERDAY        0.0          MM      MM   0.0    0.0      0.0
  MONTH TO DATE    T                         1.8   -1.8      8.6
  SINCE MAR 1      0.5                       8.1   -7.6     16.2
  SINCE JUL 1     50.2                      41.7    8.5     38.2
  SNOW DEPTH       0

DEGREE DAYS
 HEATING
  YESTERDAY       14                        14      0        9
  MONTH TO DATE  395                       435    -40      704
  SINCE MAR 1   1438                      1353     85     1658
  SINCE JUL 1   7019                      6746    273     6963

 COOLING
  YESTERDAY        0                         0      0        0
  MONTH TO DATE    2                         0      2        0
  SINCE MAR 1      2                         0      2        0
  SINCE JAN 1      2                         0      2        0
..................................................................


WIND (MPH)
  HIGHEST WIND SPEED    21   HIGHEST WIND DIRECTION     S (180)
  HIGHEST GUST SPEED    27   HIGHEST GUST DIRECTION     S (170)
  AVERAGE WIND SPEED     9.5


SKY COVER
  POSSIBLE SUNSHINE  MM
  AVERAGE SKY COVER 0.0


WEATHER CONDITIONS
 THE FOLLOWING WEATHER WAS RECORDED YESTERDAY.
  NO SIGNIFICANT WEATHER WAS OBSERVED.


RELATIVE HUMIDITY (PERCENT)
 HIGHEST    92           500 AM
 LOWEST     39           300 PM
 AVERAGE    66

..........................................................


THE DUBUQUE IA CLIMATE NORMALS FOR TODAY
                         NORMAL    RECORD    YEAR
 MAXIMUM TEMPERATURE (F)   62        86      1986
 MINIMUM TEMPERATURE (F)   41        28      1887


SUNRISE AND SUNSET
APRIL 25 2019.........SUNRISE   607 AM CDT   SUNSET   756 PM CDT
APRIL 26 2019.........SUNRISE   605 AM CDT   SUNSET   757 PM CDT


-  INDICATES NEGATIVE NUMBERS.
R  INDICATES RECORD WAS SET OR TIED.
MM INDICATES DATA IS MISSING.
T  INDICATES TRACE AMOUNT.




$$
