000
CDUS41 KLWX 232132
CLIDCA


CLIMATE REPORT
NATIONAL WEATHER SERVICE BALTIMORE MD/WASHINGTON DC
532 PM EDT TUE APR 23 2019


...................................

...THE WASHINGTON NATIONAL DC CLIMATE SUMMARY FOR APRIL 23 2019...
VALID TODAY AS OF 0500 PM LOCAL TIME.

CLIMATE NORMAL PERIOD 1981 TO 2010
CLIMATE RECORD PERIOD 1871 TO 2019


WEATHER ITEM   OBSERVED TIME   RECORD YEAR NORMAL DEPARTURE LAST
                VALUE   (LST)  VALUE       VALUE  FROM      YEAR
                                                  NORMAL
..................................................................
TEMPERATURE (F)
 TODAY
  MAXIMUM         82    240 PM  95    1960  69     13
  MINIMUM         54    507 AM  33    1933  49      5
                                      1882
  AVERAGE         68                        59      9       60

PRECIPITATION (IN)
  TODAY            0.00          1.38 1921   0.10  -0.10
  MONTH TO DATE    1.62                      2.34  -0.72
  SINCE MAR 1      5.62                      5.82  -0.20
  SINCE JAN 1     12.44                     11.25   1.19

SNOWFALL (IN)
  TODAY            0.0           T    1986   0.0    0.0
                                      1930
  MONTH TO DATE    0.0                       0.0    0.0
  SINCE JUL 1     16.9                      15.4    1.5
  SNOW DEPTH       0

DEGREE DAYS
 HEATING
  TODAY            0                               -7
  MONTH TO DATE  114                             -114
  SINCE MAR 1    675                             -121
  SINCE JUL 1   3561                             -343

 COOLING
  TODAY            3                                2
  MONTH TO DATE   38                               24
  SINCE MAR 1     42                               26
  SINCE JAN 1     42                               26
..................................................................


WIND (MPH)
  HIGHEST WIND SPEED    16   HIGHEST WIND DIRECTION    SW (210)
  HIGHEST GUST SPEED    19   HIGHEST GUST DIRECTION     S (180)
  AVERAGE WIND SPEED     6.7




RELATIVE HUMIDITY (PERCENT)
 HIGHEST    83
 LOWEST     36
 AVERAGE    60

..........................................................


THE WASHINGTON NATIONAL DC CLIMATE NORMALS FOR TOMORROW
                         NORMAL    RECORD    YEAR
 MAXIMUM TEMPERATURE (F)   69        94      1960
                                             1925
 MINIMUM TEMPERATURE (F)   50        34      1930
                                             1882


SUNRISE AND SUNSET
APRIL 23 2019.........SUNRISE   621 AM EDT   SUNSET   753 PM EDT
APRIL 24 2019.........SUNRISE   620 AM EDT   SUNSET   754 PM EDT


-  INDICATES NEGATIVE NUMBERS.
R  INDICATES RECORD WAS SET OR TIED.
MM INDICATES DATA IS MISSING.
T  INDICATES TRACE AMOUNT.




$$
