000
CDUS45 KBOU 160740
CLIDEN


CLIMATE REPORT
NATIONAL WEATHER SERVICE DENVER/BOULDER CO
138 AM MDT SUN JUN 16 2019


...................................

...THE DENVER CO CLIMATE SUMMARY FOR JUNE 15 2019...

CLIMATE NORMAL PERIOD 1981 TO 2010
CLIMATE RECORD PERIOD 1872 TO 2019


WEATHER ITEM   OBSERVED TIME   RECORD YEAR NORMAL DEPARTURE LAST
                VALUE   (LST)  VALUE       VALUE  FROM      YEAR
                                                  NORMAL
..................................................................
TEMPERATURE (F)
 YESTERDAY
  MAXIMUM         79    129 PM  97    1993  82     -3       95
                                      1952
  MINIMUM         50    309 AM  40    1976  52     -2       61
                                      1945
  AVERAGE         65                        67     -2       78

PRECIPITATION (IN)
  YESTERDAY        0.02          1.31 1901   0.07  -0.05     0.01
  MONTH TO DATE    0.35                      1.07  -0.72     0.01
  SINCE JUN 1      0.35                      1.07  -0.72     0.01
  SINCE JAN 1      7.69                      6.60   1.09     4.60

SNOWFALL (IN)
  YESTERDAY        0.0
  MONTH TO DATE    0.0
  SINCE JUN 1      0.0
  SINCE JUL 1     48.1
  SNOW DEPTH       0

DEGREE DAYS
 HEATING
  YESTERDAY        0                         2     -2        0
  MONTH TO DATE   28                        46    -18        4
  SINCE JUN 1     28                        46    -18        4
  SINCE JUL 1   6247                      6042    205     5405

 COOLING
  YESTERDAY        0                         4     -4       13
  MONTH TO DATE   20                        46    -26      143
  SINCE JUN 1     20                        46    -26      143
  SINCE JAN 1     25                        68    -43      191
..................................................................


WIND (MPH)
  HIGHEST WIND SPEED    21   HIGHEST WIND DIRECTION     S (200)
  HIGHEST GUST SPEED    27   HIGHEST GUST DIRECTION     N (20)
  AVERAGE WIND SPEED     9.5


SKY COVER
  POSSIBLE SUNSHINE  MM
  AVERAGE SKY COVER 0.6


WEATHER CONDITIONS
 THE FOLLOWING WEATHER WAS RECORDED YESTERDAY.
  THUNDERSTORM
  LIGHT RAIN


RELATIVE HUMIDITY (PERCENT)
 HIGHEST    83           200 AM
 LOWEST     27           300 PM
 AVERAGE    55

..........................................................


THE DENVER CO CLIMATE NORMALS FOR TODAY
                         NORMAL    RECORD    YEAR
 MAXIMUM TEMPERATURE (F)   83        95      2017
                                             1906
 MINIMUM TEMPERATURE (F)   53        40      1961
                                             1945


SUNRISE AND SUNSET
JUNE 16 2019..........SUNRISE   530 AM MDT   SUNSET   829 PM MDT
JUNE 17 2019..........SUNRISE   530 AM MDT   SUNSET   829 PM MDT


-  INDICATES NEGATIVE NUMBERS.
R  INDICATES RECORD WAS SET OR TIED.
MM INDICATES DATA IS MISSING.
T  INDICATES TRACE AMOUNT.




$$
