037
CDUS45 KBOU 192336
CLIDEN


CLIMATE REPORT
NATIONAL WEATHER SERVICE DENVER/BOULDER CO
531 PM MDT FRI APR 19 2019


...................................

...THE DENVER CO CLIMATE SUMMARY FOR APRIL 19 2019...
VALID TODAY AS OF 0500 PM LOCAL TIME.

CLIMATE NORMAL PERIOD 1981 TO 2010
CLIMATE RECORD PERIOD 1872 TO 2019


WEATHER ITEM   OBSERVED TIME   RECORD YEAR NORMAL DEPARTURE LAST
                VALUE   (LST)  VALUE       VALUE  FROM      YEAR
                                                  NORMAL
..................................................................
TEMPERATURE (F)
 TODAY
  MAXIMUM         72    310 PM  83    1961  62     10       69
  MINIMUM         30    435 AM  13    1893  34     -4       27
  AVERAGE         51                        48      3       48

PRECIPITATION (IN)
  TODAY            0.00          1.26 1942   0.06  -0.06     0.00
  MONTH TO DATE    0.28                      0.95  -0.67     0.29
  SINCE MAR 1      1.67                      1.87  -0.20     1.31
  SINCE JAN 1      3.14                      2.65   0.49     2.16

DEGREE DAYS
 HEATING
  TODAY           14                        17     -3       17
  MONTH TO DATE  327                       361    -34      353
  SINCE MAR 1   1246                      1124    122     1037
  SINCE JUL 1   5663                      5563    100     5094

 COOLING
  TODAY            0                         0      0        0
  MONTH TO DATE    0                         0      0        0
  SINCE MAR 1      0                         0      0        0
  SINCE JAN 1      0                         0      0        0
..................................................................


WIND (MPH)
  HIGHEST WIND SPEED    15   HIGHEST WIND DIRECTION    NE (30)
  HIGHEST GUST SPEED    29   HIGHEST GUST DIRECTION     E (80)
  AVERAGE WIND SPEED     7.4


SKY COVER
  POSSIBLE SUNSHINE  MM
  AVERAGE SKY COVER 0.2


WEATHER CONDITIONS
 THE FOLLOWING WEATHER WAS RECORDED TODAY.
  NO SIGNIFICANT WEATHER WAS OBSERVED.


RELATIVE HUMIDITY (PERCENT)
 HIGHEST    82           100 AM
 LOWEST     22           100 PM
 AVERAGE    52

..........................................................


THE DENVER CO CLIMATE NORMALS FOR TOMORROW
                         NORMAL    RECORD    YEAR
 MAXIMUM TEMPERATURE (F)   62        83      1989
                                             1962
 MINIMUM TEMPERATURE (F)   34        13      1966


SUNRISE AND SUNSET
APRIL 19 2019.........SUNRISE   615 AM MDT   SUNSET   741 PM MDT
APRIL 20 2019.........SUNRISE   614 AM MDT   SUNSET   742 PM MDT


-  INDICATES NEGATIVE NUMBERS.
R  INDICATES RECORD WAS SET OR TIED.
MM INDICATES DATA IS MISSING.
T  INDICATES TRACE AMOUNT.




$$
