000
CDUS44 KSHV 210749
CLIDEQ


CLIMATE REPORT
NATIONAL WEATHER SERVICE SHREVEPORT, LA
249 AM CDT SUN APR 21 2019


...................................

...THE DE QUEEN CLIMATE SUMMARY FOR APRIL 20 2019...

CLIMATE NORMAL PERIOD 1981 TO 2010
CLIMATE RECORD PERIOD 1902 TO 2019


WEATHER ITEM   OBSERVED TIME   RECORD YEAR NORMAL DEPARTURE LAST
                VALUE   (LST)  VALUE       VALUE  FROM      YEAR
                                                  NORMAL
..................................................................
TEMPERATURE (F)
 YESTERDAY
  MAXIMUM         74    505 PM  94    1987  75     -1       68
  MINIMUM         39    611 AM  33    1956  50    -11       40
  AVERAGE         57                        62     -5       54

PRECIPITATION (IN)
  YESTERDAY        0.00          2.20 1986   0.12  -0.12     0.00
  MONTH TO DATE    5.82                      2.32   3.50     3.48
  SINCE DEC 1     26.90                     18.32   8.58    27.62
  SINCE JAN 1     18.54                     13.96   4.58    22.37

SNOWFALL (IN)
  YESTERDAY        0.0
  MONTH TO DATE    0.0
  SINCE MAR 1      0.0
  SINCE JUL 1      T
  SNOW DEPTH       0

DEGREE DAYS
 HEATING
  YESTERDAY        8                         4      4       11
  MONTH TO DATE  117                       125     -8      182
  SINCE MAR 1    517                       502     15      463
  SINCE JUL 1   2808                      2993   -185     2837

 COOLING
  YESTERDAY        0                         1     -1        0
  MONTH TO DATE   16                        20     -4        4
  SINCE MAR 1     19                        29    -10       16
  SINCE JAN 1     31                        31      0       18
..................................................................


WIND (MPH)
  HIGHEST WIND SPEED    14   HIGHEST WIND DIRECTION    SW (230)
  HIGHEST GUST SPEED    18   HIGHEST GUST DIRECTION    SW (230)
  AVERAGE WIND SPEED     3.4


SKY COVER
  POSSIBLE SUNSHINE  MM
  AVERAGE SKY COVER 0.0


WEATHER CONDITIONS
 THE FOLLOWING WEATHER WAS RECORDED YESTERDAY.
  FOG


RELATIVE HUMIDITY (PERCENT)
 HIGHEST   100          1200 AM
 LOWEST     35           300 PM
 AVERAGE    68

..........................................................


THE DE QUEEN CLIMATE NORMALS FOR TODAY
                         NORMAL    RECORD    YEAR
 MAXIMUM TEMPERATURE (F)   75        94      1987
 MINIMUM TEMPERATURE (F)   50        33      1953


SUNRISE AND SUNSET
APRIL 21 2019.........SUNRISE   640 AM CDT   SUNSET   754 PM CDT
APRIL 22 2019.........SUNRISE   638 AM CDT   SUNSET   754 PM CDT


-  INDICATES NEGATIVE NUMBERS.
R  INDICATES RECORD WAS SET OR TIED.
MM INDICATES DATA IS MISSING.
T  INDICATES TRACE AMOUNT.




$$
