000
CDUS44 KSHV 152150
CLIDEQ


CLIMATE REPORT
NATIONAL WEATHER SERVICE SHREVEPORT, LA
450 PM CDT SAT JUN 15 2019


...................................

...THE DE QUEEN CLIMATE SUMMARY FOR JUNE 15 2019...
VALID TODAY AS OF 0400 PM LOCAL TIME.

CLIMATE NORMAL PERIOD 1981 TO 2010
CLIMATE RECORD PERIOD 1902 TO 2019


WEATHER ITEM   OBSERVED TIME   RECORD YEAR NORMAL DEPARTURE LAST
                VALUE   (LST)  VALUE       VALUE  FROM      YEAR
                                                  NORMAL
..................................................................
TEMPERATURE (F)
 TODAY
  MAXIMUM         91    257 PM  98    1958  89      2       96
                                      1953
                                      1936
  MINIMUM         70    517 AM  52    1947  67      3       70
  AVERAGE         81                        78      3       83

PRECIPITATION (IN)
  TODAY            0.00          2.64 2000   0.16  -0.16     0.00
  MONTH TO DATE    1.09                      2.22  -1.13     0.28
  SINCE DEC 1     36.69                     27.71   8.98    30.36
  SINCE JAN 1     28.33                     23.35   4.98    25.11

DEGREE DAYS
 HEATING
  TODAY            0                         0      0        0
  MONTH TO DATE    0                         0      0        0
  SINCE JUN 1      0                         0      0        0
  SINCE JUL 1   2819                      3042   -223     2877

 COOLING
  TODAY           16                        13      3       18
  MONTH TO DATE  160                       163     -3      234
  SINCE JUN 1    160                       163     -3      234
  SINCE JAN 1    433                       380     53      595
..................................................................


WIND (MPH)
  HIGHEST WIND SPEED    15   HIGHEST WIND DIRECTION     S (170)
  HIGHEST GUST SPEED    22   HIGHEST GUST DIRECTION     S (170)
  AVERAGE WIND SPEED     6.8


SKY COVER
  POSSIBLE SUNSHINE  MM
  AVERAGE SKY COVER 0.5


WEATHER CONDITIONS
 THE FOLLOWING WEATHER WAS RECORDED TODAY.
  NO SIGNIFICANT WEATHER WAS OBSERVED.


RELATIVE HUMIDITY (PERCENT)
 HIGHEST    97           500 AM
 LOWEST     56           300 PM
 AVERAGE    77

..........................................................


THE DE QUEEN CLIMATE NORMALS FOR TOMORROW
                         NORMAL    RECORD    YEAR
 MAXIMUM TEMPERATURE (F)   89        98      1953
                                             1936
 MINIMUM TEMPERATURE (F)   67        52      1989
                                             1947


SUNRISE AND SUNSET
JUNE 15 2019..........SUNRISE   606 AM CDT   SUNSET   830 PM CDT
JUNE 16 2019..........SUNRISE   606 AM CDT   SUNSET   831 PM CDT


-  INDICATES NEGATIVE NUMBERS.
R  INDICATES RECORD WAS SET OR TIED.
MM INDICATES DATA IS MISSING.
T  INDICATES TRACE AMOUNT.




$$
