000
CDUS46 KOTX 190832
CLIDEW


CLIMATE REPORT
NATIONAL WEATHER SERVICE SPOKANE, WA
132 AM PDT WED JUN 19 2019


...................................

...THE DEER_PARK WA AIRPORT CLIMATE SUMMARY FOR JUNE 18 2019...

CLIMATE NORMAL PERIOD 1981 TO 2010
CLIMATE RECORD PERIOD 9999 TO 9999


WEATHER ITEM   OBSERVED TIME   RECORD YEAR NORMAL DEPARTURE LAST
                VALUE   (LST)  VALUE       VALUE  FROM      YEAR
                                                  NORMAL
..................................................................
TEMPERATURE (F)
 YESTERDAY
  MAXIMUM         84    309 PM  MM      MM  74     10       77
  MINIMUM         50    229 AM  MM      MM  45      5       51
  AVERAGE         67                        59      8       64

PRECIPITATION (IN)
  YESTERDAY        0.00         MM      MM   0.07  -0.07     0.00
  MONTH TO DATE    0.00                      1.29  -1.29     0.49
  SINCE OCT 1     17.82                     18.85  -1.03    21.33
  SINCE JAN 1      8.97                     11.03  -2.06    12.20

SNOWFALL (IN)
  YESTERDAY       MM

DEGREE DAYS
 HEATING
  YESTERDAY        0                         6     -6        1
  MONTH TO DATE    0                       138   -138      152
  SINCE JUN 1      0                       138   -138      152
  SINCE JUL 1   7273                      7352    -79     6949

 COOLING
  YESTERDAY        2                         1      1        0
  MONTH TO DATE   24                         1     23        0
  SINCE JUN 1     24                         1     23        0
  SINCE JAN 1     26                         4     22        7
..................................................................


WIND (MPH)
  HIGHEST WIND SPEED    21   HIGHEST WIND DIRECTION    SW (220)
  HIGHEST GUST SPEED    26   HIGHEST GUST DIRECTION    SW (230)
  AVERAGE WIND SPEED     9.2


SKY COVER
  POSSIBLE SUNSHINE  MM
  AVERAGE SKY COVER 0.0


WEATHER CONDITIONS
 THE FOLLOWING WEATHER WAS RECORDED YESTERDAY.
  FOG


RELATIVE HUMIDITY (PERCENT)
 HIGHEST    96           200 AM
 LOWEST     20           500 PM
 AVERAGE    58

..........................................................


THE DEER_PARK WA AIRPORT CLIMATE NORMALS FOR TODAY
                         NORMAL    RECORD    YEAR
 MAXIMUM TEMPERATURE (F)   74        MM        MM
 MINIMUM TEMPERATURE (F)   45        MM        MM


SUNRISE AND SUNSET
JUNE 19 2019..........SUNRISE   450 AM PDT   SUNSET   852 PM PDT
JUNE 20 2019..........SUNRISE   450 AM PDT   SUNSET   852 PM PDT


-  INDICATES NEGATIVE NUMBERS.
R  INDICATES RECORD WAS SET OR TIED.
MM INDICATES DATA IS MISSING.
T  INDICATES TRACE AMOUNT.




$$
