000
CDUS46 KOTX 180841
CLIDEW


CLIMATE REPORT
NATIONAL WEATHER SERVICE SPOKANE, WA
139 AM PDT THU APR 18 2019


...................................

...THE DEER_PARK WA AIRPORT CLIMATE SUMMARY FOR APRIL 17 2019...

CLIMATE NORMAL PERIOD 1981 TO 2010
CLIMATE RECORD PERIOD 9999 TO 9999


WEATHER ITEM   OBSERVED TIME   RECORD YEAR NORMAL DEPARTURE LAST
                VALUE   (LST)  VALUE       VALUE  FROM      YEAR
                                                  NORMAL
..................................................................
TEMPERATURE (F)
 YESTERDAY
  MAXIMUM         64    334 PM  MM      MM  58      6       55
  MINIMUM         42    500 AM  MM      MM  32     10       31
  AVERAGE         53                        45      8       43

PRECIPITATION (IN)
  YESTERDAY        T            MM      MM   0.04  -0.04     0.08
  MONTH TO DATE    1.84                      1.02   0.82     2.59
  SINCE OCT 1     15.23                     15.16   0.07    18.77
  SINCE JAN 1      6.38                      7.34  -0.96     9.64

DEGREE DAYS
 HEATING
  YESTERDAY       12                        20     -8       22
  MONTH TO DATE  355                       364     -9      391
  SINCE MAR 1   1363                      1206    157     1258
  SINCE JUL 1   6790                      6571    219     6405

 COOLING
  YESTERDAY        0                         0      0        0
  MONTH TO DATE    0                         0      0        0
  SINCE MAR 1      0                         0      0        0
  SINCE JAN 1      0                         0      0        0
..................................................................


WIND (MPH)
  HIGHEST WIND SPEED    23   HIGHEST WIND DIRECTION     S (200)
  HIGHEST GUST SPEED    28   HIGHEST GUST DIRECTION     S (200)
  AVERAGE WIND SPEED    12.0


SKY COVER
  POSSIBLE SUNSHINE  MM
  AVERAGE SKY COVER 0.2


WEATHER CONDITIONS
 THE FOLLOWING WEATHER WAS RECORDED YESTERDAY.
  LIGHT RAIN


RELATIVE HUMIDITY (PERCENT)
 HIGHEST    82          1200 AM
 LOWEST     30           300 PM
 AVERAGE    56

..........................................................


THE DEER_PARK WA AIRPORT CLIMATE NORMALS FOR TODAY
                         NORMAL    RECORD    YEAR
 MAXIMUM TEMPERATURE (F)   59        MM        MM
 MINIMUM TEMPERATURE (F)   32        MM        MM


SUNRISE AND SUNSET
APRIL 18 2019.........SUNRISE   555 AM PDT   SUNSET   744 PM PDT
APRIL 19 2019.........SUNRISE   553 AM PDT   SUNSET   745 PM PDT


-  INDICATES NEGATIVE NUMBERS.
R  INDICATES RECORD WAS SET OR TIED.
MM INDICATES DATA IS MISSING.
T  INDICATES TRACE AMOUNT.




$$
