000
CDUS44 KFWD 230641
CLIDFW


CLIMATE REPORT
NATIONAL WEATHER SERVICE FORT WORTH TX
140 AM CDT TUE JUL 23 2019


...................................

...THE DALLAS FORT WORTH CLIMATE SUMMARY FOR JULY 22 2019...

CLIMATE NORMAL PERIOD 1981 TO 2010
CLIMATE RECORD PERIOD 1898 TO 2019


WEATHER ITEM   OBSERVED TIME   RECORD YEAR NORMAL DEPARTURE LAST
                VALUE   (LST)  VALUE       VALUE  FROM      YEAR
                                                  NORMAL
..................................................................
TEMPERATURE (F)
 YESTERDAY
  MAXIMUM         94    204 PM 109    2018  96     -2      109
  MINIMUM         77    556 AM  63    1970  76      1       79
                                      1915
  AVERAGE         86                        86      0       94

PRECIPITATION (IN)
  YESTERDAY        0.01          1.94 1944   0.05  -0.04     0.00
  MONTH TO DATE    0.78                      1.68  -0.90     0.19
  SINCE JUN 1      4.91                      5.47  -0.56     1.46
  SINCE JAN 1     24.69                     21.72   2.97    19.16

DEGREE DAYS
 HEATING
  YESTERDAY        0                         0      0        0
  MONTH TO DATE    0                         0      0        0
  SINCE JUN 1      0                         0      0        0
  SINCE JUL 1      0                         0      0        0

 COOLING
  YESTERDAY       21                        21      0       29
  MONTH TO DATE  449                       441      8      531
  SINCE JUN 1    905                       932    -27     1159
  SINCE JAN 1   1334                      1354    -20     1750
..................................................................


WIND (MPH)
  HIGHEST WIND SPEED    23   HIGHEST WIND DIRECTION    NE (30)
  HIGHEST GUST SPEED    29   HIGHEST GUST DIRECTION    NE (30)
  AVERAGE WIND SPEED    11.4


SKY COVER
  POSSIBLE SUNSHINE  MM
  AVERAGE SKY COVER 0.6


WEATHER CONDITIONS
 THE FOLLOWING WEATHER WAS RECORDED YESTERDAY.
  THUNDERSTORM


RELATIVE HUMIDITY (PERCENT)
 HIGHEST    74           400 AM
 LOWEST     49           200 PM
 AVERAGE    62

..........................................................


THE DALLAS FORT WORTH CLIMATE NORMALS FOR TODAY
                         NORMAL    RECORD    YEAR
 MAXIMUM TEMPERATURE (F)   96       105      1974
 MINIMUM TEMPERATURE (F)   76        59      1970


SUNRISE AND SUNSET
JULY 23 2019..........SUNRISE   636 AM CDT   SUNSET   833 PM CDT
JULY 24 2019..........SUNRISE   636 AM CDT   SUNSET   833 PM CDT


-  INDICATES NEGATIVE NUMBERS.
R  INDICATES RECORD WAS SET OR TIED.
MM INDICATES DATA IS MISSING.
T  INDICATES TRACE AMOUNT.




$$
