290
CDUS44 KFWD 250641
CLIDFW


CLIMATE REPORT
NATIONAL WEATHER SERVICE FORT WORTH TX
141 AM CDT THU APR 25 2019


...................................

...THE DALLAS FORT WORTH CLIMATE SUMMARY FOR APRIL 24 2019...

CLIMATE NORMAL PERIOD 1981 TO 2010
CLIMATE RECORD PERIOD 1898 TO 2019


WEATHER ITEM   OBSERVED TIME   RECORD YEAR NORMAL DEPARTURE LAST
                VALUE   (LST)  VALUE       VALUE  FROM      YEAR
                                                  NORMAL
..................................................................
TEMPERATURE (F)
 YESTERDAY
  MAXIMUM         67    225 PM  91    1984  78    -11       84
                                      1950
                                      1901
  MINIMUM         61   1147 PM  37    2013  57      4       53
  AVERAGE         64                        68     -4       69

PRECIPITATION (IN)
  YESTERDAY        1.40          2.16 1914   0.13   1.27     0.00
  MONTH TO DATE    6.74                      2.30   4.44     0.66
  SINCE MAR 1      8.75                      5.79   2.96     3.56
  SINCE JAN 1     11.62                     10.58   1.04    15.72

SNOWFALL (IN)
  YESTERDAY        0.0           0.0    MM   0.0    0.0      0.0
  MONTH TO DATE    0.0                       0.0    0.0      0.0
  SINCE MAR 1      0.0                       0.2   -0.2      0.0
  SINCE JUL 1      T                         1.6   -1.6       T
  SNOW DEPTH       0

DEGREE DAYS
 HEATING
  YESTERDAY        1                         1      0        0
  MONTH TO DATE   70                        77     -7      141
  SINCE MAR 1    386                       338     48      255
  SINCE JUL 1   2378                      2270    108     1922

 COOLING
  YESTERDAY        0                         4     -4        4
  MONTH TO DATE   63                        70     -7       38
  SINCE MAR 1     81                       102    -21      108
  SINCE JAN 1     98                       109    -11      130
..................................................................


WIND (MPH)
  HIGHEST WIND SPEED    21   HIGHEST WIND DIRECTION    SE (120)
  HIGHEST GUST SPEED    25   HIGHEST GUST DIRECTION    SE (120)
  AVERAGE WIND SPEED     6.4


SKY COVER
  POSSIBLE SUNSHINE  MM
  AVERAGE SKY COVER 1.0


WEATHER CONDITIONS
 THE FOLLOWING WEATHER WAS RECORDED YESTERDAY.
  THUNDERSTORM
  HEAVY RAIN
  RAIN
  LIGHT RAIN
  FOG


RELATIVE HUMIDITY (PERCENT)
 HIGHEST    97           500 AM
 LOWEST     78           200 PM
 AVERAGE    88

..........................................................


THE DALLAS FORT WORTH CLIMATE NORMALS FOR TODAY
                         NORMAL    RECORD    YEAR
 MAXIMUM TEMPERATURE (F)   78        91      1925
                                             1902
 MINIMUM TEMPERATURE (F)   58        33      1910


SUNRISE AND SUNSET
APRIL 25 2019.........SUNRISE   647 AM CDT   SUNSET   806 PM CDT
APRIL 26 2019.........SUNRISE   646 AM CDT   SUNSET   806 PM CDT


-  INDICATES NEGATIVE NUMBERS.
R  INDICATES RECORD WAS SET OR TIED.
MM INDICATES DATA IS MISSING.
T  INDICATES TRACE AMOUNT.




$$
