078
CDUS43 KDDC 181427
CLIDGC


CLIMATE REPORT
NATIONAL WEATHER SERVICE DODGE CITY KS
927 AM CDT THU JUL 18 2019


...................................

...THE DODGE CITY KS CLIMATE SUMMARY FOR JULY 18 2019...
VALID AS OF 0900 AM LOCAL TIME.

CLIMATE NORMAL PERIOD 1981 TO 2010
CLIMATE RECORD PERIOD 1875 TO 2019


WEATHER ITEM   OBSERVED TIME   RECORD YEAR NORMAL DEPARTURE LAST
                VALUE   (LST)  VALUE       VALUE  FROM      YEAR
                                                  NORMAL
..................................................................
TEMPERATURE (F)
 TODAY
  MAXIMUM         83    759 AM 109    1936  93    -10       93
  MINIMUM         73    653 AM  57    2009  67      6       69
  AVERAGE         78                        80     -2       81

PRECIPITATION (IN)
  TODAY            0.00          1.50 1911   0.10  -0.10     0.00
  MONTH TO DATE    1.34                      1.77  -0.43     1.91
  SINCE JUN 1      5.10                      5.01   0.09     4.76
  SINCE JAN 1     16.90                     12.53   4.37     9.24

SNOWFALL (IN)
  TODAY            0.0           0.0  2002   0.0    0.0      0.0
                                      2001
  MONTH TO DATE    0.0                       0.0    0.0      0.0
  SINCE JUN 1      0.0                       0.0    0.0      0.0
  SINCE JUL 1      0.0                       0.0    0.0      0.0
  SNOW DEPTH       0

..................................................................


WIND (MPH)
  HIGHEST WIND SPEED    22   HIGHEST WIND DIRECTION     S (170)
  HIGHEST GUST SPEED    29   HIGHEST GUST DIRECTION     S (170)
  AVERAGE WIND SPEED    13.8



WEATHER CONDITIONS
 THE FOLLOWING WEATHER WAS RECORDED TODAY.
  HAZE


RELATIVE HUMIDITY (PERCENT)
 HIGHEST    73           600 AM
 LOWEST     55           800 AM

..........................................................


THE DODGE CITY KS CLIMATE NORMALS FOR TOMORROW
                         NORMAL    RECORD    YEAR
 MAXIMUM TEMPERATURE (F)   93       106      2006
                                             1980
 MINIMUM TEMPERATURE (F)   67        57      1902


SUNRISE AND SUNSET
JULY 18 2019..........SUNRISE   632 AM CDT   SUNSET   900 PM CDT
JULY 19 2019..........SUNRISE   633 AM CDT   SUNSET   859 PM CDT


-  INDICATES NEGATIVE NUMBERS.
R  INDICATES RECORD WAS SET OR TIED.
MM INDICATES DATA IS MISSING.
T  INDICATES TRACE AMOUNT.




$$
