000
CDUS43 KDDC 261426
CLIDGC


CLIMATE REPORT
NATIONAL WEATHER SERVICE DODGE CITY KS
925 AM CDT FRI APR 26 2019


...................................

...THE DODGE CITY KS CLIMATE SUMMARY FOR APRIL 26 2019...
VALID AS OF 0900 AM LOCAL TIME.

CLIMATE NORMAL PERIOD 1981 TO 2010
CLIMATE RECORD PERIOD 1875 TO 2019


WEATHER ITEM   OBSERVED TIME   RECORD YEAR NORMAL DEPARTURE LAST
                VALUE   (LST)  VALUE       VALUE  FROM      YEAR
                                                  NORMAL
..................................................................
TEMPERATURE (F)
 TODAY
  MAXIMUM         59    759 AM  94    1989  71    -12       68
                                      1956
  MINIMUM         40    501 AM  27    2006  44     -4       33
  AVERAGE         50                        58     -8       51

PRECIPITATION (IN)
  TODAY            0.00          1.69 1925   0.07  -0.07     0.00
  MONTH TO DATE    0.01                      1.54  -1.53     0.97
  SINCE MAR 1      1.34                      3.13  -1.79     2.03
  SINCE JAN 1      2.95                      4.39  -1.44     2.18

SNOWFALL (IN)
  TODAY            0.0           0.2  1973   0.0    0.0      0.0
  MONTH TO DATE    0.0                       1.1   -1.1      1.2
  SINCE MAR 1      5.1                       6.0   -0.9      2.2
  SINCE JUL 1     23.2                      21.1    2.1      3.6
  SNOW DEPTH       0

..................................................................


WIND (MPH)
  HIGHEST WIND SPEED    10   HIGHEST WIND DIRECTION     S (160)
  HIGHEST GUST SPEED    12   HIGHEST GUST DIRECTION    SE (150)
  AVERAGE WIND SPEED     5.2



WEATHER CONDITIONS
 THE FOLLOWING WEATHER WAS RECORDED TODAY.
  HAZE


RELATIVE HUMIDITY (PERCENT)
 HIGHEST    79           500 AM
 LOWEST     51           800 AM

..........................................................


THE DODGE CITY KS CLIMATE NORMALS FOR TOMORROW
                         NORMAL    RECORD    YEAR
 MAXIMUM TEMPERATURE (F)   71        92      1981
 MINIMUM TEMPERATURE (F)   45        28      1994


SUNRISE AND SUNSET
APRIL 26 2019.........SUNRISE   650 AM CDT   SUNSET   826 PM CDT
APRIL 27 2019.........SUNRISE   649 AM CDT   SUNSET   826 PM CDT


-  INDICATES NEGATIVE NUMBERS.
R  INDICATES RECORD WAS SET OR TIED.
MM INDICATES DATA IS MISSING.
T  INDICATES TRACE AMOUNT.




$$
