000
CDUS42 KTAE 190633
CLIDHN


CLIMATE REPORT
NATIONAL WEATHER SERVICE TALLAHASSEE FL
233 AM EDT FRI APR 19 2019


...................................

...THE DOTHAN CLIMATE SUMMARY FOR APRIL 18 2019...

CLIMATE NORMAL PERIOD 1981 TO 2010
CLIMATE RECORD PERIOD 1965 TO 2019


WEATHER ITEM   OBSERVED TIME   NORMAL DEPARTURE LAST
                VALUE   (LST)  VALUE  FROM      YEAR
                                      NORMAL
......................................................
TEMPERATURE (F)
 YESTERDAY
  MAXIMUM         85    242 PM  79      6       85
  MINIMUM         59    514 AM  54      5       53
  AVERAGE         72            66      6       69

PRECIPITATION (IN)
  YESTERDAY        0.00          0.13  -0.13     0.00
  MONTH TO DATE    2.04          2.38  -0.34     2.83
  SINCE MAR 1      4.43          8.26  -3.83     6.41
  SINCE JAN 1     11.11         17.66  -6.55    16.84

SNOWFALL (IN)
  YESTERDAY        0.0

DEGREE DAYS
 HEATING
  YESTERDAY        0             2     -2        0
  MONTH TO DATE   32            56    -24       56
  SINCE MAR 1    221           267    -46      273
  SINCE JUL 1   1425          1826   -401     1554

 COOLING
  YESTERDAY        7             3      4        4
  MONTH TO DATE   85            38     47       32
  SINCE MAR 1    121            59     62       67
  SINCE JAN 1    187            69    118      145
......................................................


WIND (MPH)
  HIGHEST WIND SPEED    21   HIGHEST WIND DIRECTION     S (160)
  HIGHEST GUST SPEED    27   HIGHEST GUST DIRECTION    SE (150)
  AVERAGE WIND SPEED    11.9








-  INDICATES NEGATIVE NUMBERS.
R  INDICATES RECORD WAS SET OR TIED.
MM INDICATES DATA IS MISSING.
T  INDICATES TRACE AMOUNT.




$$
