409
CDUS44 KAMA 232132
CLIDHT


CLIMATE REPORT
NATIONAL WEATHER SERVICE AMARILLO TX
431 PM CDT TUE APR 23 2019


...................................

...THE DALHART CLIMATE SUMMARY FOR APRIL 23 2019...
VALID TODAY AS OF 0400 PM LOCAL TIME.

CLIMATE NORMAL PERIOD 1981 TO 2010
CLIMATE RECORD PERIOD 1948 TO 2019


WEATHER ITEM   OBSERVED TIME   RECORD YEAR NORMAL DEPARTURE LAST
                VALUE   (LST)  VALUE       VALUE  FROM      YEAR
                                                  NORMAL
..................................................................
TEMPERATURE (F)
 TODAY
  MAXIMUM         54   1150 AM  92    2006  72    -18       75
  MINIMUM         47    735 AM  25    2013  40      7       35
  AVERAGE         51                        56     -5       55

PRECIPITATION (IN)
  TODAY            0.11          1.25 2003   0.04   0.07     0.00
  MONTH TO DATE    0.23                      0.77  -0.54     0.70
  SINCE MAR 1      0.93                      1.94  -1.01     0.70
  SINCE JAN 1      1.08                      2.86  -1.78     0.71

SNOWFALL (IN)
  TODAY           MM             0.0    MM   0.0   MM        0.0
  MONTH TO DATE    0.0                       1.1   -1.1      0.0
  SINCE MAR 1      T                         5.3   -5.3      0.0
  SINCE JUL 1      5.0                      18.8  -13.8      2.3
  SNOW DEPTH       0

DEGREE DAYS
 HEATING
  TODAY           14                         9      5       10
  MONTH TO DATE  231                       289    -58      347
  SINCE MAR 1    873                       900    -27      840
  SINCE JUL 1   4428                      4543   -115     4027

 COOLING
  TODAY            0                         0      0        0
  MONTH TO DATE    0                         0      0        1
  SINCE MAR 1      4                         0      4        1
  SINCE JAN 1      4                         0      4        1
..................................................................


WIND (MPH)
  RESULTANT WIND SPEED  12   RESULTANT WIND DIRECTION  NE (30)
  HIGHEST WIND SPEED    20   HIGHEST WIND DIRECTION     N (10)
  HIGHEST GUST SPEED    24   HIGHEST GUST DIRECTION    NE (30)
  AVERAGE WIND SPEED    11.9


SKY COVER
  AVERAGE SKY COVER 1.0


WEATHER CONDITIONS
 THE FOLLOWING WEATHER WAS RECORDED TODAY.
  LIGHT RAIN
  FOG


RELATIVE HUMIDITY (PERCENT)
 HIGHEST    93           700 AM
 LOWEST     63           100 PM
 AVERAGE    78

..........................................................


THE DALHART CLIMATE NORMALS FOR TOMORROW
                         NORMAL    RECORD    YEAR
 MAXIMUM TEMPERATURE (F)   72        94      2012
 MINIMUM TEMPERATURE (F)   41        17      2013


SUNRISE AND SUNSET
APRIL 23 2019.........SUNRISE   707 AM CDT   SUNSET   830 PM CDT
APRIL 24 2019.........SUNRISE   706 AM CDT   SUNSET   831 PM CDT


-  INDICATES NEGATIVE NUMBERS.
R  INDICATES RECORD WAS SET OR TIED.
MM INDICATES DATA IS MISSING.
T  INDICATES TRACE AMOUNT.




$$
