000
CDUS44 KAMA 271411
CLIDHT


CLIMATE REPORT
NATIONAL WEATHER SERVICE AMARILLO TX
910 AM CDT SUN MAY 27 2018


...................................

...THE DALHART CLIMATE SUMMARY FOR MAY 27 2018...
VALID AS OF 0900 AM LOCAL TIME.

CLIMATE NORMAL PERIOD 1981 TO 2010
CLIMATE RECORD PERIOD 1948 TO 2018


WEATHER ITEM   OBSERVED TIME   RECORD YEAR NORMAL DEPARTURE LAST
                VALUE   (LST)  VALUE       VALUE  FROM      YEAR
                                                  NORMAL
..................................................................
TEMPERATURE (F)
 TODAY
  MINIMUM         65    626 AM  39    1992  52     13       48

PRECIPITATION (IN)
  TODAY            0.00          1.59 1980   0.08  -0.08     0.00
  MONTH TO DATE    1.04                      1.90  -0.86     1.30
  SINCE MAR 1      1.77                      4.15  -2.38     7.97
  SINCE JAN 1      1.78                      5.07  -3.29     9.05

SNOWFALL (IN)
  TODAY            0.0           T    1950   0.0    0.0      0.0
  MONTH TO DATE    0.0                       0.1   -0.1      0.0
  SINCE MAR 1      0.0                       5.5   -5.5     10.0
  SINCE JUL 1      2.3                      19.0  -16.7     11.3
  SNOW DEPTH       0

..................................................................


WIND (MPH)
  RESULTANT WIND SPEED  11   RESULTANT WIND DIRECTION  SE (140)
  HIGHEST WIND SPEED    16   HIGHEST WIND DIRECTION     S (170)
  HIGHEST GUST SPEED    21   HIGHEST GUST DIRECTION    SE (140)
  AVERAGE WIND SPEED    10.8


SKY COVER
  AVERAGE SKY COVER 0.0


WEATHER CONDITIONS
 THE FOLLOWING WEATHER WAS RECORDED TODAY.
  NO SIGNIFICANT WEATHER WAS OBSERVED.


RELATIVE HUMIDITY (PERCENT)
 HIGHEST    93           600 AM
 LOWEST     73          1200 AM
 AVERAGE    83

..........................................................


THE DALHART CLIMATE NORMALS FOR TOMORROW
                         NORMAL    RECORD    YEAR
 MAXIMUM TEMPERATURE (F)   82       100      1974
 MINIMUM TEMPERATURE (F)   53        38      1992


SUNRISE AND SUNSET
MAY 27 2018...........SUNRISE   637 AM CDT   SUNSET   858 PM CDT
MAY 28 2018...........SUNRISE   636 AM CDT   SUNSET   859 PM CDT


-  INDICATES NEGATIVE NUMBERS.
R  INDICATES RECORD WAS SET OR TIED.
MM INDICATES DATA IS MISSING.
T  INDICATES TRACE AMOUNT.




$$
