000
CDUS44 KAMA 232128
CLIDHT


CLIMATE REPORT
NATIONAL WEATHER SERVICE AMARILLO TX
427 PM CDT TUE JUL 23 2019


...................................

...THE DALHART CLIMATE SUMMARY FOR JULY 23 2019...
VALID TODAY AS OF 0400 PM LOCAL TIME.

CLIMATE NORMAL PERIOD 1981 TO 2010
CLIMATE RECORD PERIOD 1948 TO 2019


WEATHER ITEM   OBSERVED TIME   RECORD YEAR NORMAL DEPARTURE LAST
                VALUE   (LST)  VALUE       VALUE  FROM      YEAR
                                                  NORMAL
..................................................................
TEMPERATURE (F)
 TODAY
  MAXIMUM         86    259 PM 103    2016  91     -5       90
                                      2001
  MINIMUM         62    625 AM  55    1961  62      0       69
  AVERAGE         74                        77     -3       80

PRECIPITATION (IN)
  TODAY            0.00          1.50 1992   0.10  -0.10     0.03
  MONTH TO DATE    0.62                      2.00  -1.38     0.43
  SINCE JUN 1      4.85                      4.30   0.55     3.55
  SINCE JAN 1      8.68                      9.71  -1.03     5.36

SNOWFALL (IN)
  TODAY            0.0           0.0    MM   0.0    0.0      0.0
  MONTH TO DATE    0.0                       0.0    0.0      0.0
  SINCE JUN 1      0.0                       0.0    0.0      0.0
  SINCE JUL 1      0.0                       0.0    0.0      0.0
  SNOW DEPTH       0

DEGREE DAYS
 HEATING
  TODAY            0                         0      0        0
  MONTH TO DATE    0                         0      0        0
  SINCE JUN 1      6                        12     -6        0
  SINCE JUL 1      0                         0      0        0

 COOLING
  TODAY            9                        12     -3       15
  MONTH TO DATE  342                       272     70      327
  SINCE JUN 1    544                       512     32      681
  SINCE JAN 1    574                       584    -10      885
..................................................................


WIND (MPH)
  RESULTANT WIND SPEED   4   RESULTANT WIND DIRECTION  SE (150)
  HIGHEST WIND SPEED    13   HIGHEST WIND DIRECTION     S (200)
  HIGHEST GUST SPEED    18   HIGHEST GUST DIRECTION     S (200)
  AVERAGE WIND SPEED     6.5


SKY COVER
  AVERAGE SKY COVER 0.5


WEATHER CONDITIONS
 THE FOLLOWING WEATHER WAS RECORDED TODAY.
  NO SIGNIFICANT WEATHER WAS OBSERVED.


RELATIVE HUMIDITY (PERCENT)
 HIGHEST    84           700 AM
 LOWEST     37           200 PM
 AVERAGE    61

..........................................................


THE DALHART CLIMATE NORMALS FOR TOMORROW
                         NORMAL    RECORD    YEAR
 MAXIMUM TEMPERATURE (F)   91       101      2005
 MINIMUM TEMPERATURE (F)   62        55      1995


SUNRISE AND SUNSET
JULY 23 2019..........SUNRISE   650 AM CDT   SUNSET   902 PM CDT
JULY 24 2019..........SUNRISE   651 AM CDT   SUNSET   902 PM CDT


-  INDICATES NEGATIVE NUMBERS.
R  INDICATES RECORD WAS SET OR TIED.
MM INDICATES DATA IS MISSING.
T  INDICATES TRACE AMOUNT.




$$
