000
CDUS43 KBIS 210719
CLIDIK


CLIMATE REPORT
NATIONAL WEATHER SERVICE BISMARCK ND
219 AM CDT SAT APR 21 2018


...................................

...THE DICKINSON ND CLIMATE SUMMARY FOR APRIL 20 2018...

CLIMATE NORMAL PERIOD 1981 TO 2010
CLIMATE RECORD PERIOD 1893 TO 2018


WEATHER ITEM   OBSERVED TIME   RECORD YEAR NORMAL DEPARTURE LAST
                VALUE   (LST)  VALUE       VALUE  FROM      YEAR
                                                  NORMAL
..................................................................
TEMPERATURE (F)
 YESTERDAY
  MAXIMUM         63        MM  92    1980  58      5       55
  MINIMUM         30        MM  11    2011  31     -1       33
  AVERAGE         47                        44      3       44

PRECIPITATION (IN)
  YESTERDAY        0.00          1.29 1971   0.05  -0.05     0.00
  MONTH TO DATE    0.46                      0.87  -0.41     0.49
  SINCE MAR 1      1.17                      1.56  -0.39     0.83
  SINCE JAN 1      1.35                      2.19  -0.84     1.14

DEGREE DAYS
 HEATING
  YESTERDAY       18                        21     -3       21
  MONTH TO DATE  734                       493    241      442
  SINCE MAR 1   1895                      1579    316     1455
  SINCE JUL 1   8413                      7873    540     7585

 COOLING
  YESTERDAY        0                         0      0        0
  MONTH TO DATE    0                         0      0        0
  SINCE MAR 1      0                         0      0        0
  SINCE JAN 1      0                         0      0        0
..................................................................


WIND (MPH)
  HIGHEST WIND SPEED    23   HIGHEST WIND DIRECTION    SE (150)
  HIGHEST GUST SPEED    38   HIGHEST GUST DIRECTION    SE (140)
  AVERAGE WIND SPEED    14.6


SKY COVER
  POSSIBLE SUNSHINE   0 PERCENT
  AVERAGE SKY COVER 0.0


WEATHER CONDITIONS
 THE FOLLOWING WEATHER WAS RECORDED YESTERDAY.
  NO SIGNIFICANT WEATHER WAS OBSERVED.


RELATIVE HUMIDITY (PERCENT)
 HIGHEST     0          1200 AM
 LOWEST      0          1200 AM
 AVERAGE     0

..........................................................


THE DICKINSON ND CLIMATE NORMALS FOR TODAY
                         NORMAL    RECORD    YEAR
 MAXIMUM TEMPERATURE (F)   58        94      1980
 MINIMUM TEMPERATURE (F)   31        15      1909
                                             1899


SUNRISE AND SUNSET
APRIL 21 2018.........SUNRISE   553 AM MDT   SUNSET   748 PM MDT
APRIL 22 2018.........SUNRISE   551 AM MDT   SUNSET   749 PM MDT


-  INDICATES NEGATIVE NUMBERS.
R  INDICATES RECORD WAS SET OR TIED.
MM INDICATES DATA IS MISSING.
T  INDICATES TRACE AMOUNT.




$$
