000
CDUS43 KBIS 200729
CLIDIK


CLIMATE REPORT
NATIONAL WEATHER SERVICE BISMARCK ND
229 AM CDT SAT APR 20 2019


...................................

...THE DICKINSON ND CLIMATE SUMMARY FOR APRIL 19 2019...

CLIMATE NORMAL PERIOD 1981 TO 2010
CLIMATE RECORD PERIOD 1893 TO 2019


WEATHER ITEM   OBSERVED TIME   RECORD YEAR NORMAL DEPARTURE LAST
                VALUE   (LST)  VALUE       VALUE  FROM      YEAR
                                                  NORMAL
..................................................................
TEMPERATURE (F)
 YESTERDAY
  MAXIMUM         78    429 PM  88    1926  57     21       59
  MINIMUM         35   1233 AM   9    2002  30      5       22
  AVERAGE         57                        44     13       41

PRECIPITATION (IN)
  YESTERDAY        0.00          1.95 1916   0.05  -0.05     0.00
  MONTH TO DATE    0.87                      0.82   0.05     0.46
  SINCE MAR 1      0.87                      1.51  -0.64     1.17
  SINCE JAN 1      0.92                      2.14  -1.22     1.35

DEGREE DAYS
 HEATING
  YESTERDAY        8                        21    -13       24
  MONTH TO DATE  439                       472    -33      716
  SINCE MAR 1   1734                      1558    176     1877
  SINCE JUL 1   8523                      7852    671     8395

 COOLING
  YESTERDAY        0                         0      0        0
  MONTH TO DATE    0                         0      0        0
  SINCE MAR 1      0                         0      0        0
  SINCE JAN 1      0                         0      0        0
..................................................................


WIND (MPH)
  HIGHEST WIND SPEED    26   HIGHEST WIND DIRECTION     W (290)
  HIGHEST GUST SPEED    41   HIGHEST GUST DIRECTION     W (280)
  AVERAGE WIND SPEED    12.8


SKY COVER
  POSSIBLE SUNSHINE  MM
  AVERAGE SKY COVER 0.4


WEATHER CONDITIONS
 THE FOLLOWING WEATHER WAS RECORDED YESTERDAY.
  NO SIGNIFICANT WEATHER WAS OBSERVED.


RELATIVE HUMIDITY (PERCENT)
 HIGHEST    70           100 AM
 LOWEST     23           400 PM
 AVERAGE    47

..........................................................


THE DICKINSON ND CLIMATE NORMALS FOR TODAY
                         NORMAL    RECORD    YEAR
 MAXIMUM TEMPERATURE (F)   58        92      1980
 MINIMUM TEMPERATURE (F)   31        11      2011


SUNRISE AND SUNSET
APRIL 20 2019.........SUNRISE   555 AM MDT   SUNSET   746 PM MDT
APRIL 21 2019.........SUNRISE   553 AM MDT   SUNSET   747 PM MDT


-  INDICATES NEGATIVE NUMBERS.
R  INDICATES RECORD WAS SET OR TIED.
MM INDICATES DATA IS MISSING.
T  INDICATES TRACE AMOUNT.




$$
