000
CDUS43 KBIS 190721
CLIDIK


CLIMATE REPORT
NATIONAL WEATHER SERVICE BISMARCK ND
220 AM CDT WED JUN 19 2019


...................................

...THE DICKINSON ND CLIMATE SUMMARY FOR JUNE 18 2019...

CLIMATE NORMAL PERIOD 1981 TO 2010
CLIMATE RECORD PERIOD 1893 TO 2019


WEATHER ITEM   OBSERVED TIME   RECORD YEAR NORMAL DEPARTURE LAST
                VALUE   (LST)  VALUE       VALUE  FROM      YEAR
                                                  NORMAL
..................................................................
TEMPERATURE (F)
 YESTERDAY
  MAXIMUM         75    343 PM 101    1933  76     -1       71
  MINIMUM         47    433 AM  30    2004  50     -3       46
  AVERAGE         61                        63     -2       59

PRECIPITATION (IN)
  YESTERDAY        0.02          3.12 1998   0.12  -0.10     0.08
  MONTH TO DATE    0.65                      1.91  -1.26     1.85
  SINCE JUN 1      0.65                      1.91  -1.26     1.85
  SINCE JAN 1      5.35                      7.02  -1.67     6.04

DEGREE DAYS
 HEATING
  YESTERDAY        4                         4      0        6
  MONTH TO DATE   73                       103    -30       46
  SINCE JUN 1     73                       103    -30       46
  SINCE JUL 1   9347                      8543    804     8814

 COOLING
  YESTERDAY        0                         2     -2        0
  MONTH TO DATE   16                        23     -7       47
  SINCE JUN 1     16                        23     -7       47
  SINCE JAN 1     20                        33    -13       88
..................................................................


WIND (MPH)
  HIGHEST WIND SPEED    21   HIGHEST WIND DIRECTION    SE (150)
  HIGHEST GUST SPEED    26   HIGHEST GUST DIRECTION    SE (150)
  AVERAGE WIND SPEED    10.1


SKY COVER
  POSSIBLE SUNSHINE  MM
  AVERAGE SKY COVER 0.5


WEATHER CONDITIONS
 THE FOLLOWING WEATHER WAS RECORDED YESTERDAY.
  THUNDERSTORM
  LIGHT RAIN


RELATIVE HUMIDITY (PERCENT)
 HIGHEST    93           400 AM
 LOWEST     53           200 PM
 AVERAGE    73

..........................................................


THE DICKINSON ND CLIMATE NORMALS FOR TODAY
                         NORMAL    RECORD    YEAR
 MAXIMUM TEMPERATURE (F)   77        97      1911
 MINIMUM TEMPERATURE (F)   50        33      1969


SUNRISE AND SUNSET
JUNE 19 2019..........SUNRISE   457 AM MDT   SUNSET   849 PM MDT
JUNE 20 2019..........SUNRISE   457 AM MDT   SUNSET   849 PM MDT


-  INDICATES NEGATIVE NUMBERS.
R  INDICATES RECORD WAS SET OR TIED.
MM INDICATES DATA IS MISSING.
T  INDICATES TRACE AMOUNT.




$$
