000
CDUS45 KTFX 162241
CLIDLN


CLIMATE REPORT
NATIONAL WEATHER SERVICE GREAT FALLS MT
441 PM MDT TUE JUL 16 2019


...................................

...THE DILLON AIRPORT MT CLIMATE SUMMARY FOR JULY 16 2019...
VALID TODAY AS OF 0400 PM LOCAL TIME.

CLIMATE NORMAL PERIOD 1981 TO 2010
CLIMATE RECORD PERIOD 1929 TO 2019


WEATHER ITEM   OBSERVED TIME   RECORD YEAR NORMAL DEPARTURE LAST
                VALUE   (LST)  VALUE       VALUE  FROM      YEAR
                                                  NORMAL
..................................................................
TEMPERATURE (F)
 TODAY
  MAXIMUM         75   1219 PM  96    2003  83     -8       86
                                      1971
  MINIMUM         48    429 AM  34    1999  50     -2       55
  AVERAGE         62                        66     -4       71

PRECIPITATION (IN)
  TODAY            0.06          0.36 1954   0.04   0.02     0.00
  MONTH TO DATE    0.26                      0.63  -0.37      T
  SINCE OCT 1      6.78                      8.07  -1.29     8.87
  SINCE JAN 1      5.79                      6.67  -0.88     7.74

DEGREE DAYS
 HEATING
  TODAY            3                         2      1        0
  MONTH TO DATE   40                        39      1       31
  SINCE JUN 1    286                       262     24      272
  SINCE JUL 1     40                        39      1       31

 COOLING
  TODAY            0                         3     -3        6
  MONTH TO DATE   25                        36    -11       53
  SINCE JUN 1     26                        52    -26       53
  SINCE JAN 1     26                        53    -27       53
..................................................................


WIND (MPH)
  HIGHEST WIND SPEED    21   HIGHEST WIND DIRECTION    NW (300)
  HIGHEST GUST SPEED    27   HIGHEST GUST DIRECTION     W (290)
  AVERAGE WIND SPEED     6.1


SKY COVER
  AVERAGE SKY COVER 0.2


WEATHER CONDITIONS
 THE FOLLOWING WEATHER WAS RECORDED TODAY.
  THUNDERSTORM
  LIGHT RAIN


RELATIVE HUMIDITY (PERCENT)
 HIGHEST   100
 LOWEST     44
 AVERAGE    72

..........................................................


THE DILLON AIRPORT MT CLIMATE NORMALS FOR TOMORROW
                         NORMAL    RECORD    YEAR
 MAXIMUM TEMPERATURE (F)   83        97      1966
 MINIMUM TEMPERATURE (F)   50        33      1973


SUNRISE AND SUNSET
JULY 16 2019..........SUNRISE   558 AM MDT   SUNSET   914 PM MDT
JULY 17 2019..........SUNRISE   559 AM MDT   SUNSET   913 PM MDT


-  INDICATES NEGATIVE NUMBERS.
R  INDICATES RECORD WAS SET OR TIED.
MM INDICATES DATA IS MISSING.
T  INDICATES TRACE AMOUNT.




$$
