000
CDUS45 KTFX 242240
CLIDLN


CLIMATE REPORT
NATIONAL WEATHER SERVICE GREAT FALLS MT
440 PM MDT WED APR 24 2019


...................................

...THE DILLON AIRPORT MT CLIMATE SUMMARY FOR APRIL 24 2019...
VALID TODAY AS OF 0400 PM LOCAL TIME.

CLIMATE NORMAL PERIOD 1981 TO 2010
CLIMATE RECORD PERIOD 1929 TO 2019


WEATHER ITEM   OBSERVED TIME   RECORD YEAR NORMAL DEPARTURE LAST
                VALUE   (LST)  VALUE       VALUE  FROM      YEAR
                                                  NORMAL
..................................................................
TEMPERATURE (F)
 TODAY
  MAXIMUM         61    259 PM  77    2012  57      4       53
                                      1946
  MINIMUM         40    554 AM  18    1960  31      9       24
  AVERAGE         51                        44      7       39

PRECIPITATION (IN)
  TODAY            0.01          1.00 1971   0.03  -0.02     0.00
  MONTH TO DATE    1.61                      0.80   0.81     1.42
  SINCE OCT 1      3.79                      3.28   0.51     4.09
  SINCE JAN 1      2.80                      1.88   0.92     2.96

DEGREE DAYS
 HEATING
  TODAY           14                        21     -7       26
  MONTH TO DATE  508                       583    -75      635
  SINCE MAR 1   1825                      1533    292     1750
  SINCE JUL 1   8176                      7450    726     7727

 COOLING
  TODAY            0                         0      0        0
  MONTH TO DATE    0                         0      0        0
  SINCE MAR 1      0                         0      0        0
  SINCE JAN 1      0                         0      0        0
..................................................................


WIND (MPH)
  HIGHEST WIND SPEED    26   HIGHEST WIND DIRECTION    NW (320)
  HIGHEST GUST SPEED    32   HIGHEST GUST DIRECTION    NW (310)
  AVERAGE WIND SPEED    13.2


SKY COVER
  AVERAGE SKY COVER 0.5


WEATHER CONDITIONS
 THE FOLLOWING WEATHER WAS RECORDED TODAY.
  NO SIGNIFICANT WEATHER WAS OBSERVED.


RELATIVE HUMIDITY (PERCENT)
 HIGHEST    92
 LOWEST     20
 AVERAGE    56

..........................................................


THE DILLON AIRPORT MT CLIMATE NORMALS FOR TOMORROW
                         NORMAL    RECORD    YEAR
 MAXIMUM TEMPERATURE (F)   58        82      1946
 MINIMUM TEMPERATURE (F)   31        16      1985


SUNRISE AND SUNSET
APRIL 24 2019.........SUNRISE   630 AM MDT   SUNSET   827 PM MDT
APRIL 25 2019.........SUNRISE   629 AM MDT   SUNSET   829 PM MDT


-  INDICATES NEGATIVE NUMBERS.
R  INDICATES RECORD WAS SET OR TIED.
MM INDICATES DATA IS MISSING.
T  INDICATES TRACE AMOUNT.




$$
