000
CDUS41 KLWX 200530
CLIDMH


CLIMATE REPORT
NATIONAL WEATHER SERVICE BALTIMORE MD/WASHINGTON DC
129 AM EDT SAT APR 20 2019


...................................

...THE BALTIMORE INNER HARBOR MD CLIMATE SUMMARY FOR APRIL 19 2019...

CLIMATE NORMAL PERIOD 1981 TO 2010
CLIMATE RECORD PERIOD 1999 TO 2019


WEATHER ITEM   OBSERVED TIME   RECORD YEAR NORMAL DEPARTURE LAST
                VALUE   (LST)  VALUE       VALUE  FROM      YEAR
                                                  NORMAL
..................................................................
TEMPERATURE (F)
 YESTERDAY
  MAXIMUM         72   1106 AM  MM      MM  67      5       61
  MINIMUM         65    601 AM  MM      MM  49     16       43
  AVERAGE         69                        58     11       52

PRECIPITATION (IN)
  YESTERDAY        0.43         MM      MM   0.10   0.33     0.00
  MONTH TO DATE    1.32                      2.11  -0.79     2.35
  SINCE MAR 1      6.60                      5.97   0.63     5.04
  SINCE JAN 1     13.40                     11.49   1.91    10.78

DEGREE DAYS
 HEATING
  YESTERDAY        0                         8     -8       13
  MONTH TO DATE  128                       206    -78      241
  SINCE MAR 1    745                       785    -40      910
  SINCE JUL 1   3649                      3873   -224     3702

 COOLING
  YESTERDAY        4                         1      3        0
  MONTH TO DATE   21                        12      9       24
  SINCE MAR 1     23                        13     10       24
  SINCE JAN 1     23                        13     10       26
..................................................................


WIND (MPH)
  HIGHEST WIND SPEED    MM   HIGHEST WIND DIRECTION    MM
  HIGHEST GUST SPEED    MM   HIGHEST GUST DIRECTION    MM
  AVERAGE WIND SPEED    MM


SKY COVER
  POSSIBLE SUNSHINE  MM



RELATIVE HUMIDITY (PERCENT)
 HIGHEST    87           300 PM
 LOWEST     68          1200 AM
 AVERAGE    78

..........................................................


THE BALTIMORE INNER HARBOR MD CLIMATE NORMALS FOR TODAY
                         NORMAL
 MAXIMUM TEMPERATURE (F)   67
 MINIMUM TEMPERATURE (F)   49


SUNRISE AND SUNSET
APRIL 20 2019.........SUNRISE   623 AM EDT   SUNSET   749 PM EDT
APRIL 21 2019.........SUNRISE   621 AM EDT   SUNSET   750 PM EDT


-  INDICATES NEGATIVE NUMBERS.
R  INDICATES RECORD WAS SET OR TIED.
MM INDICATES DATA IS MISSING.
T  INDICATES TRACE AMOUNT.




$$
