000
CDUS45 KEPZ 230934
CLIDMN


CLIMATE REPORT
NATIONAL WEATHER SERVICE EL PASO, TX
334 AM MDT TUE APR 23 2019


...................................

...THE DEMING CLIMATE SUMMARY FOR APRIL 22 2019...

CLIMATE NORMAL PERIOD 1981 TO 2010
CLIMATE RECORD PERIOD 2000 TO 2019


WEATHER ITEM   OBSERVED TIME   NORMAL DEPARTURE LAST
                VALUE   (LST)  VALUE  FROM      YEAR
                                      NORMAL
......................................................
TEMPERATURE (F)
 YESTERDAY
  MAXIMUM         79   1251 PM  80              80
  MINIMUM         54    610 AM  44              46
  AVERAGE         67            62      5       63

PRECIPITATION (IN)
  YESTERDAY        T             0.01  -0.01     0.00
  MONTH TO DATE    0.32          0.28   0.04     0.00
  SINCE MAR 1      0.69          0.70  -0.01      T
  SINCE JAN 1      0.99          1.90  -0.91     1.55

......................................................


WIND (MPH)
  HIGHEST WIND SPEED    40   HIGHEST WIND DIRECTION     W (280)
  HIGHEST GUST SPEED    52   HIGHEST GUST DIRECTION     W (270)
  AVERAGE WIND SPEED     9.0


SKY COVER
  AVERAGE SKY COVER 0.1


WEATHER CONDITIONS
 THE FOLLOWING WEATHER WAS RECORDED YESTERDAY.
  THUNDERSTORM
  LIGHT RAIN
  HAZE


RELATIVE HUMIDITY (PERCENT)
 HIGHEST    51           900 PM
 LOWEST     14           100 PM
 AVERAGE    33

..........................................................


THE DEMING CLIMATE NORMALS FOR TODAY
                         NORMAL
 MAXIMUM TEMPERATURE (F)   81
 MINIMUM TEMPERATURE (F)   44


SUNRISE AND SUNSET
APRIL 23 2019.........SUNRISE   633 AM MDT   SUNSET   746 PM MDT
APRIL 24 2019.........SUNRISE   632 AM MDT   SUNSET   747 PM MDT


-  INDICATES NEGATIVE NUMBERS.
R  INDICATES RECORD WAS SET OR TIED.
MM INDICATES DATA IS MISSING.
T  INDICATES TRACE AMOUNT.




$$
