694
CDUS43 KEAX 190634
CLIDMO


CLIMATE REPORT
NATIONAL WEATHER SERVICE KANSAS CITY/PLEASANT HILL MO
134 AM CDT FRI APR 19 2019


...................................

...THE SEDALIA MO CLIMATE SUMMARY FOR APRIL 18 2019...

CLIMATE NORMAL PERIOD 1981 TO 2010
CLIMATE RECORD PERIOD 9999 TO 9999


WEATHER ITEM   OBSERVED TIME   NORMAL DEPARTURE LAST
                VALUE   (LST)  VALUE  FROM      YEAR
                                      NORMAL
......................................................
TEMPERATURE (F)
 YESTERDAY
  MAXIMUM         56    337 PM  68    -12       59
  MINIMUM         47   1159 PM  47      0       37
  AVERAGE         52            58     -6       48

PRECIPITATION (IN)
  YESTERDAY        0.10          0.15  -0.05     0.00
  MONTH TO DATE    0.87          2.17  -1.30     0.17
  SINCE MAR 1      4.25          4.78  -0.53     2.81
  SINCE JAN 1      8.44          8.38   0.06     6.76

DEGREE DAYS
 HEATING
  YESTERDAY       13             9      4       17
  MONTH TO DATE  180           199    -19      378
  SINCE MAR 1    903           784    119      993
  SINCE JUL 1   5077          4401    676     4523

 COOLING
  YESTERDAY        0             1     -1        0
  MONTH TO DATE    6            17    -11       15
  SINCE MAR 1      6            20    -14       15
  SINCE JAN 1      6            20    -14       15
......................................................


WIND (MPH)
  HIGHEST WIND SPEED    23   HIGHEST WIND DIRECTION     N (340)
  HIGHEST GUST SPEED    30   HIGHEST GUST DIRECTION     N (340)
  AVERAGE WIND SPEED    15.2


SKY COVER
  AVERAGE SKY COVER 0.7


WEATHER CONDITIONS
 THE FOLLOWING WEATHER WAS RECORDED YESTERDAY.
  LIGHT RAIN
  FOG


RELATIVE HUMIDITY (PERCENT)
 HIGHEST   100           400 AM
 LOWEST     66           400 PM
 AVERAGE    83

..........................................................


THE SEDALIA MO CLIMATE NORMALS FOR TODAY
                         NORMAL
 MAXIMUM TEMPERATURE (F)   68
 MINIMUM TEMPERATURE (F)   47


SUNRISE AND SUNSET
APRIL 19 2019.........SUNRISE   631 AM CDT   SUNSET   753 PM CDT
APRIL 20 2019.........SUNRISE   629 AM CDT   SUNSET   754 PM CDT


-  INDICATES NEGATIVE NUMBERS.
R  INDICATES RECORD WAS SET OR TIED.
MM INDICATES DATA IS MISSING.
T  INDICATES TRACE AMOUNT.




$$
