000
CDUS43 KEAX 200634
CLIDMO


CLIMATE REPORT
NATIONAL WEATHER SERVICE KANSAS CITY/PLEASANT HILL MO
133 AM CDT THU JUN 20 2019


...................................

...THE SEDALIA MO CLIMATE SUMMARY FOR JUNE 19 2019...

CLIMATE NORMAL PERIOD 1981 TO 2010
CLIMATE RECORD PERIOD 9999 TO 9999


WEATHER ITEM   OBSERVED TIME   NORMAL DEPARTURE LAST
                VALUE   (LST)  VALUE  FROM      YEAR
                                      NORMAL
......................................................
TEMPERATURE (F)
 YESTERDAY
  MAXIMUM         79    249 PM  86     -7       92
  MINIMUM         62   1159 PM  66     -4       73
  AVERAGE         71            76     -5       83

PRECIPITATION (IN)
  YESTERDAY        0.01          0.15  -0.14     0.04
  MONTH TO DATE    2.56          3.51  -0.95     1.05
  SINCE JUN 1      2.56          3.51  -0.95     1.05
  SINCE JAN 1     19.34         18.66   0.68    12.28

DEGREE DAYS
 HEATING
  YESTERDAY        0             0      0        0
  MONTH TO DATE    6             4      2        0
  SINCE JUN 1      6             4      2        0
  SINCE JUL 1   5339          4569    770     4619

 COOLING
  YESTERDAY        6            11     -5       18
  MONTH TO DATE   96           169    -73      288
  SINCE JUN 1     96           169    -73      288
  SINCE JAN 1    155           308   -153      616
......................................................


WIND (MPH)
  HIGHEST WIND SPEED    16   HIGHEST WIND DIRECTION    NW (300)
  HIGHEST GUST SPEED    23   HIGHEST GUST DIRECTION     W (280)
  AVERAGE WIND SPEED     8.1


SKY COVER
  AVERAGE SKY COVER 0.6


WEATHER CONDITIONS
 THE FOLLOWING WEATHER WAS RECORDED YESTERDAY.
  LIGHT RAIN


RELATIVE HUMIDITY (PERCENT)
 HIGHEST   100           200 AM
 LOWEST     64           300 PM
 AVERAGE    82

..........................................................


THE SEDALIA MO CLIMATE NORMALS FOR TODAY
                         NORMAL
 MAXIMUM TEMPERATURE (F)   86
 MINIMUM TEMPERATURE (F)   67


SUNRISE AND SUNSET
JUNE 20 2019..........SUNRISE   548 AM CDT   SUNSET   840 PM CDT
JUNE 21 2019..........SUNRISE   548 AM CDT   SUNSET   840 PM CDT


-  INDICATES NEGATIVE NUMBERS.
R  INDICATES RECORD WAS SET OR TIED.
MM INDICATES DATA IS MISSING.
T  INDICATES TRACE AMOUNT.




$$
