000
CDUS42 KCAE 250624
CLIDNL


CLIMATE REPORT
NATIONAL WEATHER SERVICE COLUMBIA SC
224 AM EDT WED APR 25 2018


...................................

...THE AUGUSTA DANIEL FIELD GA CLIMATE SUMMARY FOR APRIL 24 2018...

CLIMATE NORMAL PERIOD 1981 TO 2010
CLIMATE RECORD PERIOD 9999 TO 9999


WEATHER ITEM   OBSERVED TIME   NORMAL DEPARTURE LAST
                VALUE   (LST)  VALUE  FROM      YEAR
                                      NORMAL
......................................................
TEMPERATURE (F)
 YESTERDAY
  MAXIMUM         77    308 PM  78     -1       64
  MINIMUM         63    821 AM  55      8       57
  AVERAGE         70            66      4       61

PRECIPITATION (IN)
  YESTERDAY        0.06          0.07  -0.01    MM
  MONTH TO DATE    2.78          2.61   0.17     2.16
  SINCE MAR 1      5.78          6.92  -1.14     4.25
  SINCE JAN 1     10.23         15.16  -4.93    16.61

DEGREE DAYS
 HEATING
  YESTERDAY        0             2     -2        4
  MONTH TO DATE   82            87     -5       27
  SINCE MAR 1    346           337      9      232
  SINCE JUL 1   1769          2150   -381     1239

 COOLING
  YESTERDAY        5             3      2        0
  MONTH TO DATE   44            51     -7      146
  SINCE MAR 1     66            73     -7      217
  SINCE JAN 1    135            77     58      251
......................................................


WIND (MPH)
  HIGHEST WIND SPEED    17   HIGHEST WIND DIRECTION     S (200)
  HIGHEST GUST SPEED    25   HIGHEST GUST DIRECTION    SW (210)
  AVERAGE WIND SPEED     5.7


SKY COVER
  AVERAGE SKY COVER 0.8


WEATHER CONDITIONS
 THE FOLLOWING WEATHER WAS RECORDED YESTERDAY.
  THUNDERSTORM
  HEAVY RAIN
  RAIN
  LIGHT RAIN
  FOG
  FOG W/VISIBILITY <= 1/4 MILE


RELATIVE HUMIDITY (PERCENT)
 HIGHEST   100          1200 AM
 LOWEST     43           300 PM

..........................................................


THE AUGUSTA DANIEL FIELD GA CLIMATE NORMALS FOR TODAY
                         NORMAL    RECORD    YEAR
 MAXIMUM TEMPERATURE (F)   78        MM        MM
 MINIMUM TEMPERATURE (F)   55        MM        MM


SUNRISE AND SUNSET
APRIL 25 2018.........SUNRISE   646 AM EDT   SUNSET   806 PM EDT
APRIL 26 2018.........SUNRISE   645 AM EDT   SUNSET   807 PM EDT


-  INDICATES NEGATIVE NUMBERS.
R  INDICATES RECORD WAS SET OR TIED.
MM INDICATES DATA IS MISSING.
T  INDICATES TRACE AMOUNT.




$$
