000
CDUS42 KCAE 210530
CLIDNL


CLIMATE REPORT
NATIONAL WEATHER SERVICE COLUMBIA SC
130 AM EDT SUN APR 21 2019


...................................

...THE AUGUSTA DANIEL FIELD GA CLIMATE SUMMARY FOR APRIL 20 2019...

CLIMATE NORMAL PERIOD 1981 TO 2010
CLIMATE RECORD PERIOD 9999 TO 9999


WEATHER ITEM   OBSERVED TIME   NORMAL DEPARTURE LAST
                VALUE   (LST)  VALUE  FROM      YEAR
                                      NORMAL
......................................................
TEMPERATURE (F)
 YESTERDAY
  MAXIMUM         56    339 PM  76    -20       72
  MINIMUM         48    601 AM  54     -6       47
  AVERAGE         52            65    -13       60

PRECIPITATION (IN)
  YESTERDAY        0.05          0.09  -0.04     0.00
  MONTH TO DATE    5.28          2.31   2.97     1.21
  SINCE MAR 1      7.08          6.62   0.46     4.21
  SINCE JAN 1     11.92         14.86  -2.94     8.66

DEGREE DAYS
 HEATING
  YESTERDAY       13             3     10        5
  MONTH TO DATE   51            79    -28       80
  SINCE MAR 1    249           329    -80      344
  SINCE JUL 1   1689          2142   -453     1767

 COOLING
  YESTERDAY        0             3     -3        0
  MONTH TO DATE   91            39     52       38
  SINCE MAR 1    115            61     54       60
  SINCE JAN 1    133            65     68      129
......................................................


WIND (MPH)
  HIGHEST WIND SPEED    22   HIGHEST WIND DIRECTION    SW (210)
  HIGHEST GUST SPEED    29   HIGHEST GUST DIRECTION    SW (220)
  AVERAGE WIND SPEED     9.1


SKY COVER
  AVERAGE SKY COVER 0.8


WEATHER CONDITIONS
 THE FOLLOWING WEATHER WAS RECORDED YESTERDAY.
  LIGHT RAIN


RELATIVE HUMIDITY (PERCENT)
 HIGHEST    80           600 AM
 LOWEST     54          1000 AM

..........................................................


THE AUGUSTA DANIEL FIELD GA CLIMATE NORMALS FOR TODAY
                         NORMAL    RECORD    YEAR
 MAXIMUM TEMPERATURE (F)   77        MM        MM
 MINIMUM TEMPERATURE (F)   54        MM        MM


SUNRISE AND SUNSET
APRIL 21 2019.........SUNRISE   651 AM EDT   SUNSET   803 PM EDT
APRIL 22 2019.........SUNRISE   650 AM EDT   SUNSET   804 PM EDT


-  INDICATES NEGATIVE NUMBERS.
R  INDICATES RECORD WAS SET OR TIED.
MM INDICATES DATA IS MISSING.
T  INDICATES TRACE AMOUNT.




$$
