000
CDUS42 KCAE 152131
CLIDNL


CLIMATE REPORT
NATIONAL WEATHER SERVICE COLUMBIA SC
529 PM EDT SAT JUN 15 2019


...................................

...THE AUGUSTA DANIEL FIELD GA CLIMATE SUMMARY FOR JUNE 15 2019...
VALID TODAY AS OF 0500 PM LOCAL TIME.

CLIMATE NORMAL PERIOD 1981 TO 2010
CLIMATE RECORD PERIOD 9999 TO 9999


WEATHER ITEM   OBSERVED TIME   NORMAL DEPARTURE LAST
                VALUE   (LST)  VALUE  FROM      YEAR
                                      NORMAL
......................................................
TEMPERATURE (F)
 TODAY
  MAXIMUM         86    355 PM  89     -3       95
  MINIMUM         63    554 AM  70     -7       69
  AVERAGE         75            80     -5

PRECIPITATION (IN)
  TODAY            0.00          0.15  -0.15     0.94
  MONTH TO DATE    4.18          2.22   1.96     1.22
  SINCE JUN 1      4.18          2.22   1.96     1.22
  SINCE JAN 1     18.56         20.90  -2.34    19.15

DEGREE DAYS
 HEATING
  TODAY            0             0      0        0
  MONTH TO DATE    0             0      0        0
  SINCE JUN 1      0             0      0        0
  SINCE JUL 1   1695          2170   -475     1771

 COOLING
  TODAY           10            15     -5       17
  MONTH TO DATE  204           201      3      251
  SINCE JUN 1    204           201      3      251
  SINCE JAN 1    878           558    320      770
......................................................


WIND (MPH)
  HIGHEST WIND SPEED    13   HIGHEST WIND DIRECTION    SE (130)
  HIGHEST GUST SPEED    15   HIGHEST GUST DIRECTION    SE (140)
  AVERAGE WIND SPEED     5.2


SKY COVER
  AVERAGE SKY COVER 0.0


WEATHER CONDITIONS
 THE FOLLOWING WEATHER WAS RECORDED TODAY.
  HAZE


RELATIVE HUMIDITY (PERCENT)
 HIGHEST    84           600 AM
 LOWEST     34           200 PM

..........................................................


THE AUGUSTA DANIEL FIELD GA CLIMATE NORMALS FOR TOMORROW
                         NORMAL
 MAXIMUM TEMPERATURE (F)   90
 MINIMUM TEMPERATURE (F)   70


SUNRISE AND SUNSET
JUNE 15 2019..........SUNRISE   618 AM EDT   SUNSET   839 PM EDT
JUNE 16 2019..........SUNRISE   618 AM EDT   SUNSET   840 PM EDT


-  INDICATES NEGATIVE NUMBERS.
R  INDICATES RECORD WAS SET OR TIED.
MM INDICATES DATA IS MISSING.
T  INDICATES TRACE AMOUNT.




$$
