000
CDUS43 KLOT 190637
CLIDPA


CLIMATE REPORT
NATIONAL WEATHER SERVICE CHICAGO IL
137 AM CDT FRI APR 19 2019


...................................

...THE DU PAGE  AIRPORT CLIMATE SUMMARY FOR APRIL 18 2019...

CLIMATE NORMAL PERIOD 1981 TO 2010
CLIMATE RECORD PERIOD 1997 TO 2019


WEATHER ITEM   OBSERVED TIME   RECORD YEAR NORMAL DEPARTURE LAST
                VALUE   (LST)  VALUE       VALUE  FROM      YEAR
                                                  NORMAL
..................................................................
TEMPERATURE (F)
 YESTERDAY
  MAXIMUM         65   1250 AM  88    2002  62      3       36
  MINIMUM         45   1159 PM  26    2018  38      7       26
  AVERAGE         55                        50      5       31

PRECIPITATION (IN)
  YESTERDAY        0.07          2.34        0.12  -0.05     0.06
  MONTH TO DATE    1.31                      1.80  -0.49     1.42
  SINCE MAR 1      3.19                      4.16  -0.97     3.12
  SINCE JAN 1      6.40                      6.89  -0.49     5.32

DEGREE DAYS
 HEATING
  YESTERDAY       10                        15     -5       34
  MONTH TO DATE  296                       322    -26      540
  SINCE MAR 1   1231                      1158     73     1426
  SINCE JUL 1   6307                      5913    394     6298

 COOLING
  YESTERDAY        0                         0      0        0
  MONTH TO DATE    0                         0      0        0
  SINCE MAR 1      0                         0      0        0
  SINCE JAN 1      0                         0      0        0
..................................................................


WIND (MPH)
  RESULTANT WIND SPEED   8   RESULTANT WIND DIRECTION  NW (310)
  HIGHEST WIND SPEED    20   HIGHEST WIND DIRECTION     N (340)
  HIGHEST GUST SPEED    27   HIGHEST GUST DIRECTION    NW (330)
  AVERAGE WIND SPEED    12.2



WEATHER CONDITIONS
 THE FOLLOWING WEATHER WAS RECORDED YESTERDAY.
  LIGHT RAIN
  FOG
  HAZE


..........................................................


THE DU PAGE  AIRPORT CLIMATE NORMALS FOR TODAY
                         NORMAL    RECORD    YEAR
 MAXIMUM TEMPERATURE (F)   62        79      2005
 MINIMUM TEMPERATURE (F)   39        30      2014
                                             2010
                                             1999


SUNRISE AND SUNSET
APRIL 19 2019.........SUNRISE   607 AM CDT   SUNSET   738 PM CDT
APRIL 20 2019.........SUNRISE   605 AM CDT   SUNSET   739 PM CDT


-  INDICATES NEGATIVE NUMBERS.
R  INDICATES RECORD WAS SET OR TIED.
MM INDICATES DATA IS MISSING.
T  INDICATES TRACE AMOUNT.




$$
