000
CDUS45 KVEF 230826
CLIDRA


CLIMATE REPORT
NATIONAL WEATHER SERVICE LAS VEGAS, NV
126 AM PDT TUE APR 23 2019


...................................

...THE DESERT ROCK-MERCURY NV CLIMATE SUMMARY FOR APRIL 22 2019...

CLIMATE NORMAL PERIOD 1981 TO 2010
CLIMATE RECORD PERIOD 1978 TO 2019


WEATHER ITEM   OBSERVED TIME   RECORD YEAR NORMAL DEPARTURE LAST
                VALUE   (LST)  VALUE       VALUE  FROM      YEAR
                                                  NORMAL
..................................................................
TEMPERATURE (F)
 YESTERDAY
  MAXIMUM         75    459 PM  95    2012  75      0       86
  MINIMUM         53    535 AM  37    2008  48      5       49
                                      2001
  AVERAGE         64                        62      2       68

PRECIPITATION (IN)
  YESTERDAY        0.00          0.22 2010   0.01  -0.01     0.00
  MONTH TO DATE    0.05                      0.26  -0.21     0.06
  SINCE OCT 1      4.27                      3.90   0.37     1.64
  SINCE JAN 1      3.51                      2.54   0.97     1.64

SNOWFALL (IN)
  YESTERDAY        0.0          MM      MM   0.0             0.0
  MONTH TO DATE    0.0                       0.0             0.0
  SINCE MAR 1      0.0                       0.2             0.0
  SINCE JUL 1      T                         3.3             0.0

DEGREE DAYS
 HEATING
  YESTERDAY        1

 COOLING
  YESTERDAY        0
..................................................................


WIND (MPH)
  HIGHEST WIND SPEED    24   HIGHEST WIND DIRECTION     N (20)
  HIGHEST GUST SPEED    34   HIGHEST GUST DIRECTION    NE (40)
  AVERAGE WIND SPEED    14.7


SKY COVER
  POSSIBLE SUNSHINE  MM
  AVERAGE SKY COVER 0.3


WEATHER CONDITIONS
 THE FOLLOWING WEATHER WAS RECORDED YESTERDAY.
  NO SIGNIFICANT WEATHER WAS OBSERVED.


RELATIVE HUMIDITY (PERCENT)
 HIGHEST    54
 LOWEST     22
 AVERAGE    38

..........................................................


THE DESERT ROCK-MERCURY NV CLIMATE NORMALS FOR TODAY
                         NORMAL    RECORD    YEAR
 MAXIMUM TEMPERATURE (F)   76        95      2012
 MINIMUM TEMPERATURE (F)   48        34      2010


SUNRISE AND SUNSET
APRIL 23 2019.........SUNRISE   600 AM PDT   SUNSET   725 PM PDT
APRIL 24 2019.........SUNRISE   559 AM PDT   SUNSET   726 PM PDT


-  INDICATES NEGATIVE NUMBERS.
R  INDICATES RECORD WAS SET OR TIED.
MM INDICATES DATA IS MISSING.
T  INDICATES TRACE AMOUNT.




$$
