000
CDUS45 KVEF 160827
CLIDRA


CLIMATE REPORT
NATIONAL WEATHER SERVICE LAS VEGAS, NV
126 AM PDT TUE JUL 16 2019


...................................

...THE DESERT ROCK-MERCURY NV CLIMATE SUMMARY FOR JULY 15 2019...

CLIMATE NORMAL PERIOD 1981 TO 2010
CLIMATE RECORD PERIOD 1978 TO 2019


WEATHER ITEM   OBSERVED TIME   RECORD YEAR NORMAL DEPARTURE LAST
                VALUE   (LST)  VALUE       VALUE  FROM      YEAR
                                                  NORMAL
..................................................................
TEMPERATURE (F)
 YESTERDAY
  MAXIMUM        104    233 PM 110    2005 100      4       MM
  MINIMUM         73    541 AM  63    2011  71      2       MM
  AVERAGE         89                        85      4       MM

PRECIPITATION (IN)
  YESTERDAY        0.00          0.13 1986   0.01  -0.01    MM
  MONTH TO DATE    0.00                      0.17  -0.17     0.02
  SINCE OCT 1      5.98                      4.38   1.60     1.94
  SINCE JAN 1      5.22                      3.02   2.20     1.94

SNOWFALL (IN)
  YESTERDAY        0.0          MM      MM   0.0            MM
  MONTH TO DATE    0.0                       0.0             0.0
  SINCE JUN 1      0.0                       0.0             0.0
  SINCE JUL 1      0.0                       0.0             0.0

DEGREE DAYS
 HEATING
  YESTERDAY        0

 COOLING
  YESTERDAY       24
..................................................................


WIND (MPH)
  HIGHEST WIND SPEED    24   HIGHEST WIND DIRECTION    SW (230)
  HIGHEST GUST SPEED    33   HIGHEST GUST DIRECTION    SW (230)
  AVERAGE WIND SPEED     9.1


SKY COVER
  POSSIBLE SUNSHINE  MM
  AVERAGE SKY COVER 0.0


WEATHER CONDITIONS
 THE FOLLOWING WEATHER WAS RECORDED YESTERDAY.
  NO SIGNIFICANT WEATHER WAS OBSERVED.


RELATIVE HUMIDITY (PERCENT)
 HIGHEST    18
 LOWEST      4
 AVERAGE    11

..........................................................


THE DESERT ROCK-MERCURY NV CLIMATE NORMALS FOR TODAY
                         NORMAL    RECORD    YEAR
 MAXIMUM TEMPERATURE (F)  100       111      1998
 MINIMUM TEMPERATURE (F)   71        59      1993


SUNRISE AND SUNSET
JULY 16 2019..........SUNRISE   538 AM PDT   SUNSET   802 PM PDT
JULY 17 2019..........SUNRISE   539 AM PDT   SUNSET   802 PM PDT


-  INDICATES NEGATIVE NUMBERS.
R  INDICATES RECORD WAS SET OR TIED.
MM INDICATES DATA IS MISSING.
T  INDICATES TRACE AMOUNT.




$$
