000
CDUS44 KEWX 190715
CLIDRT


CLIMATE REPORT
NATIONAL WEATHER SERVICE AUSTIN/SAN ANTONIO, TX
213 AM CDT FRI APR 19 2019


...................................

...THE DEL RIO CLIMATE SUMMARY FOR APRIL 18 2019...

CLIMATE NORMAL PERIOD 1981 TO 2010
CLIMATE RECORD PERIOD 1906 TO 2019


WEATHER ITEM   OBSERVED TIME   RECORD YEAR NORMAL DEPARTURE LAST
                VALUE   (LST)  VALUE       VALUE  FROM      YEAR
                                                  NORMAL
..................................................................
TEMPERATURE (F)
 YESTERDAY
  MAXIMUM         85    350 PM 104    2006  84      1       93
  MINIMUM         60   1012 PM  42    1921  60      0       64
  AVERAGE         73                        72      1       79

PRECIPITATION (IN)
  YESTERDAY        0.00          2.04 2016   0.06  -0.06     0.00
  MONTH TO DATE    0.37                      0.88  -0.51     0.01
  SINCE MAR 1      0.78                      2.02  -1.24     0.14
  SINCE JAN 1      1.03                      3.62  -2.59     0.33

SNOWFALL (IN)
  YESTERDAY        0.0
  MONTH TO DATE    0.0
  SINCE MAR 1      0.0
  SINCE JUL 1      0.0

DEGREE DAYS
 HEATING
  YESTERDAY        0                         1     -1        0
  MONTH TO DATE   20                        22     -2        7
  SINCE MAR 1    174                       136     38       39
  SINCE JUL 1   1427                      1372     55     1270

 COOLING
  YESTERDAY        8                         8      0       14
  MONTH TO DATE  133                       113     20      125
  SINCE MAR 1    211                       200     11      269
  SINCE JAN 1    230                       219     11      311
..................................................................


WIND (MPH)
  HIGHEST WIND SPEED    30   HIGHEST WIND DIRECTION    NW (310)
  HIGHEST GUST SPEED    44   HIGHEST GUST DIRECTION    NW (300)
  AVERAGE WIND SPEED    12.3


SKY COVER
  AVERAGE SKY COVER 0.0


WEATHER CONDITIONS
 THE FOLLOWING WEATHER WAS RECORDED YESTERDAY.
  NO SIGNIFICANT WEATHER WAS OBSERVED.


RELATIVE HUMIDITY (PERCENT)
 HIGHEST    90          1200 AM
 LOWEST     18           500 PM
 AVERAGE    54

..........................................................


THE DEL RIO CLIMATE NORMALS FOR TODAY
                         NORMAL    RECORD    YEAR
 MAXIMUM TEMPERATURE (F)   84       102      1995
 MINIMUM TEMPERATURE (F)   61        46      2013
                                             1953
                                             1940


SUNRISE AND SUNSET
APRIL 19 2019.........SUNRISE   713 AM CDT   SUNSET   813 PM CDT
APRIL 20 2019.........SUNRISE   712 AM CDT   SUNSET   813 PM CDT


-  INDICATES NEGATIVE NUMBERS.
R  INDICATES RECORD WAS SET OR TIED.
MM INDICATES DATA IS MISSING.
T  INDICATES TRACE AMOUNT.




$$
