000
CDUS44 KEWX 192228
CLIDRT


CLIMATE REPORT
NATIONAL WEATHER SERVICE AUSTIN/SAN ANTONIO, TX
528 PM CDT WED JUN 19 2019


...................................

...THE DEL RIO CLIMATE SUMMARY FOR JUNE 19 2019...
VALID TODAY AS OF 0500 PM LOCAL TIME.

CLIMATE NORMAL PERIOD 1981 TO 2010
CLIMATE RECORD PERIOD 1906 TO 2019


WEATHER ITEM   OBSERVED TIME   RECORD YEAR NORMAL DEPARTURE LAST
                VALUE   (LST)  VALUE       VALUE  FROM      YEAR
                                                  NORMAL
..................................................................
TEMPERATURE (F)
 TODAY
  MAXIMUM        100    353 PM 106    2011  95      5       99
                                      1996
  MINIMUM         76    414 AM  57    1912  74      2       75
  AVERAGE         88                        85      3       87

PRECIPITATION (IN)
  TODAY            0.00          2.68 2009   0.08  -0.08     0.00
  MONTH TO DATE    6.65                      1.59   5.06     0.35
  SINCE JUN 1      6.65                      1.59   5.06     0.35
  SINCE JAN 1     12.06                      8.79   3.27     1.91

SNOWFALL (IN)
  TODAY            0.0
  MONTH TO DATE    0.0
  SINCE JUN 1      0.0
  SINCE JUL 1      0.0
  SNOW DEPTH       0

DEGREE DAYS
 HEATING
  TODAY            0                         0      0        0
  MONTH TO DATE    0                         0      0        0
  SINCE JUN 1      0                         0      0        0
  SINCE JUL 1   1431                      1376     55     1270

 COOLING
  TODAY           23                        20      3       22
  MONTH TO DATE  335                       351    -16      470
  SINCE JUN 1    335                       351    -16      470
  SINCE JAN 1   1120                      1110     10     1436
..................................................................


WIND (MPH)
  HIGHEST WIND SPEED    13   HIGHEST WIND DIRECTION    SE (140)
  HIGHEST GUST SPEED    16   HIGHEST GUST DIRECTION    SE (140)
  AVERAGE WIND SPEED     7.0



WEATHER CONDITIONS
 THE FOLLOWING WEATHER WAS RECORDED TODAY.
  NO SIGNIFICANT WEATHER WAS OBSERVED.


RELATIVE HUMIDITY (PERCENT)
 HIGHEST    82           400 AM
 LOWEST     40           400 PM
 AVERAGE    61

..........................................................


THE DEL RIO CLIMATE NORMALS FOR TOMORROW
                         NORMAL    RECORD    YEAR
 MAXIMUM TEMPERATURE (F)   95       106      1998
                                             1996
 MINIMUM TEMPERATURE (F)   74        60      1912


SUNRISE AND SUNSET
JUNE 19 2019..........SUNRISE   644 AM CDT   SUNSET   846 PM CDT
JUNE 20 2019..........SUNRISE   644 AM CDT   SUNSET   846 PM CDT


-  INDICATES NEGATIVE NUMBERS.
R  INDICATES RECORD WAS SET OR TIED.
MM INDICATES DATA IS MISSING.
T  INDICATES TRACE AMOUNT.




$$
