000
CDUS43 KDMX 160633 RRB
CLIDSM

CLIMATE REPORT
NATIONAL WEATHER SERVICE DES MOINES IA
133 AM CDT SUN JUN 16 2019

...................................

...THE DES MOINES IA CLIMATE SUMMARY FOR JUNE 15 2019...

CLIMATE NORMAL PERIOD 1981 TO 2010
CLIMATE RECORD PERIOD 1878 TO 2019


WEATHER ITEM   OBSERVED TIME   RECORD YEAR NORMAL DEPARTURE LAST
                VALUE   (LST)  VALUE       VALUE  FROM      YEAR
                                                  NORMAL
..................................................................
TEMPERATURE (F)
 YESTERDAY
  MAXIMUM         88    313 PM  96    2016  82      6       93
                                      1913
  MINIMUM         65   1159 PM  47    1917  62      3       72
  AVERAGE         77                        72      5       83

PRECIPITATION (IN)
  YESTERDAY        0.79          2.03 1954   0.16   0.63     0.00
  MONTH TO DATE    1.00                      2.46  -1.46     3.18
  SINCE JUN 1      1.00                      2.46  -1.46     3.18
  SINCE JAN 1     19.05                     15.64   3.41    15.54

SNOWFALL (IN)
  YESTERDAY        0.0          MM      MM   0.0    0.0      0.0
  MONTH TO DATE    0.0                       0.0    0.0      0.0
  SINCE JUN 1      0.0                       0.0    0.0      0.0
  SINCE JUL 1     48.8                      35.3   13.5     31.1
  SNOW DEPTH       0

DEGREE DAYS
 HEATING
  YESTERDAY        0                         0      0        0
  MONTH TO DATE    3                        14    -11        0
  SINCE JUN 1      3                        14    -11        0
  SINCE JUL 1   6739                      6199    540     6103

 COOLING
  YESTERDAY       12                         7      5       18
  MONTH TO DATE   90                        83      7      165
  SINCE JUN 1     90                        83      7      165
  SINCE JAN 1    146                       159    -13      387
..................................................................


WIND (MPH)
  HIGHEST WIND SPEED    45   HIGHEST WIND DIRECTION    NW (300)
  HIGHEST GUST SPEED    69   HIGHEST GUST DIRECTION    NW (320)
  AVERAGE WIND SPEED     8.0


SKY COVER
  POSSIBLE SUNSHINE  MM
  AVERAGE SKY COVER 0.9


WEATHER CONDITIONS
 THE FOLLOWING WEATHER WAS RECORDED YESTERDAY.
  THUNDERSTORM
  HEAVY RAIN
  RAIN
  LIGHT RAIN
  FOG
  FOG W/VISIBILITY <= 1/4 MILE


RELATIVE HUMIDITY (PERCENT)
 HIGHEST    93          1000 PM
 LOWEST     46           300 PM
 AVERAGE    70

..........................................................


THE DES MOINES IA CLIMATE NORMALS FOR TODAY
                         NORMAL    RECORD    YEAR
 MAXIMUM TEMPERATURE (F)   82       102      1918
 MINIMUM TEMPERATURE (F)   62        48      1989


SUNRISE AND SUNSET
JUNE 16 2019..........SUNRISE   540 AM CDT   SUNSET   851 PM CDT
JUNE 17 2019..........SUNRISE   540 AM CDT   SUNSET   851 PM CDT


-  INDICATES NEGATIVE NUMBERS.
R  INDICATES RECORD WAS SET OR TIED.
MM INDICATES DATA IS MISSING.
T  INDICATES TRACE AMOUNT.

$$

SMALL
