000
CDUS43 KDTX 190538
CLIDTW


CLIMATE REPORT
NATIONAL WEATHER SERVICE DETROIT/PONTIAC MI
138 AM EDT WED JUN 19 2019


...................................

...THE DETROIT MI CLIMATE SUMMARY FOR JUNE 18 2019...

CLIMATE NORMAL PERIOD 1981 TO 2010
CLIMATE RECORD PERIOD 1874 TO 2019


WEATHER ITEM   OBSERVED TIME   RECORD YEAR NORMAL DEPARTURE LAST
                VALUE   (LST)  VALUE       VALUE  FROM      YEAR
                                                  NORMAL
..................................................................
TEMPERATURE (F)
 YESTERDAY
  MAXIMUM         78    410 PM  99    1994  80     -2       96
  MINIMUM         58    554 AM  47    1980  61     -3       72
                                      1960
                                      1950
  AVERAGE         68                        70     -2       84

PRECIPITATION (IN)
  YESTERDAY        0.00          1.77 2014   0.12  -0.12     1.39
  MONTH TO DATE    1.74                      2.19  -0.45     1.96
  SINCE JUN 1      1.74                      2.19  -0.45     1.96
  SINCE JAN 1     17.71                     14.73   2.98    20.36

SNOWFALL (IN)
  YESTERDAY        0.0           0.0    MM   0.0    0.0      0.0
  MONTH TO DATE    0.0                       0.0    0.0      0.0
  SINCE JUN 1      0.0                       0.0    0.0      0.0
  SINCE JUL 1     31.3                      42.5  -11.2     61.0
  SNOW DEPTH       0

DEGREE DAYS
 HEATING
  YESTERDAY        0                         1     -1        0
  MONTH TO DATE   30                        30      0        6
  SINCE JUN 1     30                        30      0        6
  SINCE JUL 1   6189                      6132     57     6081

 COOLING
  YESTERDAY        3                         6     -3       19
  MONTH TO DATE   36                        79    -43      113
  SINCE JUN 1     36                        79    -43      113
  SINCE JAN 1     59                       127    -68      235
..................................................................


WIND (MPH)
  HIGHEST WIND SPEED    12   HIGHEST WIND DIRECTION     S (160)
  HIGHEST GUST SPEED    15   HIGHEST GUST DIRECTION    SE (150)
  AVERAGE WIND SPEED     3.0


SKY COVER
  POSSIBLE SUNSHINE  MM
  AVERAGE SKY COVER 0.8


WEATHER CONDITIONS
 THE FOLLOWING WEATHER WAS RECORDED YESTERDAY.
  HAZE


RELATIVE HUMIDITY (PERCENT)
 HIGHEST    84           300 AM
 LOWEST     52           300 PM
 AVERAGE    68

..........................................................


THE DETROIT MI CLIMATE NORMALS FOR TODAY
                         NORMAL    RECORD    YEAR
 MAXIMUM TEMPERATURE (F)   81        95      2012
                                             1995
                                             1933
 MINIMUM TEMPERATURE (F)   61        46      1926
                                             1914


SUNRISE AND SUNSET
JUNE 19 2019..........SUNRISE   557 AM EDT   SUNSET   913 PM EDT
JUNE 20 2019..........SUNRISE   557 AM EDT   SUNSET   913 PM EDT


-  INDICATES NEGATIVE NUMBERS.
R  INDICATES RECORD WAS SET OR TIED.
MM INDICATES DATA IS MISSING.
T  INDICATES TRACE AMOUNT.




$$
