000
CDUS43 KDTX 200555
CLIDTW


CLIMATE REPORT
NATIONAL WEATHER SERVICE DETROIT/PONTIAC MI
155 AM EDT SAT APR 20 2019


...................................

...THE DETROIT MI CLIMATE SUMMARY FOR APRIL 19 2019...

CLIMATE NORMAL PERIOD 1981 TO 2010
CLIMATE RECORD PERIOD 1874 TO 2019


WEATHER ITEM   OBSERVED TIME   RECORD YEAR NORMAL DEPARTURE LAST
                VALUE   (LST)  VALUE       VALUE  FROM      YEAR
                                                  NORMAL
..................................................................
TEMPERATURE (F)
 YESTERDAY
  MAXIMUM         48   1237 AM  83    2005  61    -13       55
                                      1977
  MINIMUM         40   1159 PM  23    1897  41     -1       35
  AVERAGE         44                        51     -7       45

PRECIPITATION (IN)
  YESTERDAY        0.39          1.38 1911   0.10   0.29     0.00
  MONTH TO DATE    1.39                      1.83  -0.44     3.42
  SINCE MAR 1      3.85                      4.11  -0.26     6.05
  SINCE JAN 1      7.93                      8.09  -0.16    11.68

SNOWFALL (IN)
  YESTERDAY       MM             3.0  1943   0.0   MM        0.0
  MONTH TO DATE    T                         1.5   -1.5      2.4
  SINCE MAR 1      2.6                       8.4   -5.8      8.3
  SINCE JUL 1     31.3                      42.3  -11.0     61.0
  SNOW DEPTH       0

DEGREE DAYS
 HEATING
  YESTERDAY       21                        15      6       20
  MONTH TO DATE  313                       341    -28      497
  SINCE MAR 1   1257                      1203     54     1407
  SINCE JUL 1   5789                      5756     33     5843

 COOLING
  YESTERDAY        0                         0      0        0
  MONTH TO DATE    0                         0      0        0
  SINCE MAR 1      0                         0      0        0
  SINCE JAN 1      0                         0      0        0
..................................................................


WIND (MPH)
  HIGHEST WIND SPEED    25   HIGHEST WIND DIRECTION     N (10)
  HIGHEST GUST SPEED    35   HIGHEST GUST DIRECTION     N (10)
  AVERAGE WIND SPEED    14.5


SKY COVER
  POSSIBLE SUNSHINE  MM
  AVERAGE SKY COVER 1.0


WEATHER CONDITIONS
 THE FOLLOWING WEATHER WAS RECORDED YESTERDAY.
  RAIN
  LIGHT RAIN
  FOG


RELATIVE HUMIDITY (PERCENT)
 HIGHEST    89           200 AM
 LOWEST     70           200 PM
 AVERAGE    80

..........................................................


THE DETROIT MI CLIMATE NORMALS FOR TODAY
                         NORMAL    RECORD    YEAR
 MAXIMUM TEMPERATURE (F)   61        82      1985
                                             1957
                                             1952
 MINIMUM TEMPERATURE (F)   41        20      1897


SUNRISE AND SUNSET
APRIL 20 2019.........SUNRISE   645 AM EDT   SUNSET   820 PM EDT
APRIL 21 2019.........SUNRISE   644 AM EDT   SUNSET   821 PM EDT


-  INDICATES NEGATIVE NUMBERS.
R  INDICATES RECORD WAS SET OR TIED.
MM INDICATES DATA IS MISSING.
T  INDICATES TRACE AMOUNT.




$$
