000
CDUS45 KTWC 240031
CLIDUG


CLIMATE REPORT
NATIONAL WEATHER SERVICE TUCSON AZ
530 PM MST TUE APR 23 2019


...................................

...THE DOUGLAS AZ CLIMATE SUMMARY FOR APRIL 23 2019...
VALID TODAY AS OF 0500 PM LOCAL TIME.

CLIMATE NORMAL PERIOD 1981 TO 2010
CLIMATE RECORD PERIOD 1948 TO 2019


WEATHER ITEM   OBSERVED TIME   RECORD YEAR NORMAL DEPARTURE LAST
                VALUE   (LST)  VALUE       VALUE  FROM      YEAR
                                                  NORMAL
..................................................................
TEMPERATURE (F)
 TODAY
  MAXIMUM         74    233 PM  96    2012  82     -8       87
  MINIMUM         42    558 AM  28    1968  45     -3       43
  AVERAGE         58                        63     -5       65

PRECIPITATION (IN)
  TODAY            0.00                      0.01  -0.01     0.00
  MONTH TO DATE    0.65                      0.17   0.48      T
  SINCE OCT 1      6.84                      4.61   2.23     1.87
  SINCE JAN 1      3.07                      2.06   1.01     1.04

DEGREE DAYS
 HEATING
  TODAY            7                         3      4        0
  MONTH TO DATE  145                       121     24       64
  SINCE MAR 1    472                       446     26      331
  SINCE JUL 1   2757                      2482    275     2006

 COOLING
  TODAY            0                         2     -2        0
  MONTH TO DATE    3                        12     -9       28
  SINCE MAR 1      3                        13    -10       35
  SINCE JAN 1      3                        13    -10       35
..................................................................


WIND (MPH)
  HIGHEST WIND SPEED    23   HIGHEST WIND DIRECTION     N (10)
  HIGHEST GUST SPEED    30   HIGHEST GUST DIRECTION    SE (130)
  AVERAGE WIND SPEED    MM


SKY COVER
  POSSIBLE SUNSHINE  MM
  AVERAGE SKY COVER  MM


WEATHER CONDITIONS
 THE FOLLOWING WEATHER WAS RECORDED TODAY.
  THUNDERSTORM


RELATIVE HUMIDITY (PERCENT)
 HIGHEST    MM
 LOWEST     MM
 AVERAGE    MM

..........................................................


THE DOUGLAS AZ CLIMATE NORMALS FOR TOMORROW
                         NORMAL    RECORD    YEAR
 MAXIMUM TEMPERATURE (F)   82        95      1996
 MINIMUM TEMPERATURE (F)   46        34      2007


SUNRISE AND SUNSET
APRIL 23 2019.........SUNRISE   541 AM MST   SUNSET   652 PM MST
APRIL 24 2019.........SUNRISE   540 AM MST   SUNSET   653 PM MST


-  INDICATES NEGATIVE NUMBERS.
R  INDICATES RECORD WAS SET OR TIED.
MM INDICATES DATA IS MISSING.
T  INDICATES TRACE AMOUNT.




$$
