000
CDUS45 KTWC 170729
CLIDUG


CLIMATE REPORT
NATIONAL WEATHER SERVICE TUCSON AZ
1229 AM MST WED JUL 17 2019


...................................

...THE DOUGLAS AZ CLIMATE SUMMARY FOR JULY 16 2019...

CLIMATE NORMAL PERIOD 1981 TO 2010
CLIMATE RECORD PERIOD 1948 TO 2019


WEATHER ITEM   OBSERVED TIME   RECORD YEAR NORMAL DEPARTURE LAST
                VALUE   (LST)  VALUE       VALUE  FROM      YEAR
                                                  NORMAL
..................................................................
TEMPERATURE (F)
 YESTERDAY
  MAXIMUM        101    155 PM 102    2011  94      7       85
  MINIMUM         66    547 AM  58    1958  66      0       67
  AVERAGE         84                        80      4       76

PRECIPITATION (IN)
  YESTERDAY        0.00          2.40 1973   0.10  -0.10      T
  MONTH TO DATE    0.71                      1.23  -0.52     0.93
  SINCE OCT 1      7.84                      6.79   1.05     3.76
  SINCE JAN 1      4.07                      4.24  -0.17     2.93

DEGREE DAYS
 HEATING
  YESTERDAY        0                         0      0        0
  MONTH TO DATE    0                         0      0        0
  SINCE JUN 1      0                         0      0        0
  SINCE JUL 1      0                         0      0        0

 COOLING
  YESTERDAY       19                        15      4       11
  MONTH TO DATE  244                       252     -8      232
  SINCE JUN 1    593                       647    -54      659
  SINCE JAN 1    632                       848   -216      940
..................................................................


WIND (MPH)
  HIGHEST WIND SPEED    28   HIGHEST WIND DIRECTION     W (280)
  HIGHEST GUST SPEED    36   HIGHEST GUST DIRECTION     W (280)
  AVERAGE WIND SPEED     6.1


SKY COVER
  POSSIBLE SUNSHINE  MM
  AVERAGE SKY COVER  MM


WEATHER CONDITIONS
 THE FOLLOWING WEATHER WAS RECORDED YESTERDAY.
  THUNDERSTORM


RELATIVE HUMIDITY (PERCENT)
 HIGHEST    MM
 LOWEST     MM
 AVERAGE    MM

..........................................................


THE DOUGLAS AZ CLIMATE NORMALS FOR TODAY
                         NORMAL    RECORD    YEAR
 MAXIMUM TEMPERATURE (F)   94       103      2005
 MINIMUM TEMPERATURE (F)   66        58      1958


SUNRISE AND SUNSET
JULY 17 2019..........SUNRISE   525 AM MST   SUNSET   723 PM MST
JULY 18 2019..........SUNRISE   526 AM MST   SUNSET   723 PM MST


-  INDICATES NEGATIVE NUMBERS.
R  INDICATES RECORD WAS SET OR TIED.
MM INDICATES DATA IS MISSING.
T  INDICATES TRACE AMOUNT.




$$
