000
CDUS45 KTWC 260733
CLIDUG

CLIMATE REPORT
NATIONAL WEATHER SERVICE TUCSON AZ
1231 AM MST THU APR 26 2018

...................................

...THE DOUGLAS AZ CLIMATE SUMMARY FOR APRIL 25 2018...

CLIMATE NORMAL PERIOD 1981 TO 2010
CLIMATE RECORD PERIOD 1948 TO 2018


WEATHER ITEM   OBSERVED TIME   RECORD YEAR NORMAL DEPARTURE LAST
                VALUE   (LST)  VALUE       VALUE  FROM      YEAR
                                                  NORMAL
..................................................................
TEMPERATURE (F)
 YESTERDAY
  MAXIMUM         89    317 PM  94    2000  82      7       81
                                      1996
  MINIMUM         59    326 AM  31    1961  46     13       57
  AVERAGE         74                        64     10       69

PRECIPITATION (IN)
  YESTERDAY        0.00          0.31 1987   0.01  -0.01     0.00
  MONTH TO DATE    T                         0.19  -0.19      T
  SINCE OCT 1      1.87                      4.63  -2.76     3.05
  SINCE JAN 1      1.04                      2.08  -1.04     1.70

DEGREE DAYS
 HEATING
  YESTERDAY        0                         3     -3        0
  MONTH TO DATE   64                       127    -63       89
  SINCE MAR 1    331                       452   -121      270
  SINCE JUL 1   2006                      2488   -482     2063

 COOLING
  YESTERDAY        9                         2      7        4
  MONTH TO DATE   42                        16     26       28
  SINCE MAR 1     49                        17     32       35
  SINCE JAN 1     49                        17     32       35
..................................................................


WIND (MPH)
  HIGHEST WIND SPEED    18   HIGHEST WIND DIRECTION    SW (220)
  HIGHEST GUST SPEED    23   HIGHEST GUST DIRECTION    SW (230)
  AVERAGE WIND SPEED     6.5


SKY COVER
  POSSIBLE SUNSHINE  MM
  AVERAGE SKY COVER  MM


WEATHER CONDITIONS
 THE FOLLOWING WEATHER WAS RECORDED YESTERDAY.
  NO SIGNIFICANT WEATHER WAS OBSERVED.


RELATIVE HUMIDITY (PERCENT)
 HIGHEST    22
 LOWEST      7
 AVERAGE    15

..........................................................


THE DOUGLAS AZ CLIMATE NORMALS FOR TODAY
                         NORMAL    RECORD    YEAR
 MAXIMUM TEMPERATURE (F)   82        97      2000
 MINIMUM TEMPERATURE (F)   46        34      1964
                                             1961


SUNRISE AND SUNSET
APRIL 26 2018.........SUNRISE   538 AM MST   SUNSET   655 PM MST
APRIL 27 2018.........SUNRISE   537 AM MST   SUNSET   655 PM MST


-  INDICATES NEGATIVE NUMBERS.
R  INDICATES RECORD WAS SET OR TIED.
MM INDICATES DATA IS MISSING.
T  INDICATES TRACE AMOUNT.

$$
