000
CDUS41 KPBZ 182124
CLIDUJ


CLIMATE REPORT
NATIONAL WEATHER SERVICE PITTSBURGH PA
523 PM EDT THU APR 18 2019


...................................

...THE DUBOIS CLIMATE SUMMARY FOR APRIL 18 2019...
VALID TODAY AS OF 0500 PM LOCAL TIME.

CLIMATE NORMAL PERIOD 1981 TO 2010
CLIMATE RECORD PERIOD 1960 TO 2019


WEATHER ITEM   OBSERVED TIME   RECORD YEAR NORMAL DEPARTURE LAST
                VALUE   (LST)  VALUE       VALUE  FROM      YEAR
                                                  NORMAL
..................................................................
TEMPERATURE (F)
 TODAY
  MAXIMUM         74    359 PM  87    1976  59     15       47
  MINIMUM         47    609 AM  25    2001  37     10       29
  AVERAGE         61                        48     13       38

PRECIPITATION (IN)
  TODAY            T            MM      MM   0.11  -0.11     0.10
  MONTH TO DATE    2.50                      2.10   0.40     3.75
  SINCE JUN 1     47.91                     37.48  10.43    35.92
  SINCE JAN 1      8.93                     10.88  -1.95    15.14

DEGREE DAYS
 HEATING
  TODAY            4                        17    -13       27
  MONTH TO DATE  311                       371    -60      478
  SINCE MAR 1   1294                      1306    -12     1538
  SINCE JUL 1   6147                      6329   -182     5998

 COOLING
  TODAY            0                         0      0        0
  MONTH TO DATE    0                         0      0        3
  SINCE MAR 1      0                         0      0        3
  SINCE JAN 1      0                         0      0        3
..................................................................


WIND (MPH)
  HIGHEST WIND SPEED    22   HIGHEST WIND DIRECTION    SW (220)
  HIGHEST GUST SPEED    30   HIGHEST GUST DIRECTION    SW (230)
  AVERAGE WIND SPEED    12.3


SKY COVER
  POSSIBLE SUNSHINE  MM
  AVERAGE SKY COVER 0.3


WEATHER CONDITIONS
 THE FOLLOWING WEATHER WAS RECORDED TODAY.
  NO SIGNIFICANT WEATHER WAS OBSERVED.


RELATIVE HUMIDITY (PERCENT)
 HIGHEST    77           300 AM
 LOWEST     35           300 PM
 AVERAGE    56

..........................................................


THE DUBOIS CLIMATE NORMALS FOR TOMORROW
                         NORMAL    RECORD    YEAR
 MAXIMUM TEMPERATURE (F)   59        81      2002
 MINIMUM TEMPERATURE (F)   37        20      1983


SUNRISE AND SUNSET
APRIL 18 2019.........SUNRISE   632 AM EDT   SUNSET   759 PM EDT
APRIL 19 2019.........SUNRISE   631 AM EDT   SUNSET   800 PM EDT


-  INDICATES NEGATIVE NUMBERS.
R  INDICATES RECORD WAS SET OR TIED.
MM INDICATES DATA IS MISSING.
T  INDICATES TRACE AMOUNT.




$$
