000
CDUS43 KFGF 202202
CLIDVL


CLIMATE REPORT
NATIONAL WEATHER SERVICE EASTERN NORTH DAKOTA/GRAND FORKS
500 PM CDT SAT APR 20 2019


...................................

...THE DEVILS LAKE ND CLIMATE SUMMARY FOR APRIL 20 2019...
VALID TODAY AS OF 0500 PM LOCAL TIME.

CLIMATE NORMAL PERIOD 1981 TO 2010
CLIMATE RECORD PERIOD 1921 TO 2019


WEATHER ITEM   OBSERVED TIME   RECORD YEAR NORMAL DEPARTURE LAST
                VALUE   (LST)  VALUE       VALUE  FROM      YEAR
                                                  NORMAL
..................................................................
TEMPERATURE (F)
 TODAY
  MAXIMUM         63        MM  83    1926  56      7       55
  MINIMUM         42        MM   7    2013  36      6       29
  AVERAGE         53                        46      7       42

PRECIPITATION (IN)
  TODAY            0.02          0.92        0.03  -0.01     0.00
  MONTH TO DATE    0.22                      0.54  -0.32     0.01
  SINCE MAR 1      0.22                      1.38  -1.16     0.01
  SINCE JAN 1      0.22                      2.46  -2.24     0.01

SNOWFALL (IN)
  TODAY           MM             4.2  1928
  MONTH TO DATE    0.0
  SINCE MAR 1      0.0
  SINCE JUL 1      T
  SNOW DEPTH      MM

DEGREE DAYS
 HEATING
  TODAY           12                        19     -7       23
  MONTH TO DATE  535                       488     47      802
  SINCE MAR 1   2000                      1709    291     2106
  SINCE JUL 1   9949                      8682   1267     9283

 COOLING
  TODAY            0                         0      0        0
  MONTH TO DATE    0                         0      0        0
  SINCE MAR 1      0                         0      0        0
  SINCE JAN 1      0                         0      0        0
..................................................................


WIND (MPH)
  HIGHEST WIND SPEED    17   HIGHEST WIND DIRECTION    NE (40)
  HIGHEST GUST SPEED    MM   HIGHEST GUST DIRECTION    MM
  AVERAGE WIND SPEED     7.7


SKY COVER
  POSSIBLE SUNSHINE  MM
  AVERAGE SKY COVER 0.4


WEATHER CONDITIONS
 THE FOLLOWING WEATHER WAS RECORDED TODAY.
  LIGHT RAIN


RELATIVE HUMIDITY (PERCENT)
 HIGHEST    96
 LOWEST     48
 AVERAGE    72

..........................................................


THE DEVILS LAKE ND CLIMATE NORMALS FOR TOMORROW
                         NORMAL    RECORD    YEAR
 MAXIMUM TEMPERATURE (F)   57        92      1980
 MINIMUM TEMPERATURE (F)   36        18      1936


SUNRISE AND SUNSET
APRIL 20 2019.........SUNRISE   637 AM CDT   SUNSET   833 PM CDT
APRIL 21 2019.........SUNRISE   635 AM CDT   SUNSET   835 PM CDT


-  INDICATES NEGATIVE NUMBERS.
R  INDICATES RECORD WAS SET OR TIED.
MM INDICATES DATA IS MISSING.
T  INDICATES TRACE AMOUNT.




$$
