000
CDUS43 KFGF 200638
CLIDVL


CLIMATE REPORT
NATIONAL WEATHER SERVICE GRAND FORKS ND
137 AM CDT THU JUN 20 2019


...................................

...THE DEVILS LAKE ND CLIMATE SUMMARY FOR JUNE 19 2019...

CLIMATE NORMAL PERIOD 1981 TO 2010
CLIMATE RECORD PERIOD 1921 TO 2019


WEATHER ITEM   OBSERVED TIME   RECORD YEAR NORMAL DEPARTURE LAST
                VALUE   (LST)  VALUE       VALUE  FROM      YEAR
                                                  NORMAL
..................................................................
TEMPERATURE (F)
 YESTERDAY
  MAXIMUM         70        MM  93    1988  75     -5       78
  MINIMUM         52        MM  36    1940  57     -5       61
  AVERAGE         61                        66     -5       70

PRECIPITATION (IN)
  YESTERDAY        0.00          1.18 1998   0.15  -0.15     0.00
  MONTH TO DATE    1.94                      2.49  -0.55     2.32
  SINCE JUN 1      1.94                      2.49  -0.55     2.32
  SINCE JAN 1      3.60                      7.84  -4.24     3.37

DEGREE DAYS
 HEATING
  YESTERDAY        4                         2      2        0
  MONTH TO DATE   83                        72     11       24
  SINCE JUN 1     83                        72     11       24
  SINCE JUL 1  10710                      9218   1492     9707

 COOLING
  YESTERDAY        0                         3     -3        5
  MONTH TO DATE   36                        43     -7       40
  SINCE JUN 1     36                        43     -7       40
  SINCE JAN 1     42                        65    -23      101
..................................................................


WIND (MPH)
  HIGHEST WIND SPEED    15   HIGHEST WIND DIRECTION    SE (140)
  HIGHEST GUST SPEED    22   HIGHEST GUST DIRECTION    SE (140)
  AVERAGE WIND SPEED     8.8


SKY COVER
  AVERAGE SKY COVER 0.2


WEATHER CONDITIONS
 THE FOLLOWING WEATHER WAS RECORDED YESTERDAY.
  NO SIGNIFICANT WEATHER WAS OBSERVED.


RELATIVE HUMIDITY (PERCENT)
 HIGHEST    89
 LOWEST     47
 AVERAGE    68

..........................................................


THE DEVILS LAKE ND CLIMATE NORMALS FOR TODAY
                         NORMAL    RECORD    YEAR
 MAXIMUM TEMPERATURE (F)   76        96      1988
 MINIMUM TEMPERATURE (F)   57        32      1969


SUNRISE AND SUNSET
JUNE 20 2019..........SUNRISE   535 AM CDT   SUNSET   939 PM CDT
JUNE 21 2019..........SUNRISE   535 AM CDT   SUNSET   939 PM CDT


-  INDICATES NEGATIVE NUMBERS.
R  INDICATES RECORD WAS SET OR TIED.
MM INDICATES DATA IS MISSING.
T  INDICATES TRACE AMOUNT.




$$
