000
CDUS43 KDVN 152124
CLIDVN


CLIMATE REPORT
NATIONAL WEATHER SERVICE QUAD CITIES IA IL
423 PM CDT SAT JUN 15 2019


...................................

...THE DAVENPORT IA CLIMATE SUMMARY FOR JUNE 15 2019...
VALID TODAY AS OF 0400 PM LOCAL TIME.

CLIMATE NORMAL PERIOD 1981 TO 2010
CLIMATE RECORD PERIOD 9999 TO 9999


WEATHER ITEM   OBSERVED TIME   RECORD YEAR NORMAL DEPARTURE LAST
                VALUE   (LST)  VALUE       VALUE  FROM      YEAR
                                                  NORMAL
..................................................................
TEMPERATURE (F)
 TODAY
  MAXIMUM         76    259 PM  MM      MM  81     -5       91
  MINIMUM         64    414 AM  MM      MM  60      4       64
  AVERAGE         70                        70      0       78

PRECIPITATION (IN)
  TODAY            0.63         MM      MM   0.13   0.50     0.00
  MONTH TO DATE    1.34                      2.65  -1.31     2.05
  SINCE JUN 1      1.34                      2.65  -1.31     2.05
  SINCE JAN 1     23.88                     15.46   8.42    13.08

SNOWFALL (IN)
  TODAY            0.0          MM      MM  MM     MM        0.0
  MONTH TO DATE    0.0                      MM     MM        0.0
  SINCE JUN 1      0.0                      MM     MM        0.0
  SINCE JUL 1     56.9                      MM     MM       36.2
  SNOW DEPTH       0

DEGREE DAYS
 HEATING
  TODAY            0                         1     -1        0
  MONTH TO DATE    7                        20    -13        0
  SINCE JUN 1      7                        20    -13        0
  SINCE JUL 1   6802                      6507    295     6467

 COOLING
  TODAY            5                         6     -1       13
  MONTH TO DATE   79                        72      7      103
  SINCE JUN 1     79                        72      7      103
  SINCE JAN 1    127                       133     -6      261
..................................................................


WIND (MPH)
  HIGHEST WIND SPEED    17   HIGHEST WIND DIRECTION     S (190)
  HIGHEST GUST SPEED    23   HIGHEST GUST DIRECTION     S (190)
  AVERAGE WIND SPEED    11.4


SKY COVER
  POSSIBLE SUNSHINE  MM
  AVERAGE SKY COVER 0.7


WEATHER CONDITIONS
 THE FOLLOWING WEATHER WAS RECORDED TODAY.
  THUNDERSTORM
  HEAVY RAIN
  RAIN
  LIGHT RAIN
  FOG


RELATIVE HUMIDITY (PERCENT)
 HIGHEST    93          1100 AM
 LOWEST     68          1200 AM
 AVERAGE    81

..........................................................


THE DAVENPORT IA CLIMATE NORMALS FOR TOMORROW
                         NORMAL    RECORD    YEAR
 MAXIMUM TEMPERATURE (F)   81        MM        MM
 MINIMUM TEMPERATURE (F)   60        MM        MM


SUNRISE AND SUNSET
JUNE 15 2019..........SUNRISE   528 AM CDT   SUNSET   838 PM CDT
JUNE 16 2019..........SUNRISE   528 AM CDT   SUNSET   839 PM CDT


-  INDICATES NEGATIVE NUMBERS.
R  INDICATES RECORD WAS SET OR TIED.
MM INDICATES DATA IS MISSING.
T  INDICATES TRACE AMOUNT.




$$
