000
CDUS43 KDVN 262121
CLIDVN


CLIMATE REPORT
NATIONAL WEATHER SERVICE QUAD CITIES IA IL
420 PM CDT THU APR 26 2018


...................................

...THE DAVENPORT IA CLIMATE SUMMARY FOR APRIL 26 2018...
VALID TODAY AS OF 0400 PM LOCAL TIME.

CLIMATE NORMAL PERIOD 1981 TO 2010
CLIMATE RECORD PERIOD 9999 TO 9999


WEATHER ITEM   OBSERVED TIME   RECORD YEAR NORMAL DEPARTURE LAST
                VALUE   (LST)  VALUE       VALUE  FROM      YEAR
                                                  NORMAL
..................................................................
TEMPERATURE (F)
 TODAY
  MAXIMUM         70    259 PM  MM      MM  65      5       70
  MINIMUM         34    528 AM  MM      MM  43     -9       43
  AVERAGE         52                        54     -2       57

PRECIPITATION (IN)
  TODAY            0.00         MM      MM   0.13  -0.13     0.34
  MONTH TO DATE    0.80                      2.82  -2.02     3.04
  SINCE MAR 1      3.19                      5.34  -2.15     5.75
  SINCE JAN 1      6.32                      7.87  -1.55     7.70

SNOWFALL (IN)
  TODAY            0.0          MM      MM  MM     MM        0.0
  MONTH TO DATE    3.5                      MM     MM         T
  SINCE MAR 1     11.9                      MM     MM        6.1
  SINCE JUL 1     36.2                      MM     MM       25.2
  SNOW DEPTH       0

DEGREE DAYS
 HEATING
  TODAY           13                        11      2        8
  MONTH TO DATE  657                       404    253      271
  SINCE MAR 1   1528                      1237    291     1074
  SINCE JUL 1   6386                      6262    124     5130

 COOLING
  TODAY            0                         0      0        0
  MONTH TO DATE    0                         0      0       13
  SINCE MAR 1      0                         0      0       13
  SINCE JAN 1      0                         0      0       13
..................................................................


WIND (MPH)
  HIGHEST WIND SPEED    15   HIGHEST WIND DIRECTION     W (260)
  HIGHEST GUST SPEED    25   HIGHEST GUST DIRECTION     W (290)
  AVERAGE WIND SPEED     7.6


SKY COVER
  POSSIBLE SUNSHINE  MM
  AVERAGE SKY COVER 0.0


WEATHER CONDITIONS
 THE FOLLOWING WEATHER WAS RECORDED TODAY.
  NO SIGNIFICANT WEATHER WAS OBSERVED.


RELATIVE HUMIDITY (PERCENT)
 HIGHEST    82           400 AM
 LOWEST     17           300 PM
 AVERAGE    50

..........................................................


THE DAVENPORT IA CLIMATE NORMALS FOR TOMORROW
                         NORMAL    RECORD    YEAR
 MAXIMUM TEMPERATURE (F)   66        MM        MM
 MINIMUM TEMPERATURE (F)   43        MM        MM


SUNRISE AND SUNSET
APRIL 26 2018.........SUNRISE   606 AM CDT   SUNSET   755 PM CDT
APRIL 27 2018.........SUNRISE   604 AM CDT   SUNSET   756 PM CDT


-  INDICATES NEGATIVE NUMBERS.
R  INDICATES RECORD WAS SET OR TIED.
MM INDICATES DATA IS MISSING.
T  INDICATES TRACE AMOUNT.




$$
