000
CDUS43 KDVN 212122
CLIDVN


CLIMATE REPORT
NATIONAL WEATHER SERVICE QUAD CITIES IA IL
422 PM CDT SUN APR 21 2019


...................................

...THE DAVENPORT IA CLIMATE SUMMARY FOR APRIL 21 2019...
VALID TODAY AS OF 0400 PM LOCAL TIME.

CLIMATE NORMAL PERIOD 1981 TO 2010
CLIMATE RECORD PERIOD 9999 TO 9999


WEATHER ITEM   OBSERVED TIME   RECORD YEAR NORMAL DEPARTURE LAST
                VALUE   (LST)  VALUE       VALUE  FROM      YEAR
                                                  NORMAL
..................................................................
TEMPERATURE (F)
 TODAY
  MAXIMUM         84    246 PM  MM      MM  64     20       59
  MINIMUM         46    331 AM  MM      MM  41      5       43
  AVERAGE         65                        52     13       51

PRECIPITATION (IN)
  TODAY            0.00         MM      MM   0.12  -0.12     0.00
  MONTH TO DATE    1.27                      2.21  -0.94     0.80
  SINCE MAR 1      3.39                      4.73  -1.34     3.19
  SINCE JAN 1      9.83                      7.26   2.57     6.32

SNOWFALL (IN)
  TODAY            0.0          MM      MM  MM     MM        0.0
  MONTH TO DATE    0.0                      MM     MM        3.5
  SINCE MAR 1      3.0                      MM     MM       11.9
  SINCE JUL 1     56.9                      MM     MM       36.2
  SNOW DEPTH       0

DEGREE DAYS
 HEATING
  TODAY            0                        13    -13       14
  MONTH TO DATE  315                       344    -29      606
  SINCE MAR 1   1236                      1177     59     1477
  SINCE JUL 1   6467                      6202    265     6335

 COOLING
  TODAY            0                         0      0        0
  MONTH TO DATE    0                         0      0        0
  SINCE MAR 1      0                         0      0        0
  SINCE JAN 1      0                         0      0        0
..................................................................


WIND (MPH)
  HIGHEST WIND SPEED    24   HIGHEST WIND DIRECTION     S (170)
  HIGHEST GUST SPEED    31   HIGHEST GUST DIRECTION     S (190)
  AVERAGE WIND SPEED    11.8


SKY COVER
  POSSIBLE SUNSHINE  MM
  AVERAGE SKY COVER 0.0


WEATHER CONDITIONS
 THE FOLLOWING WEATHER WAS RECORDED TODAY.
  NO SIGNIFICANT WEATHER WAS OBSERVED.


RELATIVE HUMIDITY (PERCENT)
 HIGHEST    61           600 AM
 LOWEST     24           100 PM
 AVERAGE    43

..........................................................


THE DAVENPORT IA CLIMATE NORMALS FOR TOMORROW
                         NORMAL    RECORD    YEAR
 MAXIMUM TEMPERATURE (F)   64        MM        MM
 MINIMUM TEMPERATURE (F)   41        MM        MM


SUNRISE AND SUNSET
APRIL 21 2019.........SUNRISE   614 AM CDT   SUNSET   749 PM CDT
APRIL 22 2019.........SUNRISE   612 AM CDT   SUNSET   750 PM CDT


-  INDICATES NEGATIVE NUMBERS.
R  INDICATES RECORD WAS SET OR TIED.
MM INDICATES DATA IS MISSING.
T  INDICATES TRACE AMOUNT.




$$
