000
CDUS46 KOTX 240822
CLIEAT


CLIMATE REPORT
NATIONAL WEATHER SERVICE SPOKANE, WA
122 AM PDT TUE APR 24 2018


...................................

...THE WENATCHEE WA PANGBORN FIELD CLIMATE SUMMARY FOR APRIL 23 2018...

CLIMATE NORMAL PERIOD 1981 TO 2010
CLIMATE RECORD PERIOD 1959 TO 2018


WEATHER ITEM   OBSERVED TIME   RECORD YEAR NORMAL DEPARTURE LAST
                VALUE   (LST)  VALUE       VALUE  FROM      YEAR
                                                  NORMAL
..................................................................
TEMPERATURE (F)
 YESTERDAY
  MAXIMUM         67    504 PM  87    2012  64      3       61
                                      1977
  MINIMUM         37    549 AM  30    1985  42     -5       43
  AVERAGE         52                        53     -1       52

PRECIPITATION (IN)
  YESTERDAY        0.00          0.84 1960   0.02  -0.02     0.01
  MONTH TO DATE    1.05                      0.36   0.69     2.15
  SINCE OCT 1      6.43                      5.82   0.61     9.01
  SINCE JAN 1      3.35                      2.87   0.48     6.19

SNOWFALL (IN)
  YESTERDAY       MM

DEGREE DAYS
 HEATING
  YESTERDAY       13                        12      1       13
  MONTH TO DATE  388                       325     63      382
  SINCE MAR 1   1085                       973    112     1120
  SINCE JUL 1   5503                      5437     66     5911

 COOLING
  YESTERDAY        0                         0      0        0
  MONTH TO DATE    0                         0      0        0
  SINCE MAR 1      0                         2     -2        0
  SINCE JAN 1      0                         2     -2        0
..................................................................


WIND (MPH)
  HIGHEST WIND SPEED    15   HIGHEST WIND DIRECTION     W (250)
  HIGHEST GUST SPEED    21   HIGHEST GUST DIRECTION     W (290)
  AVERAGE WIND SPEED     5.4


SKY COVER
  POSSIBLE SUNSHINE  MM
  AVERAGE SKY COVER 0.0


WEATHER CONDITIONS
 THE FOLLOWING WEATHER WAS RECORDED YESTERDAY.
  NO SIGNIFICANT WEATHER WAS OBSERVED.


RELATIVE HUMIDITY (PERCENT)
 HIGHEST    76           500 AM
 LOWEST     18           400 PM
 AVERAGE    47

..........................................................


THE WENATCHEE WA PANGBORN FIELD CLIMATE NORMALS FOR TODAY
                         NORMAL    RECORD    YEAR
 MAXIMUM TEMPERATURE (F)   64        93      1977
 MINIMUM TEMPERATURE (F)   42        28      1985


SUNRISE AND SUNSET
APRIL 24 2018.........SUNRISE   556 AM PDT   SUNSET   803 PM PDT
APRIL 25 2018.........SUNRISE   554 AM PDT   SUNSET   804 PM PDT


-  INDICATES NEGATIVE NUMBERS.
R  INDICATES RECORD WAS SET OR TIED.
MM INDICATES DATA IS MISSING.
T  INDICATES TRACE AMOUNT.




$$
