000
CDUS46 KOTX 160824
CLIEAT


CLIMATE REPORT
NATIONAL WEATHER SERVICE SPOKANE, WA
124 AM PDT SUN JUN 16 2019


...................................

...THE WENATCHEE WA PANGBORN FIELD CLIMATE SUMMARY FOR JUNE 15 2019...

CLIMATE NORMAL PERIOD 1981 TO 2010
CLIMATE RECORD PERIOD 1959 TO 2019


WEATHER ITEM   OBSERVED TIME   RECORD YEAR NORMAL DEPARTURE LAST
                VALUE   (LST)  VALUE       VALUE  FROM      YEAR
                                                  NORMAL
..................................................................
TEMPERATURE (F)
 YESTERDAY
  MAXIMUM         88    530 PM 100    1999  78     10       78
  MINIMUM         60    440 AM  43    2016  55      5       52
  AVERAGE         74                        66      8       65

PRECIPITATION (IN)
  YESTERDAY        0.00          0.17 1964   0.02  -0.02      T
  MONTH TO DATE    0.03                      0.36  -0.33     0.09
  SINCE OCT 1      6.32                      6.96  -0.64     7.45
  SINCE JAN 1      3.78                      4.01  -0.23     4.37

SNOWFALL (IN)
  YESTERDAY       MM

DEGREE DAYS
 HEATING
  YESTERDAY        0                         2     -2        0
  MONTH TO DATE   21                        38    -17       39
  SINCE JUN 1     21                        38    -17       39
  SINCE JUL 1   5986                      5752    234     5636

 COOLING
  YESTERDAY        9                         3      6        0
  MONTH TO DATE   93                        40     53       13
  SINCE JUN 1     93                        40     53       13
  SINCE JAN 1    153                       187    -34      108
..................................................................


WIND (MPH)
  HIGHEST WIND SPEED    21   HIGHEST WIND DIRECTION    NW (310)
  HIGHEST GUST SPEED    29   HIGHEST GUST DIRECTION     W (290)
  AVERAGE WIND SPEED    10.7


SKY COVER
  POSSIBLE SUNSHINE  MM
  AVERAGE SKY COVER 0.0


WEATHER CONDITIONS
 THE FOLLOWING WEATHER WAS RECORDED YESTERDAY.
  NO SIGNIFICANT WEATHER WAS OBSERVED.


RELATIVE HUMIDITY (PERCENT)
 HIGHEST    52           100 AM
 LOWEST     18           500 PM
 AVERAGE    35

..........................................................


THE WENATCHEE WA PANGBORN FIELD CLIMATE NORMALS FOR TODAY
                         NORMAL    RECORD    YEAR
 MAXIMUM TEMPERATURE (F)   78       104      1961
 MINIMUM TEMPERATURE (F)   55        43      2010


SUNRISE AND SUNSET
JUNE 16 2019..........SUNRISE   503 AM PDT   SUNSET   900 PM PDT
JUNE 17 2019..........SUNRISE   503 AM PDT   SUNSET   900 PM PDT


-  INDICATES NEGATIVE NUMBERS.
R  INDICATES RECORD WAS SET OR TIED.
MM INDICATES DATA IS MISSING.
T  INDICATES TRACE AMOUNT.




$$
