000
CDUS42 KAKQ 240533
CLIECG


CLIMATE REPORT
NATIONAL WEATHER SERVICE WAKEFIELD, VA
132 AM EDT WED APR 24 2019


...................................

...THE ELIZABETH CITY NC CLIMATE SUMMARY FOR APRIL 23 2019...

CLIMATE NORMAL PERIOD 1981 TO 2010
CLIMATE RECORD PERIOD 1934 TO 2019


WEATHER ITEM   OBSERVED TIME   RECORD YEAR NORMAL DEPARTURE LAST
                VALUE   (LST)  VALUE       VALUE  FROM      YEAR
                                                  NORMAL
..................................................................
TEMPERATURE (F)
 YESTERDAY
  MAXIMUM         80    314 PM  95    1985  71      9       70
  MINIMUM         55    606 AM  36    1940  50      5       50
  AVERAGE         68                        61      7       60

PRECIPITATION (IN)
  YESTERDAY        0.00          1.20 1984   0.10  -0.10     0.00
  MONTH TO DATE    5.64                      2.46   3.18     3.27
  SINCE MAR 1      8.65                      6.44   2.21     7.69
  SINCE JAN 1     16.60                     12.88   3.72    14.33

SNOWFALL (IN)
  YESTERDAY        0.0           0.0  2002  MM     MM
  MONTH TO DATE    0.0                      MM     MM
  SINCE NOV 1      T                        MM     MM
  SINCE JUL 1      T                        MM     MM
  SNOW DEPTH       0

DEGREE DAYS
 HEATING
  YESTERDAY        0                         6     -6        5
  MONTH TO DATE  102                       188    -86      200
  SINCE MAR 1    552                       653   -101      784
  SINCE JUL 1   2676                      3125   -449     3075

 COOLING
  YESTERDAY        3                         1      2        0
  MONTH TO DATE   55                        23     32       13
  SINCE MAR 1     60                        28     32       16
  SINCE JAN 1     64                        30     34       45
..................................................................


WIND (MPH)
  HIGHEST WIND SPEED    17   HIGHEST WIND DIRECTION    SW (210)
  HIGHEST GUST SPEED    25   HIGHEST GUST DIRECTION     S (170)
  AVERAGE WIND SPEED     8.8


SKY COVER
  POSSIBLE SUNSHINE  MM
  AVERAGE SKY COVER 0.0


WEATHER CONDITIONS
 THE FOLLOWING WEATHER WAS RECORDED YESTERDAY.
  NO SIGNIFICANT WEATHER WAS OBSERVED.


RELATIVE HUMIDITY (PERCENT)
 HIGHEST    93           300 AM
 LOWEST     35           200 PM
 AVERAGE    64

..........................................................


THE ELIZABETH CITY NC CLIMATE NORMALS FOR TODAY
                         NORMAL    RECORD    YEAR
 MAXIMUM TEMPERATURE (F)   72        92      1960
 MINIMUM TEMPERATURE (F)   50        38      1942
                                             1936


SUNRISE AND SUNSET
APRIL 24 2019.........SUNRISE   620 AM EDT   SUNSET   746 PM EDT
APRIL 25 2019.........SUNRISE   619 AM EDT   SUNSET   747 PM EDT


-  INDICATES NEGATIVE NUMBERS.
R  INDICATES RECORD WAS SET OR TIED.
MM INDICATES DATA IS MISSING.
T  INDICATES TRACE AMOUNT.




$$
