820
CDUS45 KVEF 240827
CLIEED


CLIMATE REPORT
NATIONAL WEATHER SERVICE LAS VEGAS, NV
127 AM PDT WED APR 24 2019


...................................

...THE NEEDLES CA CLIMATE SUMMARY FOR APRIL 23 2019...

CLIMATE NORMAL PERIOD 1981 TO 2010
CLIMATE RECORD PERIOD 1888 TO 2019


WEATHER ITEM   OBSERVED TIME   RECORD YEAR NORMAL DEPARTURE LAST
                VALUE   (LST)  VALUE       VALUE  FROM      YEAR
                                                  NORMAL
..................................................................
TEMPERATURE (F)
 YESTERDAY
  MAXIMUM         95    335 PM 104    1949  87      8      101
  MINIMUM         70    506 AM  35    1909  61      9       69
  AVERAGE         83                        74      9       85

PRECIPITATION (IN)
  YESTERDAY        0.00          0.37 1988   0.01  -0.01     0.00
  MONTH TO DATE    0.31                      0.18   0.13     0.00
  SINCE OCT 1      4.99                      3.39   1.60     0.84
  SINCE JAN 1      3.96                      2.22   1.74     0.84

DEGREE DAYS
 HEATING
  YESTERDAY        0

 COOLING
  YESTERDAY       18
..................................................................


WIND (MPH)
  HIGHEST WIND SPEED    28   HIGHEST WIND DIRECTION     N (10)
  HIGHEST GUST SPEED    34   HIGHEST GUST DIRECTION     N (20)
  AVERAGE WIND SPEED    13.2


SKY COVER
  POSSIBLE SUNSHINE  MM
  AVERAGE SKY COVER 0.0


WEATHER CONDITIONS
 THE FOLLOWING WEATHER WAS RECORDED YESTERDAY.
  NO SIGNIFICANT WEATHER WAS OBSERVED.


RELATIVE HUMIDITY (PERCENT)
 HIGHEST    36
 LOWEST      8
 AVERAGE    22

..........................................................


THE NEEDLES CA CLIMATE NORMALS FOR TODAY
                         NORMAL    RECORD    YEAR
 MAXIMUM TEMPERATURE (F)   88       103      1949
                                             1898
 MINIMUM TEMPERATURE (F)   61        38      1909


SUNRISE AND SUNSET
APRIL 24 2019.........SUNRISE   556 AM PDT   SUNSET   718 PM PDT
APRIL 25 2019.........SUNRISE   555 AM PDT   SUNSET   719 PM PDT


-  INDICATES NEGATIVE NUMBERS.
R  INDICATES RECORD WAS SET OR TIED.
MM INDICATES DATA IS MISSING.
T  INDICATES TRACE AMOUNT.




$$
