000
CDUS45 KVEF 170027
CLIEED


CLIMATE REPORT
NATIONAL WEATHER SERVICE LAS VEGAS, NV
526 PM PDT TUE JUL 16 2019


...................................

...THE NEEDLES CA CLIMATE SUMMARY FOR JULY 16 2019...
VALID TODAY AS OF 0500 PM LOCAL TIME.

CLIMATE NORMAL PERIOD 1981 TO 2010
CLIMATE RECORD PERIOD 1888 TO 2019


WEATHER ITEM   OBSERVED TIME   RECORD YEAR NORMAL DEPARTURE LAST
                VALUE   (LST)  VALUE       VALUE  FROM      YEAR
                                                  NORMAL
..................................................................
TEMPERATURE (F)
 TODAY
  MAXIMUM        116    351 PM 125    1925 109      7      113
  MINIMUM         87    504 AM  68    1918  85      2       90
  AVERAGE        102                        97      5      102

PRECIPITATION (IN)
  TODAY            0.00          0.30 1930   0.01  -0.01     0.00
  MONTH TO DATE    0.00                      0.07  -0.07     0.92
  SINCE OCT 1      5.19                      3.62   1.57     1.76
  SINCE JAN 1      4.16                      2.45   1.71     1.76

DEGREE DAYS
 HEATING
  TODAY            0                         0      0        0
  MONTH TO DATE    0                         0      0        0
  SINCE JUN 1      0                         0      0        0
  SINCE JUL 1      0                         0      0        0

 COOLING
  TODAY           37                        32      5       37
  MONTH TO DATE  526                       500     26      534
  SINCE JUN 1   1354                      1271     83     1423
  SINCE JAN 1   2153                      2100     53     2631
..................................................................


WIND (MPH)
  RESULTANT WIND SPEED   5   RESULTANT WIND DIRECTION  SW (220)
  HIGHEST WIND SPEED    26   HIGHEST WIND DIRECTION     W (250)
  HIGHEST GUST SPEED    37   HIGHEST GUST DIRECTION    SW (230)
  AVERAGE WIND SPEED     7.8


SKY COVER
  POSSIBLE SUNSHINE  MM
  AVERAGE SKY COVER 0.0


WEATHER CONDITIONS
 THE FOLLOWING WEATHER WAS RECORDED TODAY.
  NO SIGNIFICANT WEATHER WAS OBSERVED.


RELATIVE HUMIDITY (PERCENT)
 HIGHEST     9           400 AM
 LOWEST      5          1100 AM
 AVERAGE     7

..........................................................


THE NEEDLES CA CLIMATE NORMALS FOR TOMORROW
                         NORMAL    RECORD    YEAR
 MAXIMUM TEMPERATURE (F)  109       125      2005
 MINIMUM TEMPERATURE (F)   85        65      1924


SUNRISE AND SUNSET
JULY 16 2019..........SUNRISE   537 AM PDT   SUNSET   752 PM PDT
JULY 17 2019..........SUNRISE   538 AM PDT   SUNSET   751 PM PDT


-  INDICATES NEGATIVE NUMBERS.
R  INDICATES RECORD WAS SET OR TIED.
MM INDICATES DATA IS MISSING.
T  INDICATES TRACE AMOUNT.




$$
