000
CDUS44 KBMX 250738
CLIEET


CLIMATE REPORT
NATIONAL WEATHER SERVICE BIRMINGHAM, AL
238 AM CDT TUE JUN 25 2019


...................................

...THE SHELBY COUNTY AIRPORT CLIMATE SUMMARY FOR JUNE 24 2019...

CLIMATE NORMAL PERIOD 1981 TO 2010
CLIMATE RECORD PERIOD 9999 TO 9999


WEATHER ITEM   OBSERVED TIME   RECORD YEAR NORMAL DEPARTURE LAST
                VALUE   (LST)  VALUE       VALUE  FROM      YEAR
                                                  NORMAL
..................................................................
TEMPERATURE (F)
 YESTERDAY
  MAXIMUM         88    140 PM  MM      MM  89     -1       90
  MINIMUM         73   1159 PM  MM      MM  69      4       75
  AVERAGE         81                        79      2       83

PRECIPITATION (IN)
  YESTERDAY        0.00                      0.15  -0.15     0.00
  MONTH TO DATE    3.94                      3.74   0.20     2.54
  SINCE JUN 1      3.94                      3.74   0.20     2.54
  SINCE JAN 1     29.15                     27.67   1.48    32.85

DEGREE DAYS
 COOLING
  YESTERDAY       16                        14      2       18
  MONTH TO DATE  308                       289     19      358
  SINCE JUN 1    308                       289     19      358
  SINCE JAN 1    705                       558    147      762
..................................................................


WIND (MPH)
  HIGHEST WIND SPEED    17   HIGHEST WIND DIRECTION     W (250)
  HIGHEST GUST SPEED    28   HIGHEST GUST DIRECTION     W (270)
  AVERAGE WIND SPEED     6.2


SKY COVER
  POSSIBLE SUNSHINE  MM
  AVERAGE SKY COVER 0.4


WEATHER CONDITIONS
 THE FOLLOWING WEATHER WAS RECORDED YESTERDAY.
  FOG


RELATIVE HUMIDITY (PERCENT)
 HIGHEST    94           500 AM
 LOWEST     51           500 PM
 AVERAGE    73

..........................................................


THE SHELBY COUNTY AIRPORT CLIMATE NORMALS FOR TODAY
                         NORMAL    RECORD    YEAR
 MAXIMUM TEMPERATURE (F)   89        MM        MM
 MINIMUM TEMPERATURE (F)   69        MM        MM


SUNRISE AND SUNSET
JUNE 25 2019..........SUNRISE   539 AM CDT   SUNSET   800 PM CDT
JUNE 26 2019..........SUNRISE   540 AM CDT   SUNSET   800 PM CDT


-  INDICATES NEGATIVE NUMBERS.
R  INDICATES RECORD WAS SET OR TIED.
MM INDICATES DATA IS MISSING.
T  INDICATES TRACE AMOUNT.




$$
