732
CDUS41 KRLX 192116
CLIEKN


CLIMATE REPORT
NATIONAL WEATHER SERVICE CHARLESTON WV
516 PM EDT FRI APR 19 2019


...................................

...THE ELKINS WV CLIMATE SUMMARY FOR APRIL 19 2019...
VALID TODAY AS OF 0500 PM LOCAL TIME.

CLIMATE NORMAL PERIOD 1981 TO 2010
CLIMATE RECORD PERIOD 1899 TO 2019


WEATHER ITEM   OBSERVED TIME   RECORD YEAR NORMAL DEPARTURE LAST
                VALUE   (LST)  VALUE       VALUE  FROM      YEAR
                                                  NORMAL
..................................................................
TEMPERATURE (F)
 TODAY
  MAXIMUM         71   1241 PM  85    1976  64      7       52
  MINIMUM         59    259 PM  20    1990  38     21       35
  AVERAGE         65                        51     14       44

PRECIPITATION (IN)
  TODAY            0.39          1.50 1998   0.12   0.27     0.18
  MONTH TO DATE    2.41                      2.37   0.04     4.28
  SINCE MAR 1      4.54                      6.33  -1.79     8.74
  SINCE JAN 1     12.26                     12.66  -0.40    19.55

DEGREE DAYS
 HEATING
  TODAY            0                        14    -14       21
  MONTH TO DATE  207                       324   -117      373
  SINCE MAR 1    990                      1104   -114     1301
  SINCE JUL 1   4884                      5425   -541     5253

 COOLING
  TODAY            0                         0      0        0
  MONTH TO DATE    0                         0      0        1
  SINCE MAR 1      0                         0      0        1
  SINCE JAN 1      0                         0      0        1
..................................................................


WIND (MPH)
  HIGHEST WIND SPEED    23   HIGHEST WIND DIRECTION     W (250)
  HIGHEST GUST SPEED    30   HIGHEST GUST DIRECTION    SW (240)
  AVERAGE WIND SPEED     9.6


SKY COVER
  POSSIBLE SUNSHINE  MM
  AVERAGE SKY COVER 0.5


WEATHER CONDITIONS
 THE FOLLOWING WEATHER WAS RECORDED TODAY.
  HEAVY RAIN
  RAIN
  LIGHT RAIN
  FOG


RELATIVE HUMIDITY (PERCENT)
 HIGHEST    87           300 PM
 LOWEST     49          1200 AM
 AVERAGE    68

..........................................................


THE ELKINS WV CLIMATE NORMALS FOR TOMORROW
                         NORMAL    RECORD    YEAR
 MAXIMUM TEMPERATURE (F)   65        88      1941
 MINIMUM TEMPERATURE (F)   38        14      1926


SUNRISE AND SUNSET
APRIL 19 2019.........SUNRISE   638 AM EDT   SUNSET   800 PM EDT
APRIL 20 2019.........SUNRISE   636 AM EDT   SUNSET   801 PM EDT


-  INDICATES NEGATIVE NUMBERS.
R  INDICATES RECORD WAS SET OR TIED.
MM INDICATES DATA IS MISSING.
T  INDICATES TRACE AMOUNT.




$$
