000
CDUS41 KRLX 272121
CLIEKN


CLIMATE REPORT
NATIONAL WEATHER SERVICE CHARLESTON WV
520 PM EDT SUN MAY 27 2018


...................................

...THE ELKINS WV CLIMATE SUMMARY FOR MAY 27 2018...
VALID TODAY AS OF 0500 PM LOCAL TIME.

CLIMATE NORMAL PERIOD 1981 TO 2010
CLIMATE RECORD PERIOD 1899 TO 2018


WEATHER ITEM   OBSERVED TIME   RECORD YEAR NORMAL DEPARTURE LAST
                VALUE   (LST)  VALUE       VALUE  FROM      YEAR
                                                  NORMAL
..................................................................
TEMPERATURE (F)
 TODAY
  MAXIMUM         83    344 PM  89    2012  73     10       72
  MINIMUM         65    516 AM  30    1983  49     16       52
                                      1949
                                      1925
  AVERAGE         74                        61     13       62

PRECIPITATION (IN)
  TODAY            T             2.18 1996   0.17  -0.17     0.09
  MONTH TO DATE    7.55                      4.46   3.09     3.77
  SINCE MAR 1     16.94                     12.22   4.72    12.86
  SINCE JAN 1     27.75                     18.55   9.20    20.11

DEGREE DAYS
 HEATING
  TODAY            0                         5     -5        3
  MONTH TO DATE   46                       217   -171      194
  SINCE MAR 1   1524                      1459     65     1184
  SINCE JUL 1   5476                      5780   -304     4587

 COOLING
  TODAY            9                         1      8        0
  MONTH TO DATE   82                        14     68       29
  SINCE MAR 1     83                        17     66       39
  SINCE JAN 1     83                        17     66       39
..................................................................


WIND (MPH)
  HIGHEST WIND SPEED    14   HIGHEST WIND DIRECTION     W (280)
  HIGHEST GUST SPEED    18   HIGHEST GUST DIRECTION     W (280)
  AVERAGE WIND SPEED     3.2


SKY COVER
  POSSIBLE SUNSHINE  MM
  AVERAGE SKY COVER 0.6


WEATHER CONDITIONS
 THE FOLLOWING WEATHER WAS RECORDED TODAY.
  LIGHT RAIN
  FOG


RELATIVE HUMIDITY (PERCENT)
 HIGHEST    93          1200 AM
 LOWEST     55           300 PM
 AVERAGE    74

..........................................................


THE ELKINS WV CLIMATE NORMALS FOR TOMORROW
                         NORMAL    RECORD    YEAR
 MAXIMUM TEMPERATURE (F)   73        88      2012
                                             1914
 MINIMUM TEMPERATURE (F)   49        31      1994


SUNRISE AND SUNSET
MAY 27 2018...........SUNRISE   558 AM EDT   SUNSET   835 PM EDT
MAY 28 2018...........SUNRISE   558 AM EDT   SUNSET   836 PM EDT


-  INDICATES NEGATIVE NUMBERS.
R  INDICATES RECORD WAS SET OR TIED.
MM INDICATES DATA IS MISSING.
T  INDICATES TRACE AMOUNT.




$$
