000
CDUS45 KLKN 160934
CLIEKO


CLIMATE REPORT
NATIONAL WEATHER SERVICE ELKO NV
234 AM PDT WED OCT 16 2019


...................................

...THE ELKO AIRPORT NV CLIMATE SUMMARY FOR OCTOBER 15 2019...

CLIMATE NORMAL PERIOD 1981 TO 2010
CLIMATE RECORD PERIOD 1888 TO 2019


WEATHER ITEM   OBSERVED TIME   RECORD YEAR NORMAL DEPARTURE LAST
                VALUE   (LST)  VALUE       VALUE  FROM      YEAR
                                                  NORMAL
..................................................................
TEMPERATURE (F)
 YESTERDAY
  MAXIMUM         73    245 PM  83    1991  65      8       57
                                      1917
  MINIMUM         23    347 AM  10    1897  29     -6       12
  AVERAGE         48                        47      1       35

PRECIPITATION (IN)
  YESTERDAY        0.00          0.63 1965   0.03  -0.03     0.00
  MONTH TO DATE    T                         0.32  -0.32     0.61
  SINCE OCT 1      T                         0.32  -0.32     0.61
  SINCE JAN 1     12.49                      7.17   5.32     7.13

SNOWFALL (IN)
  YESTERDAY        0.0           2.9  1971   0.0    0.0      0.0
  MONTH TO DATE    0.0                       0.1   -0.1      0.0
  SINCE SEP 1      T                         0.2   -0.2      0.0
  SINCE JUL 1      T                         0.2   -0.2      0.0
  SNOW DEPTH       0

DEGREE DAYS
 HEATING
  YESTERDAY       17                        18     -1       30
  MONTH TO DATE  312                       231     81      265
  SINCE SEP 1    524                       438     86      394
  SINCE JUL 1    529                       489     40      407

 COOLING
  YESTERDAY        0                         0      0        0
  MONTH TO DATE    0                         0      0        0
  SINCE SEP 1     47                        21     26       24
  SINCE JAN 1    503                       383    120      678
..................................................................


WIND (MPH)
  HIGHEST WIND SPEED    13   HIGHEST WIND DIRECTION     W (260)
  HIGHEST GUST SPEED    16   HIGHEST GUST DIRECTION     W (250)
  AVERAGE WIND SPEED     3.6



WEATHER CONDITIONS
 THE FOLLOWING WEATHER WAS RECORDED YESTERDAY.
  NO SIGNIFICANT WEATHER WAS OBSERVED.


RELATIVE HUMIDITY (PERCENT)
 HIGHEST    68           400 AM
 LOWEST     11           400 PM
 AVERAGE    40

..........................................................


THE ELKO AIRPORT NV CLIMATE NORMALS FOR TODAY
                         NORMAL    RECORD    YEAR
 MAXIMUM TEMPERATURE (F)   65        85      1926
 MINIMUM TEMPERATURE (F)   29         9      1898


SUNRISE AND SUNSET
OCTOBER 16 2019.......SUNRISE   655 AM PDT   SUNSET   601 PM PDT
OCTOBER 17 2019.......SUNRISE   656 AM PDT   SUNSET   600 PM PDT


-  INDICATES NEGATIVE NUMBERS.
R  INDICATES RECORD WAS SET OR TIED.
MM INDICATES DATA IS MISSING.
T  INDICATES TRACE AMOUNT.




$$
