000
CDUS45 KLKN 260031
CLIEKO


CLIMATE REPORT
NATIONAL WEATHER SERVICE ELKO NV
531 PM PDT THU APR 25 2019


...................................

...THE ELKO AIRPORT NV CLIMATE SUMMARY FOR APRIL 25 2019...
VALID TODAY AS OF 0500 PM LOCAL TIME.

CLIMATE NORMAL PERIOD 1981 TO 2010
CLIMATE RECORD PERIOD 1888 TO 2019


WEATHER ITEM   OBSERVED TIME   RECORD YEAR NORMAL DEPARTURE LAST
                VALUE   (LST)  VALUE       VALUE  FROM      YEAR
                                                  NORMAL
..................................................................
TEMPERATURE (F)
 TODAY
  MAXIMUM         76    359 PM  84    1910  62     14       75
  MINIMUM         43    158 AM  14    1899  33     10       31
  AVERAGE         60                        47     13       53

PRECIPITATION (IN)
  TODAY            0.00          0.70 1888   0.03  -0.03     0.00
  MONTH TO DATE    0.70                      0.80  -0.10     0.93
  SINCE OCT 1      9.41                      6.82   2.59     5.60
  SINCE JAN 1      6.28                      3.76   2.52     3.90

SNOWFALL (IN)
  TODAY            0.0           1.4  1983   0.1   -0.1      0.0
  MONTH TO DATE    0.3                       2.9   -2.6      0.5
  SINCE MAR 1     10.7                       8.0    2.7     14.3
  SINCE JUL 1     53.2                      40.5   12.7     28.2
  SNOW DEPTH       0

DEGREE DAYS
 HEATING
  TODAY            5                        18    -13       12
  MONTH TO DATE  399                       511   -112      465
  SINCE MAR 1   1214                      1320   -106     1333
  SINCE JUL 1   6213                      6488   -275     5975

 COOLING
  TODAY            0                         0      0        0
  MONTH TO DATE    0                         0      0        0
  SINCE MAR 1      0                         0      0        0
  SINCE JAN 1      0                         0      0        0
..................................................................


WIND (MPH)
  HIGHEST WIND SPEED    17   HIGHEST WIND DIRECTION     W (250)
  HIGHEST GUST SPEED    22   HIGHEST GUST DIRECTION     W (260)



WEATHER CONDITIONS
 THE FOLLOWING WEATHER WAS RECORDED TODAY.
  NO SIGNIFICANT WEATHER WAS OBSERVED.


RELATIVE HUMIDITY (PERCENT)
 HIGHEST    89           200 AM
 LOWEST     25           400 PM
 AVERAGE    57

..........................................................


THE ELKO AIRPORT NV CLIMATE NORMALS FOR TOMORROW
                         NORMAL    RECORD    YEAR
 MAXIMUM TEMPERATURE (F)   63        84      1987
                                             1927
 MINIMUM TEMPERATURE (F)   33        13      1899


SUNRISE AND SUNSET
APRIL 25 2019.........SUNRISE   550 AM PDT   SUNSET   733 PM PDT
APRIL 26 2019.........SUNRISE   548 AM PDT   SUNSET   734 PM PDT


-  INDICATES NEGATIVE NUMBERS.
R  INDICATES RECORD WAS SET OR TIED.
MM INDICATES DATA IS MISSING.
T  INDICATES TRACE AMOUNT.




$$
