000
CDUS45 KLKN 150928
CLIEKO


CLIMATE REPORT
NATIONAL WEATHER SERVICE ELKO NV
228 AM PDT SAT JUN 15 2019


...................................

...THE ELKO AIRPORT NV CLIMATE SUMMARY FOR JUNE 14 2019...

CLIMATE NORMAL PERIOD 1981 TO 2010
CLIMATE RECORD PERIOD 1888 TO 2019


WEATHER ITEM   OBSERVED TIME   RECORD YEAR NORMAL DEPARTURE LAST
                VALUE   (LST)  VALUE       VALUE  FROM      YEAR
                                                  NORMAL
..................................................................
TEMPERATURE (F)
 YESTERDAY
  MAXIMUM         82    406 PM  98    1974  79      3       88
  MINIMUM         49    341 AM  23    1976  44      5       52
  AVERAGE         66                        62      4       70

PRECIPITATION (IN)
  YESTERDAY        0.00          0.75 1892   0.02  -0.02     0.00
  MONTH TO DATE    0.01                      0.39  -0.38      T
  SINCE OCT 1     13.02                      8.34   4.68     7.88
  SINCE JAN 1      9.89                      5.28   4.61     6.18

SNOWFALL (IN)
  YESTERDAY        0.0           0.0  1888   0.0    0.0      0.0
  MONTH TO DATE    0.0                       0.0    0.0      0.0
  SINCE JUN 1      0.0                       0.0    0.0      0.0
  SINCE JUL 1     54.5                      41.3   13.2     28.2
  SNOW DEPTH       0

DEGREE DAYS
 HEATING
  YESTERDAY        0                         4     -4        0
  MONTH TO DATE   56                        87    -31       39
  SINCE JUN 1     56                        87    -31       39
  SINCE JUL 1   6757                      7022   -265     6339

 COOLING
  YESTERDAY        1                         1      0        5
  MONTH TO DATE   18                        13      5       26
  SINCE JUN 1     18                        13      5       26
  SINCE JAN 1     18                        17      1       27
..................................................................


WIND (MPH)
  HIGHEST WIND SPEED    17   HIGHEST WIND DIRECTION     W (270)
  HIGHEST GUST SPEED    23   HIGHEST GUST DIRECTION     W (260)
  AVERAGE WIND SPEED     6.0



WEATHER CONDITIONS
 THE FOLLOWING WEATHER WAS RECORDED YESTERDAY.
  THUNDERSTORM


RELATIVE HUMIDITY (PERCENT)
 HIGHEST    83           100 AM
 LOWEST     26           300 PM
 AVERAGE    55

..........................................................


THE ELKO AIRPORT NV CLIMATE NORMALS FOR TODAY
                         NORMAL    RECORD    YEAR
 MAXIMUM TEMPERATURE (F)   80        97      1940
 MINIMUM TEMPERATURE (F)   44        23      1945


SUNRISE AND SUNSET
JUNE 15 2019..........SUNRISE   511 AM PDT   SUNSET   816 PM PDT
JUNE 16 2019..........SUNRISE   511 AM PDT   SUNSET   817 PM PDT


-  INDICATES NEGATIVE NUMBERS.
R  INDICATES RECORD WAS SET OR TIED.
MM INDICATES DATA IS MISSING.
T  INDICATES TRACE AMOUNT.




$$
