000
CDUS44 KSHV 152150
CLIELD


CLIMATE REPORT
NATIONAL WEATHER SERVICE SHREVEPORT, LA
450 PM CDT SAT JUN 15 2019


...................................

...THE EL DORADO CLIMATE SUMMARY FOR JUNE 15 2019...
VALID TODAY AS OF 0400 PM LOCAL TIME.

CLIMATE NORMAL PERIOD 1981 TO 2010
CLIMATE RECORD PERIOD 1907 TO 2019


WEATHER ITEM   OBSERVED TIME   RECORD YEAR NORMAL DEPARTURE LAST
                VALUE   (LST)  VALUE       VALUE  FROM      YEAR
                                                  NORMAL
..................................................................
TEMPERATURE (F)
 TODAY
  MAXIMUM         93    237 PM 102    1948  89      4       94
  MINIMUM         69    617 AM  53    1978  68      1       71
  AVERAGE         81                        78      3       83

PRECIPITATION (IN)
  TODAY            T             1.40 1942   0.17  -0.17     0.00
  MONTH TO DATE    0.93                      2.31  -1.38     1.84
  SINCE DEC 1     47.62                     30.47  17.15    34.32
  SINCE JAN 1     36.32                     25.29  11.03    28.69

DEGREE DAYS
 HEATING
  TODAY            0                         0      0        0
  MONTH TO DATE    0                         0      0        0
  SINCE JUN 1      0                         0      0        0
  SINCE JUL 1   2580                      2673    -93     2515

 COOLING
  TODAY           16                        13      3       18
  MONTH TO DATE  172                       177     -5      237
  SINCE JUN 1    172                       177     -5      237
  SINCE JAN 1    529                       488     41      686
..................................................................


WIND (MPH)
  HIGHEST WIND SPEED    17   HIGHEST WIND DIRECTION     S (190)
  HIGHEST GUST SPEED    23   HIGHEST GUST DIRECTION     S (200)
  AVERAGE WIND SPEED     8.1


SKY COVER
  POSSIBLE SUNSHINE  MM
  AVERAGE SKY COVER 0.2


WEATHER CONDITIONS
 THE FOLLOWING WEATHER WAS RECORDED TODAY.
  HAZE


RELATIVE HUMIDITY (PERCENT)
 HIGHEST    97           600 AM
 LOWEST     52           200 PM
 AVERAGE    75

..........................................................


THE EL DORADO CLIMATE NORMALS FOR TOMORROW
                         NORMAL    RECORD    YEAR
 MAXIMUM TEMPERATURE (F)   89       104      1936
 MINIMUM TEMPERATURE (F)   68        50      1917


SUNRISE AND SUNSET
JUNE 15 2019..........SUNRISE   602 AM CDT   SUNSET   822 PM CDT
JUNE 16 2019..........SUNRISE   602 AM CDT   SUNSET   822 PM CDT


-  INDICATES NEGATIVE NUMBERS.
R  INDICATES RECORD WAS SET OR TIED.
MM INDICATES DATA IS MISSING.
T  INDICATES TRACE AMOUNT.




$$
