000
CDUS44 KSHV 190758
CLIELD


CLIMATE REPORT
NATIONAL WEATHER SERVICE SHREVEPORT, LA
257 AM CDT THU APR 19 2018


...................................

...THE EL DORADO CLIMATE SUMMARY FOR APRIL 18 2018...

CLIMATE NORMAL PERIOD 1981 TO 2010
CLIMATE RECORD PERIOD 1907 TO 2018


WEATHER ITEM   OBSERVED TIME   RECORD YEAR NORMAL DEPARTURE LAST
                VALUE   (LST)  VALUE       VALUE  FROM      YEAR
                                                  NORMAL
..................................................................
TEMPERATURE (F)
 YESTERDAY
  MAXIMUM         81    450 PM  95    1987  76      5       82
  MINIMUM         54   1159 PM  33    1921  52      2       60
  AVERAGE         68                        64      4       71

PRECIPITATION (IN)
  YESTERDAY        0.00          1.28 2013   0.14  -0.14     0.08
  MONTH TO DATE    2.82                      2.41   0.41     7.18
  SINCE DEC 1     29.95                     21.43   8.52    23.59
  SINCE JAN 1     24.32                     16.25   8.07    17.30

SNOWFALL (IN)
  YESTERDAY        0.0
  MONTH TO DATE    0.0
  SINCE MAR 1      0.0
  SINCE JUL 1      2.8
  SNOW DEPTH       0

DEGREE DAYS
 HEATING
  YESTERDAY        0                         3     -3        0
  MONTH TO DATE  133                        89     44       28
  SINCE MAR 1    369                       397    -28      240
  SINCE JUL 1   2471                      2625   -154     1692

 COOLING
  YESTERDAY        3                         2      1        6
  MONTH TO DATE   16                        34    -18       49
  SINCE MAR 1     46                        56    -10      102
  SINCE JAN 1     71                        62      9      129
..................................................................


WIND (MPH)
  HIGHEST WIND SPEED    20   HIGHEST WIND DIRECTION    SW (230)
  HIGHEST GUST SPEED    28   HIGHEST GUST DIRECTION    SW (220)
  AVERAGE WIND SPEED     8.8


SKY COVER
  POSSIBLE SUNSHINE  MM
  AVERAGE SKY COVER 0.4


WEATHER CONDITIONS
 THE FOLLOWING WEATHER WAS RECORDED YESTERDAY.
  NO SIGNIFICANT WEATHER WAS OBSERVED.


RELATIVE HUMIDITY (PERCENT)
 HIGHEST   100           300 AM
 LOWEST     33           600 PM
 AVERAGE    67

..........................................................


THE EL DORADO CLIMATE NORMALS FOR TODAY
                         NORMAL    RECORD    YEAR
 MAXIMUM TEMPERATURE (F)   77        94      1987
 MINIMUM TEMPERATURE (F)   52        34      1983


SUNRISE AND SUNSET
APRIL 19 2018.........SUNRISE   636 AM CDT   SUNSET   745 PM CDT
APRIL 20 2018.........SUNRISE   635 AM CDT   SUNSET   746 PM CDT


-  INDICATES NEGATIVE NUMBERS.
R  INDICATES RECORD WAS SET OR TIED.
MM INDICATES DATA IS MISSING.
T  INDICATES TRACE AMOUNT.




$$
