000
CDUS44 KEPZ 160926
CLIELP


CLIMATE REPORT
NATIONAL WEATHER SERVICE EL PASO, TX
326 AM MDT SUN JUN 16 2019


...................................

...THE EL PASO CLIMATE SUMMARY FOR JUNE 15 2019...

CLIMATE NORMAL PERIOD 1981 TO 2010
CLIMATE RECORD PERIOD 1879 TO 2019


WEATHER ITEM   OBSERVED TIME   RECORD YEAR NORMAL DEPARTURE LAST
                VALUE   (LST)  VALUE       VALUE  FROM      YEAR
                                                  NORMAL
..................................................................
TEMPERATURE (F)
 YESTERDAY
  MAXIMUM         95    359 PM 108    1980  96     -1       96
  MINIMUM         78    937 PM  52    1901  68     10       73
  AVERAGE         87                        82      5       85

PRECIPITATION (IN)
  YESTERDAY        0.00          0.69 1984   0.03  -0.03      T
  MONTH TO DATE    0.97                      0.34   0.63     0.06
  SINCE JUN 1      0.97                      0.34   0.63     0.06
  SINCE JAN 1      1.68                      2.16  -0.48     1.45

SNOWFALL (IN)
  YESTERDAY        0.0                                       0.0
  MONTH TO DATE    0.0                                       0.0
  SINCE JUN 1      0.0                                       0.0
  SINCE JUL 1      0.4                                       0.1
  SNOW DEPTH       0

DEGREE DAYS
 HEATING
  YESTERDAY        0                         0      0        0
  MONTH TO DATE    0                         0      0        0
  SINCE JUN 1      0                         0      0        0
  SINCE JUL 1   2148                      2474   -326     1643

 COOLING
  YESTERDAY       22                        17      5       20
  MONTH TO DATE  239                       233      6      341
  SINCE JUN 1    239                       233      6      341
  SINCE JAN 1    680                       610     70     1018
..................................................................


WIND (MPH)
  HIGHEST WIND SPEED    30   HIGHEST WIND DIRECTION     W (250)
  HIGHEST GUST SPEED    36   HIGHEST GUST DIRECTION     W (250)
  AVERAGE WIND SPEED    14.9


SKY COVER
  POSSIBLE SUNSHINE  MM
  AVERAGE SKY COVER 0.2


WEATHER CONDITIONS
 THE FOLLOWING WEATHER WAS RECORDED YESTERDAY.
  NO SIGNIFICANT WEATHER WAS OBSERVED.


RELATIVE HUMIDITY (PERCENT)
 HIGHEST    21           500 AM
 LOWEST      6           500 PM
 AVERAGE    14

..........................................................


THE EL PASO CLIMATE NORMALS FOR TODAY
                         NORMAL    RECORD    YEAR
 MAXIMUM TEMPERATURE (F)   96       108      1980
 MINIMUM TEMPERATURE (F)   68        53      1901


SUNRISE AND SUNSET
JUNE 16 2019..........SUNRISE   600 AM MDT   SUNSET   813 PM MDT
JUNE 17 2019..........SUNRISE   600 AM MDT   SUNSET   813 PM MDT


-  INDICATES NEGATIVE NUMBERS.
R  INDICATES RECORD WAS SET OR TIED.
MM INDICATES DATA IS MISSING.
T  INDICATES TRACE AMOUNT.




$$
