000
CDUS44 KEPZ 192326
CLIELP


CLIMATE REPORT
NATIONAL WEATHER SERVICE EL PASO, TX
526 PM MDT FRI APR 19 2019


...................................

...THE EL PASO CLIMATE SUMMARY FOR APRIL 19 2019...
VALID TODAY AS OF 500 PM LOCAL TIME.

CLIMATE NORMAL PERIOD 1981 TO 2010
CLIMATE RECORD PERIOD 1879 TO 2019


WEATHER ITEM   OBSERVED TIME   RECORD YEAR NORMAL DEPARTURE LAST
                VALUE   (LST)  VALUE       VALUE  FROM      YEAR
                                                  NORMAL
..................................................................
TEMPERATURE (F)
 TODAY
  MAXIMUM         85    334 PM  95    1994  80      5       84
  MINIMUM         51    423 AM  34    1975  52     -1       57

PRECIPITATION (IN)
  TODAY            0.00                      0.01  -0.01      T
  MONTH TO DATE    T                         0.14  -0.14      T
  SINCE MAR 1      0.25                      0.40  -0.15     0.21
  SINCE JAN 1      0.47                      1.26  -0.79     0.98

SNOWFALL (IN)
  TODAY            0.0                                       0.0
  MONTH TO DATE    0.0                                       0.0
  SINCE JUL 1      0.4                                       0.1

..................................................................


WIND (MPH)
  HIGHEST WIND SPEED    13   HIGHEST WIND DIRECTION    NW (320)
  HIGHEST GUST SPEED    17   HIGHEST GUST DIRECTION    SW (240)


SKY COVER
  AVERAGE SKY COVER 0.2


WEATHER CONDITIONS
 THE FOLLOWING WEATHER WAS RECORDED TODAY.
  NO SIGNIFICANT WEATHER WAS OBSERVED.


RELATIVE HUMIDITY (PERCENT)
 HIGHEST    39           700 AM
 LOWEST      9           400 PM

..........................................................


THE EL PASO CLIMATE NORMALS FOR TOMORROW
                         NORMAL    RECORD    YEAR
 MAXIMUM TEMPERATURE (F)   80        96      1989
 MINIMUM TEMPERATURE (F)   52        36      1975
                                             1920


SUNRISE AND SUNSET
APRIL 19 2019.........SUNRISE   633 AM MDT   SUNSET   737 PM MDT
APRIL 20 2019.........SUNRISE   631 AM MDT   SUNSET   738 PM MDT


-  INDICATES NEGATIVE NUMBERS.
R  INDICATES RECORD WAS SET OR TIED.
MM INDICATES DATA IS MISSING.
T  INDICATES TRACE AMOUNT.




$$
