000
CDUS45 KLKN 200926
CLIELY


CLIMATE REPORT
NATIONAL WEATHER SERVICE ELKO NV
226 AM PDT SAT JUL 20 2019


...................................

...THE ELY AIRPORT NV CLIMATE SUMMARY FOR JULY 19 2019...

CLIMATE NORMAL PERIOD 1981 TO 2010
CLIMATE RECORD PERIOD 1893 TO 2019


WEATHER ITEM   OBSERVED TIME   RECORD YEAR NORMAL DEPARTURE LAST
                VALUE   (LST)  VALUE       VALUE  FROM      YEAR
                                                  NORMAL
..................................................................
TEMPERATURE (F)
 YESTERDAY
  MAXIMUM         90    411 PM  99    2005  88      2       95
  MINIMUM         48    501 AM  35    1897  49     -1       57
  AVERAGE         69                        69      0       76

PRECIPITATION (IN)
  YESTERDAY        0.00          0.28 2015   0.03  -0.03      T
  MONTH TO DATE    0.01                      0.33  -0.32     1.06
  SINCE OCT 1     13.81                      7.72   6.09     5.85
  SINCE JAN 1     11.57                      5.43   6.14     5.27

SNOWFALL (IN)
  YESTERDAY        0.0           0.0  1893   0.0    0.0      0.0
  MONTH TO DATE    0.0                       0.0    0.0      0.0
  SINCE JUN 1      0.0                       0.1   -0.1      0.0
  SINCE JUL 1      0.0                       0.0    0.0      0.0
  SNOW DEPTH       0

DEGREE DAYS
 HEATING
  YESTERDAY        0                         0      0        0
  MONTH TO DATE   10                        20    -10        1
  SINCE JUN 1    200                       195      5       85
  SINCE JUL 1     10                        20    -10        1

 COOLING
  YESTERDAY        4                         4      0       11
  MONTH TO DATE   49                        62    -13      128
  SINCE JUN 1     54                        85    -31      166
  SINCE JAN 1     54                        86    -32      166
..................................................................


WIND (MPH)
  HIGHEST WIND SPEED    17   HIGHEST WIND DIRECTION    SW (230)
  HIGHEST GUST SPEED    26   HIGHEST GUST DIRECTION    SW (240)
  AVERAGE WIND SPEED    10.1



WEATHER CONDITIONS
 THE FOLLOWING WEATHER WAS RECORDED YESTERDAY.
  NO SIGNIFICANT WEATHER WAS OBSERVED.


RELATIVE HUMIDITY (PERCENT)
 HIGHEST    34           500 AM
 LOWEST      7          1100 AM
 AVERAGE    21

..........................................................


THE ELY AIRPORT NV CLIMATE NORMALS FOR TODAY
                         NORMAL    RECORD    YEAR
 MAXIMUM TEMPERATURE (F)   89        98      2005
 MINIMUM TEMPERATURE (F)   49        39      1950


SUNRISE AND SUNSET
JULY 20 2019..........SUNRISE   529 AM PDT   SUNSET   802 PM PDT
JULY 21 2019..........SUNRISE   530 AM PDT   SUNSET   801 PM PDT


-  INDICATES NEGATIVE NUMBERS.
R  INDICATES RECORD WAS SET OR TIED.
MM INDICATES DATA IS MISSING.
T  INDICATES TRACE AMOUNT.




$$
