000
CDUS45 KLKN 220937
CLIELY


CLIMATE REPORT
NATIONAL WEATHER SERVICE ELKO NV
236 AM PDT MON APR 22 2019


...................................

...THE ELY AIRPORT NV CLIMATE SUMMARY FOR APRIL 21 2019...

CLIMATE NORMAL PERIOD 1981 TO 2010
CLIMATE RECORD PERIOD 1893 TO 2019


WEATHER ITEM   OBSERVED TIME   RECORD YEAR NORMAL DEPARTURE LAST
                VALUE   (LST)  VALUE       VALUE  FROM      YEAR
                                                  NORMAL
..................................................................
TEMPERATURE (F)
 YESTERDAY
  MAXIMUM         42    435 PM  79    2012  59    -17       70
                                      1994
  MINIMUM         37   1159 PM   0    1963  28      9       23
  AVERAGE         40                        44     -4       47

PRECIPITATION (IN)
  YESTERDAY        0.81R         0.80 1900   0.03   0.78     0.00
  MONTH TO DATE    2.60                      0.65   1.95     0.24
  SINCE OCT 1     10.84                      5.32   5.52     3.59
  SINCE JAN 1      8.60                      3.03   5.57     3.01

SNOWFALL (IN)
  YESTERDAY        0.0           8.0  1900   0.1   -0.1      0.0
  MONTH TO DATE    2.3                       3.9   -1.6      0.2
  SINCE MAR 1     22.4                      12.2   10.2     17.3
  SINCE JUL 1     66.6                      47.1   19.5     43.8
  SNOW DEPTH       0

DEGREE DAYS
 HEATING
  YESTERDAY       25                        21      4       18
  MONTH TO DATE  450                       498    -48      441
  SINCE MAR 1   1358                      1388    -30     1375
  SINCE JUL 1   6609                      6725   -116     6172

 COOLING
  YESTERDAY        0                         0      0        0
  MONTH TO DATE    0                         0      0        0
  SINCE MAR 1      0                         0      0        0
  SINCE JAN 1      0                         0      0        0
..................................................................


WIND (MPH)
  HIGHEST WIND SPEED    18   HIGHEST WIND DIRECTION    NW (320)
  HIGHEST GUST SPEED    23   HIGHEST GUST DIRECTION    NW (320)
  AVERAGE WIND SPEED     5.6



WEATHER CONDITIONS
 THE FOLLOWING WEATHER WAS RECORDED YESTERDAY.
  RAIN
  LIGHT RAIN
  FOG


RELATIVE HUMIDITY (PERCENT)
 HIGHEST    89          1200 AM
 LOWEST     64           900 AM
 AVERAGE    77

..........................................................


THE ELY AIRPORT NV CLIMATE NORMALS FOR TODAY
                         NORMAL    RECORD    YEAR
 MAXIMUM TEMPERATURE (F)   60        80      2012
 MINIMUM TEMPERATURE (F)   28        -5      1963


SUNRISE AND SUNSET
APRIL 22 2019.........SUNRISE   553 AM PDT   SUNSET   724 PM PDT
APRIL 23 2019.........SUNRISE   551 AM PDT   SUNSET   725 PM PDT


-  INDICATES NEGATIVE NUMBERS.
R  INDICATES RECORD WAS SET OR TIED.
MM INDICATES DATA IS MISSING.
T  INDICATES TRACE AMOUNT.




$$
