000
CDUS43 KTOP 170634
CLIEMP


CLIMATE REPORT
NATIONAL WEATHER SERVICE TOPEKA KS
133 AM CDT MON JUN 17 2019


...................................

...THE EMPORIA KS CLIMATE SUMMARY FOR JUNE 16 2019...

CLIMATE NORMAL PERIOD 1981 TO 2010
CLIMATE RECORD PERIOD 9999 TO 9999


WEATHER ITEM   OBSERVED NORMAL DEPARTURE LAST
                VALUE   VALUE  FROM      YEAR
                               NORMAL
...............................................
TEMPERATURE (F)
 YESTERDAY
  MAXIMUM         82     84     -2       92
  MINIMUM         65     63      2       73
  AVERAGE         74     74      0       83

PRECIPITATION (IN)
  YESTERDAY        T      0.21  -0.21     0.00
  MONTH TO DATE    1.32   3.29  -1.97     0.69
  SINCE JUN 1      1.32   3.29  -1.97     0.69
  SINCE JAN 1     23.53  15.97   7.56    10.04

DEGREE DAYS
 HEATING
  YESTERDAY        0      0      0        0
  MONTH TO DATE    1      5     -4        0
  SINCE JUN 1      1      5     -4        0
  SINCE JUL 1   5162   4816    346     4812

 COOLING
  YESTERDAY        9      9      0       18
  MONTH TO DATE  103    115    -12      205
  SINCE JUN 1    103    115    -12      205
  SINCE JAN 1    197    234    -37      452
...............................................


WIND (MPH)
  HIGHEST WIND SPEED    21   HIGHEST WIND DIRECTION     S (180)
  HIGHEST GUST SPEED    27   HIGHEST GUST DIRECTION     S (190)
  AVERAGE WIND SPEED     7.2


SKY COVER
  AVERAGE SKY COVER 0.2


WEATHER CONDITIONS
 THE FOLLOWING WEATHER WAS RECORDED YESTERDAY.
  THUNDERSTORM
  LIGHT RAIN
  FOG


RELATIVE HUMIDITY (PERCENT)
 HIGHEST   100
 LOWEST     58
 AVERAGE    79

..........................................................


THE EMPORIA KS CLIMATE NORMALS FOR TODAY
                         NORMAL
 MAXIMUM TEMPERATURE (F)   84
 MINIMUM TEMPERATURE (F)   63


SUNRISE AND SUNSET
JUNE 17 2019..........SUNRISE   601 AM CDT   SUNSET   851 PM CDT
JUNE 18 2019..........SUNRISE   601 AM CDT   SUNSET   851 PM CDT


-  INDICATES NEGATIVE NUMBERS.
R  INDICATES RECORD WAS SET OR TIED.
MM INDICATES DATA IS MISSING.
T  INDICATES TRACE AMOUNT.




$$
