000
CDUS46 KOTX 220825
CLIEPH


CLIMATE REPORT
NATIONAL WEATHER SERVICE SPOKANE, WA
125 AM PDT MON APR 22 2019


...................................

...THE EPHRATA WA AIRPORT CLIMATE SUMMARY FOR APRIL 21 2019...

CLIMATE NORMAL PERIOD 1981 TO 2010
CLIMATE RECORD PERIOD 9999 TO 9999


WEATHER ITEM   OBSERVED TIME   RECORD YEAR NORMAL DEPARTURE LAST
                VALUE   (LST)  VALUE       VALUE  FROM      YEAR
                                                  NORMAL
..................................................................
TEMPERATURE (F)
 YESTERDAY
  MAXIMUM         71    311 PM  86    1956  64      7       62
  MINIMUM         44   1156 PM  24    1985  39      5       44
  AVERAGE         58                        52      6       53

PRECIPITATION (IN)
  YESTERDAY        0.00          0.14 2014   0.02  -0.02      T
  MONTH TO DATE    0.65                      0.36   0.29     1.06
  SINCE OCT 1      4.65                      5.52  -0.87     5.95
  SINCE JAN 1      2.04                      2.69  -0.65     3.37

SNOWFALL (IN)
  YESTERDAY       MM

DEGREE DAYS
 HEATING
  YESTERDAY        7                        14     -7       12
  MONTH TO DATE  267                       330    -63      340
  SINCE MAR 1   1161                      1014    147     1013
  SINCE JUL 1   5533                      5587    -54     5247

 COOLING
  YESTERDAY        0                         0      0        0
  MONTH TO DATE    0                         0      0        0
  SINCE MAR 1      0                         0      0        0
  SINCE JAN 1      0                         0      0        0
..................................................................


WIND (MPH)
  HIGHEST WIND SPEED    17   HIGHEST WIND DIRECTION     N (340)
  HIGHEST GUST SPEED    22   HIGHEST GUST DIRECTION     N (350)
  AVERAGE WIND SPEED     8.3


SKY COVER
  POSSIBLE SUNSHINE  MM
  AVERAGE SKY COVER 0.0


WEATHER CONDITIONS
 THE FOLLOWING WEATHER WAS RECORDED YESTERDAY.
  NO SIGNIFICANT WEATHER WAS OBSERVED.


RELATIVE HUMIDITY (PERCENT)
 HIGHEST    54          1000 PM
 LOWEST     17          1200 PM
 AVERAGE    36

..........................................................


THE EPHRATA WA AIRPORT CLIMATE NORMALS FOR TODAY
                         NORMAL    RECORD    YEAR
 MAXIMUM TEMPERATURE (F)   65        83      2012
 MINIMUM TEMPERATURE (F)   39        28      2008
                                             1985


SUNRISE AND SUNSET
APRIL 22 2019.........SUNRISE   557 AM PDT   SUNSET   757 PM PDT
APRIL 23 2019.........SUNRISE   555 AM PDT   SUNSET   758 PM PDT


-  INDICATES NEGATIVE NUMBERS.
R  INDICATES RECORD WAS SET OR TIED.
MM INDICATES DATA IS MISSING.
T  INDICATES TRACE AMOUNT.




$$
