000
CDUS46 KOTX 160824
CLIEPH


CLIMATE REPORT
NATIONAL WEATHER SERVICE SPOKANE, WA
124 AM PDT SUN JUN 16 2019


...................................

...THE EPHRATA WA AIRPORT CLIMATE SUMMARY FOR JUNE 15 2019...

CLIMATE NORMAL PERIOD 1981 TO 2010
CLIMATE RECORD PERIOD 9999 TO 9999


WEATHER ITEM   OBSERVED TIME   RECORD YEAR NORMAL DEPARTURE LAST
                VALUE   (LST)  VALUE       VALUE  FROM      YEAR
                                                  NORMAL
..................................................................
TEMPERATURE (F)
 YESTERDAY
  MAXIMUM         87    517 PM 100    1999  79      8       80
  MINIMUM         54    455 AM  37    2016  53      1       54
  AVERAGE         71                        66      5       67

PRECIPITATION (IN)
  YESTERDAY        0.00          0.43 1954   0.02  -0.02     0.02
  MONTH TO DATE    T                         0.35  -0.35     0.11
  SINCE OCT 1      5.48                      6.64  -1.16     7.50
  SINCE JAN 1      2.87                      3.81  -0.94     4.92

SNOWFALL (IN)
  YESTERDAY       MM

DEGREE DAYS
 HEATING
  YESTERDAY        0                         2     -2        0
  MONTH TO DATE   18                        39    -21       27
  SINCE JUN 1     18                        39    -21       27
  SINCE JUL 1   5744                      5948   -204     5373

 COOLING
  YESTERDAY        6                         3      3        2
  MONTH TO DATE  101                        39     62       14
  SINCE JUN 1    101                        39     62       14
  SINCE JAN 1    160                        76     84      122
..................................................................


WIND (MPH)
  HIGHEST WIND SPEED    14   HIGHEST WIND DIRECTION    NW (310)
  HIGHEST GUST SPEED    21   HIGHEST GUST DIRECTION    SW (210)
  AVERAGE WIND SPEED     5.9


SKY COVER
  POSSIBLE SUNSHINE  MM
  AVERAGE SKY COVER 0.0


WEATHER CONDITIONS
 THE FOLLOWING WEATHER WAS RECORDED YESTERDAY.
  NO SIGNIFICANT WEATHER WAS OBSERVED.


RELATIVE HUMIDITY (PERCENT)
 HIGHEST    77           500 AM
 LOWEST     17           700 PM
 AVERAGE    47

..........................................................


THE EPHRATA WA AIRPORT CLIMATE NORMALS FOR TODAY
                         NORMAL    RECORD    YEAR
 MAXIMUM TEMPERATURE (F)   80       102      1961
 MINIMUM TEMPERATURE (F)   54        41      1998


SUNRISE AND SUNSET
JUNE 16 2019..........SUNRISE   501 AM PDT   SUNSET   857 PM PDT
JUNE 17 2019..........SUNRISE   501 AM PDT   SUNSET   857 PM PDT


-  INDICATES NEGATIVE NUMBERS.
R  INDICATES RECORD WAS SET OR TIED.
MM INDICATES DATA IS MISSING.
T  INDICATES TRACE AMOUNT.




$$
