000
CDUS41 KCLE 160529
CLIERI


CLIMATE REPORT
NATIONAL WEATHER SERVICE CLEVELAND OH
129 AM EDT SUN JUN 16 2019


...................................

...THE ERIE PA CLIMATE SUMMARY FOR JUNE 15 2019...

CLIMATE NORMAL PERIOD 1981 TO 2010
CLIMATE RECORD PERIOD 1873 TO 2019


WEATHER ITEM   OBSERVED TIME   RECORD YEAR NORMAL DEPARTURE LAST
                VALUE   (LST)  VALUE       VALUE  FROM      YEAR
                                                  NORMAL
..................................................................
TEMPERATURE (F)
 YESTERDAY
  MAXIMUM         69   1027 AM  91    1991  76     -7       75
  MINIMUM         63   1240 PM  43    1978  59      4       52
  AVERAGE         66                        67     -1       64

PRECIPITATION (IN)
  YESTERDAY        0.15                      0.13   0.02     0.00
  MONTH TO DATE    2.01                      1.88   0.13     0.94
  SINCE JUN 1      2.01                      1.88   0.13     0.94
  SINCE JAN 1     18.08                     16.94   1.14    20.91

SNOWFALL (IN)
  YESTERDAY        0.0                       0.0    0.0      0.0
  MONTH TO DATE    0.0                       0.0    0.0      0.0
  SINCE JUN 1      0.0                       0.0    0.0      0.0
  SINCE JUL 1     90.3                     100.9  -10.6    166.3
  SNOW DEPTH       0

DEGREE DAYS
 HEATING
  YESTERDAY        0                         2     -2        1
  MONTH TO DATE   34                        45    -11       22
  SINCE JUN 1     34                        45    -11       22
  SINCE JUL 1   5942                      6131   -189     6026

 COOLING
  YESTERDAY        1                         4     -3        0
  MONTH TO DATE   28                        45    -17       41
  SINCE JUN 1     28                        45    -17       41
  SINCE JAN 1     61                        84    -23      139
..................................................................


WIND (MPH)
  HIGHEST WIND SPEED    23   HIGHEST WIND DIRECTION     S (190)
  HIGHEST GUST SPEED    31   HIGHEST GUST DIRECTION     S (180)
  AVERAGE WIND SPEED    13.0


SKY COVER
  POSSIBLE SUNSHINE  MM
  AVERAGE SKY COVER 0.7


WEATHER CONDITIONS
 THE FOLLOWING WEATHER WAS RECORDED YESTERDAY.
  LIGHT RAIN
  FOG
  HAZE


RELATIVE HUMIDITY (PERCENT)
 HIGHEST    93           600 PM
 LOWEST     52          1200 AM
 AVERAGE    73

..........................................................


THE ERIE PA CLIMATE NORMALS FOR TODAY
                         NORMAL    RECORD    YEAR
 MAXIMUM TEMPERATURE (F)   76        89      1967
 MINIMUM TEMPERATURE (F)   59        41      1961


SUNRISE AND SUNSET
JUNE 16 2019..........SUNRISE   544 AM EDT   SUNSET   859 PM EDT
JUNE 17 2019..........SUNRISE   544 AM EDT   SUNSET   859 PM EDT


-  INDICATES NEGATIVE NUMBERS.
R  INDICATES RECORD WAS SET OR TIED.
MM INDICATES DATA IS MISSING.
T  INDICATES TRACE AMOUNT.




$$
