000
CDUS43 KPAH 160640
CLIEVV


CLIMATE REPORT
NATIONAL WEATHER SERVICE PADUCAH KY
139 AM CDT SUN JUN 16 2019


...................................

...THE EVANSVILLE IN CLIMATE SUMMARY FOR JUNE 15 2019...

CLIMATE NORMAL PERIOD 1981 TO 2010
CLIMATE RECORD PERIOD 1896 TO 2019


WEATHER ITEM   OBSERVED TIME   RECORD YEAR NORMAL DEPARTURE LAST
                VALUE   (LST)  VALUE       VALUE  FROM      YEAR
                                                  NORMAL
..................................................................
TEMPERATURE (F)
 YESTERDAY
  MAXIMUM         84    439 PM 100    1952  86     -2       93
  MINIMUM         64    552 AM  49    1917  64      0       70
  AVERAGE         74                        75     -1       82

PRECIPITATION (IN)
  YESTERDAY        0.07          4.71 1900   0.11  -0.04     0.00
  MONTH TO DATE    1.44                      2.07  -0.63     3.93
  SINCE JUN 1      1.44                      2.07  -0.63     3.93
  SINCE JAN 1     31.19                     22.31   8.88    30.87

SNOWFALL (IN)
  YESTERDAY        0.0          MM      MM   0.0    0.0      0.0
  MONTH TO DATE    0.0                       0.0    0.0      0.0
  SINCE JUN 1      0.0                       0.0    0.0      0.0
  SINCE JUL 1      8.8                      11.8   -3.0     12.1
  SNOW DEPTH       0

DEGREE DAYS
 HEATING
  YESTERDAY        0                         0      0        0
  MONTH TO DATE    4                         4      0        0
  SINCE JUN 1      4                         4      0        0
  SINCE JUL 1   4492                      4545    -53     4477

 COOLING
  YESTERDAY        9                        10     -1       17
  MONTH TO DATE   94                       123    -29      183
  SINCE JUN 1     94                       123    -29      183
  SINCE JAN 1    282                       258     24      486
..................................................................


WIND (MPH)
  HIGHEST WIND SPEED    25   HIGHEST WIND DIRECTION     S (200)
  HIGHEST GUST SPEED    37   HIGHEST GUST DIRECTION     S (200)
  AVERAGE WIND SPEED    11.6


SKY COVER
  AVERAGE SKY COVER 0.3


WEATHER CONDITIONS
 THE FOLLOWING WEATHER WAS RECORDED YESTERDAY.
  THUNDERSTORM
  HEAVY RAIN
  LIGHT RAIN


RELATIVE HUMIDITY (PERCENT)
 HIGHEST    81
 LOWEST     62
 AVERAGE    72

..........................................................


THE EVANSVILLE IN CLIMATE NORMALS FOR TODAY
                         NORMAL    RECORD    YEAR
 MAXIMUM TEMPERATURE (F)   86       101      1918
 MINIMUM TEMPERATURE (F)   64        46      1917


SUNRISE AND SUNSET
JUNE 16 2019..........SUNRISE   527 AM CDT   SUNSET   815 PM CDT
JUNE 17 2019..........SUNRISE   527 AM CDT   SUNSET   815 PM CDT


-  INDICATES NEGATIVE NUMBERS.
R  INDICATES RECORD WAS SET OR TIED.
MM INDICATES DATA IS MISSING.
T  INDICATES TRACE AMOUNT.




$$
