000
CDUS42 KMHX 210526
CLIEWN


CLIMATE REPORT
NATIONAL WEATHER SERVICE NEWPORT/MOREHEAD CITY NC
126 AM EDT SUN APR 21 2019


...................................

...THE NEW BERN NC CLIMATE SUMMARY FOR APRIL 20 2019...

CLIMATE NORMAL PERIOD 1981 TO 2010
CLIMATE RECORD PERIOD 1948 TO 2019


WEATHER ITEM   OBSERVED TIME   RECORD YEAR NORMAL DEPARTURE LAST
                VALUE   (LST)  VALUE       VALUE  FROM      YEAR
                                                  NORMAL
..................................................................
TEMPERATURE (F)
 YESTERDAY
  MAXIMUM         72    104 AM  92    1955  75     -3       62
  MINIMUM         54   1123 PM  32    1983  51      3       38
  AVERAGE         63                        63      0       50

PRECIPITATION (IN)
  YESTERDAY        0.33          1.26 1991   0.10   0.23     0.00
  MONTH TO DATE    3.40                      2.08   1.32     2.49
  SINCE MAR 1      5.31                      6.47  -1.16     6.72
  SINCE JAN 1     12.83                     14.15  -1.32    13.13

SNOWFALL (IN)
  YESTERDAY        0.0
  MONTH TO DATE    0.0
  SINCE NOV 1      0.2
  SINCE JUL 1      0.2
  SNOW DEPTH       0

DEGREE DAYS
 HEATING
  YESTERDAY        2                         4     -2       15
  MONTH TO DATE   78                       119    -41      163
  SINCE MAR 1    473                       488    -15      686
  SINCE JUL 1   2395                      2634   -239     2855

 COOLING
  YESTERDAY        0                         2     -2        0
  MONTH TO DATE   40                        30     10        8
  SINCE MAR 1     45                        41      4       14
  SINCE JAN 1     57                        44     13       56
..................................................................


WIND (MPH)
  HIGHEST WIND SPEED    28   HIGHEST WIND DIRECTION    SW (210)
  HIGHEST GUST SPEED    37   HIGHEST GUST DIRECTION    SW (240)
  AVERAGE WIND SPEED    13.2


SKY COVER
  POSSIBLE SUNSHINE  MM
  AVERAGE SKY COVER 0.4


WEATHER CONDITIONS
 THE FOLLOWING WEATHER WAS RECORDED YESTERDAY.
  THUNDERSTORM
  HEAVY RAIN
  LIGHT RAIN
  FOG


RELATIVE HUMIDITY (PERCENT)
 HIGHEST    97          1200 AM
 LOWEST     40           100 PM
 AVERAGE    69

..........................................................


THE NEW BERN NC CLIMATE NORMALS FOR TODAY
                         NORMAL    RECORD    YEAR
 MAXIMUM TEMPERATURE (F)   75        92      1970
 MINIMUM TEMPERATURE (F)   52        32      1983


SUNRISE AND SUNSET
APRIL 21 2019.........SUNRISE   629 AM EDT   SUNSET   745 PM EDT
APRIL 22 2019.........SUNRISE   628 AM EDT   SUNSET   746 PM EDT


-  INDICATES NEGATIVE NUMBERS.
R  INDICATES RECORD WAS SET OR TIED.
MM INDICATES DATA IS MISSING.
T  INDICATES TRACE AMOUNT.




$$
