000
CDUS42 KMHX 160527
CLIEWN


CLIMATE REPORT
NATIONAL WEATHER SERVICE NEWPORT/MOREHEAD CITY NC
126 AM EDT SUN JUN 16 2019


...................................

...THE NEW BERN NC CLIMATE SUMMARY FOR JUNE 15 2019...

CLIMATE NORMAL PERIOD 1981 TO 2010
CLIMATE RECORD PERIOD 1948 TO 2019


WEATHER ITEM   OBSERVED TIME   RECORD YEAR NORMAL DEPARTURE LAST
                VALUE   (LST)  VALUE       VALUE  FROM      YEAR
                                                  NORMAL
..................................................................
TEMPERATURE (F)
 YESTERDAY
  MAXIMUM         83    250 PM 100    1964  87     -4       84
  MINIMUM         52R   518 AM  52    1978  68    -16       67
  AVERAGE         68                        77     -9       76

PRECIPITATION (IN)
  YESTERDAY        0.00          2.28 1961   0.15  -0.15     0.03
  MONTH TO DATE    3.70                      2.23   1.47     2.76
  SINCE JUN 1      3.70                      2.23   1.47     2.76
  SINCE JAN 1     18.24                     21.62  -3.38    25.89

SNOWFALL (IN)
  YESTERDAY        0.0
  MONTH TO DATE    0.0
  SINCE NOV 1      0.2
  SINCE JUL 1      0.2
  SNOW DEPTH       0

DEGREE DAYS
 HEATING
  YESTERDAY        0                         0      0        0
  MONTH TO DATE    0                         0      0        0
  SINCE JUN 1      0                         0      0        0
  SINCE JUL 1   2415                      2701   -286     2912

 COOLING
  YESTERDAY        3                        12     -9       11
  MONTH TO DATE  147                       159    -12      165
  SINCE JUN 1    147                       159    -12      165
  SINCE JAN 1    566                       402    164      483
..................................................................


WIND (MPH)
  HIGHEST WIND SPEED    16   HIGHEST WIND DIRECTION     S (180)
  HIGHEST GUST SPEED    20   HIGHEST GUST DIRECTION     S (170)
  AVERAGE WIND SPEED     4.3


SKY COVER
  POSSIBLE SUNSHINE  MM
  AVERAGE SKY COVER 0.0


WEATHER CONDITIONS
 THE FOLLOWING WEATHER WAS RECORDED YESTERDAY.
  NO SIGNIFICANT WEATHER WAS OBSERVED.


RELATIVE HUMIDITY (PERCENT)
 HIGHEST   100          1200 AM
 LOWEST     46          1200 PM
 AVERAGE    73

..........................................................


THE NEW BERN NC CLIMATE NORMALS FOR TODAY
                         NORMAL    RECORD    YEAR
 MAXIMUM TEMPERATURE (F)   87       100      2015
 MINIMUM TEMPERATURE (F)   68        54      1978


SUNRISE AND SUNSET
JUNE 16 2019..........SUNRISE   554 AM EDT   SUNSET   824 PM EDT
JUNE 17 2019..........SUNRISE   554 AM EDT   SUNSET   825 PM EDT


-  INDICATES NEGATIVE NUMBERS.
R  INDICATES RECORD WAS SET OR TIED.
MM INDICATES DATA IS MISSING.
T  INDICATES TRACE AMOUNT.




$$
