000
CDUS42 KMHX 260534
CLIEWN


CLIMATE REPORT
NATIONAL WEATHER SERVICE NEWPORT/MOREHEAD CITY NC
128 AM EDT THU APR 26 2018


...................................

...THE NEW BERN NC CLIMATE SUMMARY FOR APRIL 25 2018...

CLIMATE NORMAL PERIOD 1981 TO 2010
CLIMATE RECORD PERIOD 1948 TO 2018


WEATHER ITEM   OBSERVED TIME   RECORD YEAR NORMAL DEPARTURE LAST
                VALUE   (LST)  VALUE       VALUE  FROM      YEAR
                                                  NORMAL
..................................................................
TEMPERATURE (F)
 YESTERDAY
  MAXIMUM         77    223 PM  94    1960  76      1       75
  MINIMUM         57   1159 PM  39    2005  53      4       61
                                      1969
  AVERAGE         67                        64      3       68

PRECIPITATION (IN)
  YESTERDAY        T             1.20 1978   0.11  -0.11     0.81
  MONTH TO DATE    3.83                      2.64   1.19     4.36
  SINCE MAR 1      8.06                      7.03   1.03     8.39
  SINCE JAN 1     14.47                     14.71  -0.24    14.61

SNOWFALL (IN)
  YESTERDAY        0.0
  MONTH TO DATE    0.0
  SINCE NOV 1      6.0
  SINCE JUL 1      6.0
  SNOW DEPTH       0

DEGREE DAYS
 HEATING
  YESTERDAY        0                         3     -3        0
  MONTH TO DATE  192                       138     54       55
  SINCE MAR 1    715                       507    208      466
  SINCE JUL 1   2884                      2653    231     2206

 COOLING
  YESTERDAY        2                         3     -1        3
  MONTH TO DATE   10                        42    -32       77
  SINCE MAR 1     16                        53    -37       88
  SINCE JAN 1     58                        56      2       94
..................................................................


WIND (MPH)
  HIGHEST WIND SPEED    18   HIGHEST WIND DIRECTION    SW (240)
  HIGHEST GUST SPEED    28   HIGHEST GUST DIRECTION     W (260)
  AVERAGE WIND SPEED     6.8


SKY COVER
  POSSIBLE SUNSHINE  MM
  AVERAGE SKY COVER 0.3


WEATHER CONDITIONS
 THE FOLLOWING WEATHER WAS RECORDED YESTERDAY.
  LIGHT RAIN
  FOG
  HAZE


RELATIVE HUMIDITY (PERCENT)
 HIGHEST   100           100 AM
 LOWEST     54           200 PM
 AVERAGE    77

..........................................................


THE NEW BERN NC CLIMATE NORMALS FOR TODAY
                         NORMAL    RECORD    YEAR
 MAXIMUM TEMPERATURE (F)   76        95      1990
 MINIMUM TEMPERATURE (F)   53        39      2001


SUNRISE AND SUNSET
APRIL 26 2018.........SUNRISE   623 AM EDT   SUNSET   750 PM EDT
APRIL 27 2018.........SUNRISE   622 AM EDT   SUNSET   751 PM EDT


-  INDICATES NEGATIVE NUMBERS.
R  INDICATES RECORD WAS SET OR TIED.
MM INDICATES DATA IS MISSING.
T  INDICATES TRACE AMOUNT.




$$
