000
CDUS43 KIND 250533
CLIEYE


CLIMATE REPORT
NATIONAL WEATHER SERVICE INDIANAPOLIS IN
132 AM EDT TUE JUN 25 2019


...................................

...THE INDIANAPOLIS EAGLE CREEK IN CLIMATE SUMMARY FOR JUNE 24 2019...

CLIMATE NORMAL PERIOD 1981 TO 2010
CLIMATE RECORD PERIOD 9999 TO 9999


WEATHER ITEM   OBSERVED TIME   NORMAL DEPARTURE LAST
                VALUE   (LST)  VALUE  FROM      YEAR
                                      NORMAL
......................................................
TEMPERATURE (F)
 YESTERDAY
  MAXIMUM         78    435 PM  83     -5       84
  MINIMUM         67    559 AM  66      1       66
  AVERAGE         73            74     -1       75

PRECIPITATION (IN)
  YESTERDAY        0.10          0.16  -0.06     0.00
  MONTH TO DATE    3.97          3.51   0.46     5.06
  SINCE JUN 1      3.97          3.51   0.46     5.06
  SINCE JAN 1     24.39         20.32   4.07    20.63

DEGREE DAYS
 HEATING
  YESTERDAY        0             0      0        0
  MONTH TO DATE   12            12      0        0
  SINCE JUN 1     12            12      0        0
  SINCE JUL 1   5319          5346    -27     5223

 COOLING
  YESTERDAY        8            10     -2       10
  MONTH TO DATE  113           174    -61      261
  SINCE JUN 1    113           174    -61      261
  SINCE JAN 1    212           258    -46      512
......................................................


WIND (MPH)
  HIGHEST WIND SPEED    13   HIGHEST WIND DIRECTION    SW (210)
  HIGHEST GUST SPEED    23   HIGHEST GUST DIRECTION     S (200)
  AVERAGE WIND SPEED     6.6


SKY COVER
  AVERAGE SKY COVER 0.7


WEATHER CONDITIONS
 THE FOLLOWING WEATHER WAS RECORDED YESTERDAY.
  LIGHT RAIN
  FOG


RELATIVE HUMIDITY (PERCENT)
 HIGHEST    93           500 AM
 LOWEST     64           400 PM
 AVERAGE    79

..........................................................


THE INDIANAPOLIS EAGLE CREEK IN CLIMATE NORMALS FOR TODAY
                         NORMAL
 MAXIMUM TEMPERATURE (F)   83
 MINIMUM TEMPERATURE (F)   66


SUNRISE AND SUNSET
JUNE 25 2019..........SUNRISE   618 AM EDT   SUNSET   917 PM EDT
JUNE 26 2019..........SUNRISE   618 AM EDT   SUNSET   918 PM EDT


-  INDICATES NEGATIVE NUMBERS.
R  INDICATES RECORD WAS SET OR TIED.
MM INDICATES DATA IS MISSING.
T  INDICATES TRACE AMOUNT.




$$
