000
CDUS42 KKEY 230556
CLIEYW


CLIMATE REPORT
NATIONAL WEATHER SERVICE KEY WEST, FL
155 AM EDT TUE APR 23 2019


...................................

...THE KEY WEST CLIMATE SUMMARY FOR APRIL 22 2019...

CLIMATE NORMAL PERIOD 1981 TO 2010
CLIMATE RECORD PERIOD 1871 TO 2019


WEATHER ITEM   OBSERVED TIME   RECORD YEAR NORMAL DEPARTURE LAST
                VALUE   (LST)  VALUE       VALUE  FROM      YEAR
                                                  NORMAL
..................................................................
TEMPERATURE (F)
 YESTERDAY
  MAXIMUM         82    252 PM  88    1937  82      0       85
                                      1908
                                      1882
  MINIMUM         68    619 AM  62    1940  72     -4       77
  AVERAGE         75                        77     -2       81

PRECIPITATION (IN)
  YESTERDAY        0.00          1.83 1875   0.08  -0.08     0.00
  MONTH TO DATE    2.42                      1.57   0.85     0.17
  SINCE MAR 1      4.22                      3.62   0.60     2.29
  SINCE JAN 1      7.26                      7.15   0.11     3.53

SNOWFALL (IN)
  YESTERDAY        0.0
  MONTH TO DATE    0.0
  SINCE MAR 1      0.0
  SINCE JUL 1      0.0
  SNOW DEPTH       0

DEGREE DAYS
 HEATING
  YESTERDAY        0                         0      0        0
  MONTH TO DATE    0                         0      0        0
  SINCE MAR 1      0                         7     -7        2
  SINCE JUL 1     12                        73    -61       44

 COOLING
  YESTERDAY       10                        12     -2       16
  MONTH TO DATE  313                       241     72      293
  SINCE MAR 1    664                       503    161      525
  SINCE JAN 1   1222                       851    371      978
..................................................................


WIND (MPH)
  HIGHEST WIND SPEED    15   HIGHEST WIND DIRECTION     E (100)
  HIGHEST GUST SPEED    21   HIGHEST GUST DIRECTION     E (110)
  AVERAGE WIND SPEED     7.4


SKY COVER
  POSSIBLE SUNSHINE  MM
  AVERAGE SKY COVER 0.2


WEATHER CONDITIONS
 THE FOLLOWING WEATHER WAS RECORDED YESTERDAY.
  NO SIGNIFICANT WEATHER WAS OBSERVED.


RELATIVE HUMIDITY (PERCENT)
 HIGHEST    76
 LOWEST     49
 AVERAGE    63

..........................................................


THE KEY WEST CLIMATE NORMALS FOR TODAY
                         NORMAL    RECORD    YEAR
 MAXIMUM TEMPERATURE (F)   82        89      1874
 MINIMUM TEMPERATURE (F)   73        62      1940


SUNRISE AND SUNSET
APRIL 23 2019.........SUNRISE   658 AM EDT   SUNSET   753 PM EDT
APRIL 24 2019.........SUNRISE   658 AM EDT   SUNSET   753 PM EDT


-  INDICATES NEGATIVE NUMBERS.
R  INDICATES RECORD WAS SET OR TIED.
MM INDICATES DATA IS MISSING.
T  INDICATES TRACE AMOUNT.




$$
