301
CDUS42 KEYW 160534
CLIEYW

CLIMATE REPORT
NATIONAL WEATHER SERVICE KEY WEST, FL
131 AM EDT TUE JUL 16 2019

...................................

...THE KEY WEST CLIMATE SUMMARY FOR JULY 15 2019...

CLIMATE NORMAL PERIOD 1981 TO 2010
CLIMATE RECORD PERIOD 1871 TO 2019

WEATHER ITEM   OBSERVED TIME   RECORD YEAR NORMAL DEPARTURE LAST
                VALUE   (LST)  VALUE       VALUE  FROM      YEAR
                                                  NORMAL
..................................................................

TEMPERATURE (F)
 YESTERDAY
  MAXIMUM         91    302 PM  94    1951  89      2       93
                                      1880
  MINIMUM         83    436 AM  71    1926  80      3       84
  AVERAGE         87                        85      2       89

PRECIPITATION (IN)
  YESTERDAY        0.01          1.89 1922   0.11  -0.10     0.00
  MONTH TO DATE    0.38                      1.74  -1.36     1.29
  SINCE JUN 1      1.26                      5.85  -4.59     4.09
  SINCE JAN 1     12.03                     16.48  -4.45    21.83

SNOWFALL (IN)
  YESTERDAY        0.0
  MONTH TO DATE    0.0
  SINCE JUN 1      0.0
  SINCE JUL 1      0.0
  SNOW DEPTH       0

DEGREE DAYS
 HEATING
  YESTERDAY        0                         0      0        0
  MONTH TO DATE    0                         0      0        0
  SINCE JUN 1      0                         0      0        0
  SINCE JUL 1      0                         0      0        0

 COOLING
  YESTERDAY       22                        20      2       24
  MONTH TO DATE  310                       288     22      324
  SINCE JUN 1    909                       837     72      875
  SINCE JAN 1   2798                      2267    531     2400

..................................................................

WIND (MPH)
  HIGHEST WIND SPEED    17   HIGHEST WIND DIRECTION     E (110)
  HIGHEST GUST SPEED    23   HIGHEST GUST DIRECTION     E (110)
  AVERAGE WIND SPEED    11.2

SKY COVER
  POSSIBLE SUNSHINE  MM
  AVERAGE SKY COVER 0.2

WEATHER CONDITIONS
 THE FOLLOWING WEATHER WAS RECORDED YESTERDAY.
  LIGHT RAIN

RELATIVE HUMIDITY (PERCENT)
 HIGHEST    80
 LOWEST     68
 AVERAGE    74

..........................................................

THE KEY WEST CLIMATE NORMALS FOR TODAY
                         NORMAL    RECORD    YEAR
 MAXIMUM TEMPERATURE (F)   89        94      1991
                                             1956
                                             1883
 MINIMUM TEMPERATURE (F)   80        68      1888


SUNRISE AND SUNSET

JULY 16 2019..........SUNRISE   648 AM EDT   SUNSET   818 PM EDT
JULY 17 2019..........SUNRISE   648 AM EDT   SUNSET   818 PM EDT

-  INDICATES NEGATIVE NUMBERS.
R  INDICATES RECORD WAS SET OR TIED.
MM INDICATES DATA IS MISSING.
T  INDICATES TRACE AMOUNT.

$$

SC
