000
CDAK49 PAFG 170041
CLIFAI

CLIMATE REPORT
NATIONAL WEATHER SERVICE FAIRBANKS AK
441 PM AKDT SUN JUN 16 2019

...................................

...THE FAIRBANKS AK CLIMATE SUMMARY FOR JUNE 16 2019...
VALID TODAY AS OF 0400 PM LOCAL TIME.

CLIMATE NORMAL PERIOD 1981 TO 2010
CLIMATE RECORD PERIOD 1904 TO 2019


WEATHER ITEM   OBSERVED TIME   RECORD YEAR NORMAL DEPARTURE LAST
                VALUE   (LST)  VALUE       VALUE  FROM      YEAR
                                                  NORMAL
..................................................................
TEMPERATURE (F)
 TODAY
  MAXIMUM         76    259 PM  89    1914  72      4       66
  MINIMUM         56    331 AM  36    1938  50      6       50
  AVERAGE         66                        61      5       58

PRECIPITATION (IN)
  TODAY            T             0.68 1988   0.04  -0.04      T
  MONTH TO DATE    1.24                      0.62   0.62     0.44
  SINCE JUN 1      1.24                      0.62   0.62     0.44
  SINCE JAN 1      4.73                      2.78   1.95     4.98

SNOWFALL (IN)
  TODAY            0.0           0.0  2002   0.0    0.0      0.0
                                      2001
                                      2000
  MONTH TO DATE    0.0                       0.0    0.0      0.0
  SINCE JUN 1      0.0                       0.0    0.0      0.0
  SINCE JUL 1     57.5                      65.0   -7.5     85.7
  SNOW DEPTH       0

DEGREE DAYS
 HEATING
  TODAY            0                         5     -5        7
  MONTH TO DATE   80                       110    -30      148
  SINCE JUN 1     80                       110    -30      148
  SINCE JUL 1  11681                     13619  -1938    12369

 COOLING
  TODAY            1                         1      0        0
  MONTH TO DATE    2                         3     -1        0
  SINCE JUN 1      2                         3     -1        0
  SINCE JAN 1      3                         4     -1        0
..................................................................


WIND (MPH)
  HIGHEST GUST SPEED    13   HIGHEST GUST DIRECTION    NE (50)


SKY COVER
  AVERAGE SKY COVER 0.8


WEATHER CONDITIONS
 THE FOLLOWING WEATHER WAS RECORDED TODAY.
  NO SIGNIFICANT WEATHER WAS OBSERVED.


RELATIVE HUMIDITY (PERCENT)
 HIGHEST    77
 LOWEST     36
 AVERAGE    57

..........................................................


THE FAIRBANKS AK CLIMATE NORMALS FOR TOMORROW
                         NORMAL    RECORD    YEAR
 MAXIMUM TEMPERATURE (F)   72        90      1948
 MINIMUM TEMPERATURE (F)   50        37      1954
                                             1924


SUNRISE AND SUNSET
JUNE 16 2019..........SUNRISE   301 AM AKDT  SUNSET  1243 AM AKDT
JUNE 17 2019..........SUNRISE   300 AM AKDT  SUNSET  1244 AM AKDT


-  INDICATES NEGATIVE NUMBERS.
R  INDICATES RECORD WAS SET OR TIED.
MM INDICATES DATA IS MISSING.
T  INDICATES TRACE AMOUNT.

&&

SNOW DEPTH IS MEASURED AT 3AM AKST/4AM AKDT

----------------------------
AVAILABLE DAYLIGHT

AMOUNT OF DAYLIGHT TODAY  (HOUR:MIN)........21:45
GAIN SINCE YESTERDAY........................2 MINUTES
----------------------------

$$
JUN 19
