000
CDAK49 PAFG 220048
CLIFAI

CLIMATE REPORT
NATIONAL WEATHER SERVICE FAIRBANKS AK
448 PM AKDT SUN APR 21 2019

...................................

...THE FAIRBANKS AK CLIMATE SUMMARY FOR APRIL 21 2019...
VALID TODAY AS OF 0400 PM LOCAL TIME.

CLIMATE NORMAL PERIOD 1981 TO 2010
CLIMATE RECORD PERIOD 1904 TO 2019


WEATHER ITEM   OBSERVED TIME   RECORD YEAR NORMAL DEPARTURE LAST
                VALUE   (LST)  VALUE       VALUE  FROM      YEAR
                                                  NORMAL
..................................................................
TEMPERATURE (F)
 TODAY
  MAXIMUM         55    252 PM  66    1940  48      7       42
  MINIMUM         27   1224 AM -20    1924  25      2       18
  AVERAGE         41                        37      4       30

PRECIPITATION (IN)
  TODAY            0.00          0.18 2002   0.02  -0.02      T
  MONTH TO DATE    0.30                      0.19   0.11     0.06
  SINCE MAR 1      0.75                      0.44   0.31     0.64
  SINCE JAN 1      2.19                      1.44   0.75     3.30

SNOWFALL (IN)
  TODAY            0.0           4.3  2002   0.1   -0.1       T
  MONTH TO DATE    4.0                       2.3    1.7      1.8
  SINCE MAR 1      6.8                       7.2   -0.4     10.7
  SINCE JUL 1     56.1                      63.5   -7.4     85.0
  SNOW DEPTH       T

DEGREE DAYS
 HEATING
  TODAY           24                        28     -4       35
  MONTH TO DATE  621                       749   -128      772
  SINCE MAR 1   1773                      2409   -636     2295
  SINCE JUL 1  11048                     12799  -1751    11520

 COOLING
  TODAY            0                         0      0        0
  MONTH TO DATE    0                         0      0        0
  SINCE MAR 1      0                         0      0        0
  SINCE JAN 1      0                         0      0        0
..................................................................


WIND (MPH)
  HIGHEST GUST SPEED    26   HIGHEST GUST DIRECTION     E (100)


SKY COVER
  AVERAGE SKY COVER 0.8


WEATHER CONDITIONS
 THE FOLLOWING WEATHER WAS RECORDED TODAY.
  NO SIGNIFICANT WEATHER WAS OBSERVED.


RELATIVE HUMIDITY (PERCENT)
 HIGHEST    63
 LOWEST     24
 AVERAGE    44

..........................................................


THE FAIRBANKS AK CLIMATE NORMALS FOR TOMORROW
                         NORMAL    RECORD    YEAR
 MAXIMUM TEMPERATURE (F)   49        65      1940
 MINIMUM TEMPERATURE (F)   26       -20      1924


SUNRISE AND SUNSET
APRIL 21 2019.........SUNRISE   555 AM AKDT  SUNSET   948 PM AKDT
APRIL 22 2019.........SUNRISE   551 AM AKDT  SUNSET   951 PM AKDT


-  INDICATES NEGATIVE NUMBERS.
R  INDICATES RECORD WAS SET OR TIED.
MM INDICATES DATA IS MISSING.
T  INDICATES TRACE AMOUNT.

&&

SNOW DEPTH IS MEASURED AT 3AM AKST/4AM AKDT

----------------------------
AVAILABLE DAYLIGHT

AMOUNT OF DAYLIGHT TODAY  (HOUR:MIN)........16:00
GAIN SINCE YESTERDAY........................7 MINUTES
----------------------------

$$
APR 19
