000
CDUS43 KFGF 250704
CLIFAR


CLIMATE REPORT
NATIONAL WEATHER SERVICE EASTERN NORTH DAKOTA/GRAND FORKS
203 AM CDT FRI MAY 25 2018


...................................

...THE FARGO HECTOR INTL AP ND CLIMATE SUMMARY FOR MAY 24 2018...

CLIMATE NORMAL PERIOD 1981 TO 2010
CLIMATE RECORD PERIOD 1881 TO 2018


WEATHER ITEM   OBSERVED TIME   RECORD YEAR NORMAL DEPARTURE LAST
                VALUE   (LST)  VALUE       VALUE  FROM      YEAR
                                                  NORMAL
..................................................................
TEMPERATURE (F)
 YESTERDAY
  MAXIMUM         92R   436 PM  90    2014  72     20       67
                                      2010
  MINIMUM         70   1159 PM  26    2002  48     22       36
                                      1897
  AVERAGE         81                        60     21       52

PRECIPITATION (IN)
  YESTERDAY        T             1.16 1981   0.09  -0.09     0.00
  MONTH TO DATE    1.48                      2.10  -0.62     1.01
  SINCE MAR 1      3.78                      4.76  -0.98     2.74
  SINCE JAN 1      4.82                      6.07  -1.25     4.51

SNOWFALL (IN)
  YESTERDAY        0.0           0.1  1918   0.0    0.0      0.0
  MONTH TO DATE    0.0                       0.0    0.0      0.0
  SINCE MAR 1     22.8                      12.4   10.4      3.8
  SINCE JUL 1     50.0                      50.4   -0.4     33.1
  SNOW DEPTH       0

DEGREE DAYS
 HEATING
  YESTERDAY        0                         6     -6       13
  MONTH TO DATE  145                       233    -88      217
  SINCE MAR 1   2250                      2011    239     1885
  SINCE JUL 1   8897                      8689    208     7383

 COOLING
  YESTERDAY       16                         1     15        0
  MONTH TO DATE   44                        20     24       11
  SINCE MAR 1     44                        23     21       11
  SINCE JAN 1     44                        23     21       11
..................................................................


WIND (MPH)
  HIGHEST WIND SPEED    25   HIGHEST WIND DIRECTION     S (190)
  HIGHEST GUST SPEED    32   HIGHEST GUST DIRECTION     S (160)
  AVERAGE WIND SPEED    14.6


SKY COVER
  POSSIBLE SUNSHINE  MM
  AVERAGE SKY COVER 0.1


WEATHER CONDITIONS
 THE FOLLOWING WEATHER WAS RECORDED YESTERDAY.
  THUNDERSTORM
  LIGHT RAIN


RELATIVE HUMIDITY (PERCENT)
 HIGHEST    84           400 AM
 LOWEST     30           400 PM
 AVERAGE    57

..........................................................


THE FARGO HECTOR INTL AP ND CLIMATE NORMALS FOR TODAY
                         NORMAL    RECORD    YEAR
 MAXIMUM TEMPERATURE (F)   72        92      1959
 MINIMUM TEMPERATURE (F)   48        30      1983
                                             1891


SUNRISE AND SUNSET
MAY 25 2018...........SUNRISE   542 AM CDT   SUNSET   907 PM CDT
MAY 26 2018...........SUNRISE   541 AM CDT   SUNSET   908 PM CDT


-  INDICATES NEGATIVE NUMBERS.
R  INDICATES RECORD WAS SET OR TIED.
MM INDICATES DATA IS MISSING.
T  INDICATES TRACE AMOUNT.




$$
