000
CDUS43 KFGF 170641
CLIFAR


CLIMATE REPORT
NATIONAL WEATHER SERVICE EASTERN NORTH DAKOTA/GRAND FORKS
141 AM CDT MON JUN 17 2019


...................................

...THE FARGO HECTOR INTL AP ND CLIMATE SUMMARY FOR JUNE 16 2019...

CLIMATE NORMAL PERIOD 1981 TO 2010
CLIMATE RECORD PERIOD 1881 TO 2019


WEATHER ITEM   OBSERVED TIME   RECORD YEAR NORMAL DEPARTURE LAST
                VALUE   (LST)  VALUE       VALUE  FROM      YEAR
                                                  NORMAL
..................................................................
TEMPERATURE (F)
 YESTERDAY
  MAXIMUM         69    130 PM 100    1933  78     -9       75
  MINIMUM         53   1034 PM  38    1972  55     -2       63
                                      1912
  AVERAGE         61                        66     -5       69

PRECIPITATION (IN)
  YESTERDAY        T             1.48 1909   0.14  -0.14     0.43
  MONTH TO DATE    0.40                      2.05  -1.65     2.75
  SINCE JUN 1      0.40                      2.05  -1.65     2.75
  SINCE JAN 1      8.43                      8.83  -0.40     8.03

SNOWFALL (IN)
  YESTERDAY        0.0           0.0    MM   0.0    0.0      0.0
  MONTH TO DATE    0.0                       0.0    0.0      0.0
  SINCE JUN 1      0.0                       0.0    0.0      0.0
  SINCE JUL 1     65.4                      50.4   15.0     50.0
  SNOW DEPTH       0

DEGREE DAYS
 HEATING
  YESTERDAY        4                         2      2        0
  MONTH TO DATE   38                        51    -13       15
  SINCE JUN 1     38                        51    -13       15
  SINCE JUL 1   9775                      8780    995     8912

 COOLING
  YESTERDAY        0                         4     -4        4
  MONTH TO DATE   74                        41     33       76
  SINCE JUN 1     74                        41     33       76
  SINCE JAN 1     84                        72     12      187
..................................................................


WIND (MPH)
  HIGHEST WIND SPEED    20   HIGHEST WIND DIRECTION     W (280)
  HIGHEST GUST SPEED    25   HIGHEST GUST DIRECTION     W (270)
  AVERAGE WIND SPEED     8.9


SKY COVER
  POSSIBLE SUNSHINE  MM
  AVERAGE SKY COVER 0.9


WEATHER CONDITIONS
 THE FOLLOWING WEATHER WAS RECORDED YESTERDAY.
  LIGHT RAIN


RELATIVE HUMIDITY (PERCENT)
 HIGHEST    93           300 AM
 LOWEST     60           500 PM
 AVERAGE    77

..........................................................


THE FARGO HECTOR INTL AP ND CLIMATE NORMALS FOR TODAY
                         NORMAL    RECORD    YEAR
 MAXIMUM TEMPERATURE (F)   78       100      1995
                                             1933
 MINIMUM TEMPERATURE (F)   56        39      2000


SUNRISE AND SUNSET
JUNE 17 2019..........SUNRISE   532 AM CDT   SUNSET   924 PM CDT
JUNE 18 2019..........SUNRISE   532 AM CDT   SUNSET   925 PM CDT


-  INDICATES NEGATIVE NUMBERS.
R  INDICATES RECORD WAS SET OR TIED.
MM INDICATES DATA IS MISSING.
T  INDICATES TRACE AMOUNT.




$$
