000
CDUS43 KFGF 182209
CLIFAR


CLIMATE REPORT
NATIONAL WEATHER SERVICE EASTERN NORTH DAKOTA/GRAND FORKS
506 PM CDT THU APR 18 2019


...................................

...THE FARGO HECTOR INTL AP ND CLIMATE SUMMARY FOR APRIL 18 2019...
VALID TODAY AS OF 0500 PM LOCAL TIME.

CLIMATE NORMAL PERIOD 1981 TO 2010
CLIMATE RECORD PERIOD 1881 TO 2019


WEATHER ITEM   OBSERVED TIME   RECORD YEAR NORMAL DEPARTURE LAST
                VALUE   (LST)  VALUE       VALUE  FROM      YEAR
                                                  NORMAL
..................................................................
TEMPERATURE (F)
 TODAY
  MAXIMUM         56    256 PM  90    1987  58     -2       52
  MINIMUM         39    556 AM  12    1988  34      5       31
  AVERAGE         48                        46      2       42

PRECIPITATION (IN)
  TODAY            0.03          1.16 1896   0.04  -0.01     0.00
  MONTH TO DATE    0.94                      0.72   0.22     0.33
  SINCE MAR 1      2.52                      2.02   0.50     2.26
  SINCE JAN 1      4.80                      3.33   1.47     3.30

SNOWFALL (IN)
  TODAY            0.0           1.7  2011   0.1   -0.1      0.0
  MONTH TO DATE    6.1                       2.1    4.0      3.8
  SINCE MAR 1     17.6                      11.2    6.4     22.8
  SINCE JUL 1     65.4                      49.2   16.2     50.0
  SNOW DEPTH       0

DEGREE DAYS
 HEATING
  TODAY           17                        19     -2       23
  MONTH TO DATE  471                       431     40      716
  SINCE MAR 1   1870                      1583    287     1913
  SINCE JUL 1   9168                      8261    907     8560

 COOLING
  TODAY            0                         0      0        0
  MONTH TO DATE    0                         0      0        0
  SINCE MAR 1      0                         0      0        0
  SINCE JAN 1      0                         0      0        0
..................................................................


WIND (MPH)
  HIGHEST WIND SPEED    22   HIGHEST WIND DIRECTION     N (350)
  HIGHEST GUST SPEED    29   HIGHEST GUST DIRECTION     N (350)
  AVERAGE WIND SPEED    10.4


SKY COVER
  POSSIBLE SUNSHINE  MM
  AVERAGE SKY COVER 0.6


WEATHER CONDITIONS
 THE FOLLOWING WEATHER WAS RECORDED TODAY.
  LIGHT RAIN
  FOG


RELATIVE HUMIDITY (PERCENT)
 HIGHEST   100          1200 AM
 LOWEST     54          1200 PM
 AVERAGE    77

..........................................................


THE FARGO HECTOR INTL AP ND CLIMATE NORMALS FOR TOMORROW
                         NORMAL    RECORD    YEAR
 MAXIMUM TEMPERATURE (F)   58        86      1987
 MINIMUM TEMPERATURE (F)   34        11      1928


SUNRISE AND SUNSET
APRIL 18 2019.........SUNRISE   634 AM CDT   SUNSET   820 PM CDT
APRIL 19 2019.........SUNRISE   633 AM CDT   SUNSET   821 PM CDT


-  INDICATES NEGATIVE NUMBERS.
R  INDICATES RECORD WAS SET OR TIED.
MM INDICATES DATA IS MISSING.
T  INDICATES TRACE AMOUNT.




$$
