000
CDUS46 KHNX 190827
CLIFAT


CLIMATE REPORT
NATIONAL WEATHER SERVICE SAN JOAQUIN VALLEY, CA
126 AM PDT FRI APR 19 2019


...................................

...THE FRESNO CA CLIMATE SUMMARY FOR APRIL 18 2019...

CLIMATE NORMAL PERIOD 1981 TO 2010
CLIMATE RECORD PERIOD 1887 TO 2019


WEATHER ITEM   OBSERVED TIME   RECORD YEAR NORMAL DEPARTURE LAST
                VALUE   (LST)  VALUE       VALUE  FROM      YEAR
                                                  NORMAL
..................................................................
TEMPERATURE (F)
 YESTERDAY
  MAXIMUM         89    414 PM  95    1910  75     14
  MINIMUM         56    559 AM  36    1941  50      6
                                      1933
                                      1892
  AVERAGE         73                        62     11       57

PRECIPITATION (IN)
  YESTERDAY        0.00          1.22 1967   0.03  -0.03
  MONTH TO DATE    0.39                      0.63  -0.24
  SINCE OCT 1      9.47                     10.35  -0.88
  SINCE JAN 1      7.14                      6.88   0.26

SNOWFALL (IN)
  YESTERDAY        0.0
  MONTH TO DATE    0.0
  SINCE MAR 1      0.0
  SINCE JUL 1      0.0
  SNOW DEPTH       0

DEGREE DAYS
 HEATING
  YESTERDAY        0                               -4
  MONTH TO DATE   43                              -58
  SINCE MAR 1    276                              -90
  SINCE JUL 1   1766                             -512

 COOLING
  YESTERDAY        8                                6
  MONTH TO DATE   21                                2
  SINCE MAR 1     26                                2
  SINCE JAN 1     26                                2
..................................................................


WIND (MPH)
  HIGHEST WIND SPEED     8   HIGHEST WIND DIRECTION    NW (320)
  HIGHEST GUST SPEED    11   HIGHEST GUST DIRECTION    NW (330)
  AVERAGE WIND SPEED     3.3




RELATIVE HUMIDITY (PERCENT)
 HIGHEST    86
 LOWEST     21
 AVERAGE    54

..........................................................


THE FRESNO CA CLIMATE NORMALS FOR TODAY
                         NORMAL    RECORD    YEAR
 MAXIMUM TEMPERATURE (F)   76        93      2009
                                             1950
 MINIMUM TEMPERATURE (F)   50        35      1955


SUNRISE AND SUNSET
APRIL 19 2019.........SUNRISE   620 AM PDT   SUNSET   737 PM PDT
APRIL 20 2019.........SUNRISE   618 AM PDT   SUNSET   738 PM PDT


-  INDICATES NEGATIVE NUMBERS.
R  INDICATES RECORD WAS SET OR TIED.
MM INDICATES DATA IS MISSING.
T  INDICATES TRACE AMOUNT.




$$
