000
CDUS46 KHNX 250826
CLIFAT


CLIMATE REPORT
NATIONAL WEATHER SERVICE SAN JOAQUIN VALLEY, CA
126 AM PDT TUE JUN 25 2019


...................................

...THE FRESNO CA CLIMATE SUMMARY FOR JUNE 24 2019...

CLIMATE NORMAL PERIOD 1981 TO 2010
CLIMATE RECORD PERIOD 1887 TO 2019


WEATHER ITEM   OBSERVED TIME   RECORD YEAR NORMAL DEPARTURE LAST
                VALUE   (LST)  VALUE       VALUE  FROM      YEAR
                                                  NORMAL
..................................................................
TEMPERATURE (F)
 YESTERDAY
  MAXIMUM        100    336 PM 110    1929  94      6
                                      1925
  MINIMUM         71    515 AM  51    1912  64      7
                                      1901
  AVERAGE         86                        79      7       88

PRECIPITATION (IN)
  YESTERDAY        0.00          0.01 1988   0.00   0.00
                                      1936
  MONTH TO DATE    0.00                      0.20  -0.20
  SINCE OCT 1     11.85                     11.30   0.55
  SINCE JAN 1      9.52                      7.83   1.69

SNOWFALL (IN)
  YESTERDAY        0.0
  MONTH TO DATE    0.0
  SINCE JUN 1      0.0
  SINCE JUL 1      0.0
  SNOW DEPTH       0

DEGREE DAYS
 HEATING
  YESTERDAY        0                                0
  MONTH TO DATE    0                                0
  SINCE JUN 1      0                                0
  SINCE JUL 1   1826                             -517

 COOLING
  YESTERDAY       21                                7
  MONTH TO DATE  406                              129
  SINCE JUN 1    406                              129
  SINCE JAN 1    643                              125
..................................................................


WIND (MPH)
  HIGHEST WIND SPEED    16   HIGHEST WIND DIRECTION    NW (300)
  HIGHEST GUST SPEED    20   HIGHEST GUST DIRECTION    NW (300)
  AVERAGE WIND SPEED     7.6




RELATIVE HUMIDITY (PERCENT)
 HIGHEST    53
 LOWEST     11
 AVERAGE    32

..........................................................


THE FRESNO CA CLIMATE NORMALS FOR TODAY
                         NORMAL    RECORD    YEAR
 MAXIMUM TEMPERATURE (F)   95       112      1925
 MINIMUM TEMPERATURE (F)   65        47      1975


SUNRISE AND SUNSET
JUNE 25 2019..........SUNRISE   541 AM PDT   SUNSET   822 PM PDT
JUNE 26 2019..........SUNRISE   542 AM PDT   SUNSET   822 PM PDT


-  INDICATES NEGATIVE NUMBERS.
R  INDICATES RECORD WAS SET OR TIED.
MM INDICATES DATA IS MISSING.
T  INDICATES TRACE AMOUNT.




$$
