000
CDUS46 KHNX 230823
CLIFAT


CLIMATE REPORT
NATIONAL WEATHER SERVICE SAN JOAQUIN VALLEY, CA
123 AM PDT WED MAY 23 2018


...................................

...THE FRESNO CA CLIMATE SUMMARY FOR MAY 22 2018...

CLIMATE NORMAL PERIOD 1981 TO 2010
CLIMATE RECORD PERIOD 1887 TO 2018


WEATHER ITEM   OBSERVED TIME   RECORD YEAR NORMAL DEPARTURE
                VALUE   (LST)  VALUE       VALUE  FROM
                                                  NORMAL
...............................................................
TEMPERATURE (F)
 YESTERDAY
  MAXIMUM         86    452 PM 104    1967  86      0
  MINIMUM         62    531 AM  43    1909  58      4
                                      1903
  AVERAGE         74                        72      2

PRECIPITATION (IN)
  YESTERDAY        0.00          0.15 1958   0.01  -0.01
  MONTH TO DATE    0.00                      0.33  -0.33
  SINCE OCT 1      6.73                     11.00  -4.27
  SINCE JAN 1      6.32                      7.53  -1.21

SNOWFALL (IN)
  YESTERDAY        0.0
  MONTH TO DATE    0.0
  SINCE MAR 1      0.0
  SINCE JUL 1      0.0
  SNOW DEPTH       0

DEGREE DAYS
 HEATING
  YESTERDAY        0                               -1
  MONTH TO DATE    4                              -24
  SINCE MAR 1    332                              -97
  SINCE JUL 1   1813                             -528

 COOLING
  YESTERDAY        9                                2
  MONTH TO DATE  128                               12
  SINCE MAR 1    216                               49
  SINCE JAN 1    216                               49
...............................................................


WIND (MPH)
  HIGHEST WIND SPEED    14   HIGHEST WIND DIRECTION    NW (310)
  HIGHEST GUST SPEED    19   HIGHEST GUST DIRECTION     N (20)
  AVERAGE WIND SPEED     6.2




RELATIVE HUMIDITY (PERCENT)
 HIGHEST    67
 LOWEST     30
 AVERAGE    49

..........................................................


THE FRESNO CA CLIMATE NORMALS FOR TODAY
                         NORMAL    RECORD    YEAR
 MAXIMUM TEMPERATURE (F)   86       103      1967
 MINIMUM TEMPERATURE (F)   58        44      1960
                                             1909


SUNRISE AND SUNSET
MAY 23 2018...........SUNRISE   546 AM PDT   SUNSET   806 PM PDT
MAY 24 2018...........SUNRISE   545 AM PDT   SUNSET   807 PM PDT


-  INDICATES NEGATIVE NUMBERS.
R  INDICATES RECORD WAS SET OR TIED.
MM INDICATES DATA IS MISSING.
T  INDICATES TRACE AMOUNT.




$$
