977
CDUS42 KRAH 182051
CLIFAY


CLIMATE REPORT
NATIONAL WEATHER SERVICE RALEIGH NC
449 PM EDT THU APR 18 2019


...................................

...THE FAYETTEVILLE REGL AIRPORT NC CLIMATE SUMMARY FOR APRIL 18 2019...
VALID TODAY AS OF 0449 PM LOCAL TIME.

CLIMATE NORMAL PERIOD 1981 TO 2010
CLIMATE RECORD PERIOD 1910 TO 2019


WEATHER ITEM   OBSERVED TIME   RECORD YEAR NORMAL DEPARTURE LAST
                VALUE   (LST)  VALUE       VALUE  FROM      YEAR
                                                  NORMAL
..................................................................
TEMPERATURE (F)
 TODAY
  MAXIMUM         83    330 PM  93    1941  76      7       86
  MINIMUM         59    605 AM  33    2001  51      8       50
                                      1956
  AVERAGE         71                        63      8       68

PRECIPITATION (IN)
  TODAY            0.00          3.13 1939   0.09  -0.09     0.00
  MONTH TO DATE    4.08                      1.85   2.23     1.38
  SINCE MAR 1      6.74                      5.40   1.34     4.25
  SINCE JAN 1     11.56                     11.46   0.10     8.95

DEGREE DAYS
 HEATING
  TODAY            0                         4     -4        0
  MONTH TO DATE   82                       101    -19      124
  SINCE MAR 1    470                       445     25      588
  SINCE JUL 1   2459                      2670   -211     2654

 COOLING
  TODAY            6                         2      4        3
  MONTH TO DATE   47                        30     17       31
  SINCE MAR 1     54                        42     12       36
  SINCE JAN 1     63                        46     17       84
..................................................................


WIND (MPH)
  HIGHEST WIND SPEED    20   HIGHEST WIND DIRECTION     S (160)
  HIGHEST GUST SPEED    26   HIGHEST GUST DIRECTION    SE (150)
  AVERAGE WIND SPEED    10.5


SKY COVER
  POSSIBLE SUNSHINE  MM
  AVERAGE SKY COVER 0.0


WEATHER CONDITIONS
 THE FOLLOWING WEATHER WAS RECORDED TODAY.
  NO SIGNIFICANT WEATHER WAS OBSERVED.


RELATIVE HUMIDITY (PERCENT)
 HIGHEST    78           400 AM
 LOWEST     45           100 PM
 AVERAGE    62

..........................................................


THE FAYETTEVILLE REGL AIRPORT NC CLIMATE NORMALS FOR TOMORROW
                         NORMAL    RECORD    YEAR
 MAXIMUM TEMPERATURE (F)   76        94      1941
                                             1917
 MINIMUM TEMPERATURE (F)   51        30      2001


SUNRISE AND SUNSET
APRIL 18 2019.........SUNRISE   640 AM EDT   SUNSET   750 PM EDT
APRIL 19 2019.........SUNRISE   639 AM EDT   SUNSET   751 PM EDT


-  INDICATES NEGATIVE NUMBERS.
R  INDICATES RECORD WAS SET OR TIED.
MM INDICATES DATA IS MISSING.
T  INDICATES TRACE AMOUNT.




$$
