000
CDUS42 KRAH 240621
CLIFAY


CLIMATE REPORT
NATIONAL WEATHER SERVICE RALEIGH NC
220 AM EDT MON JUN 24 2019


...................................

...THE FAYETTEVILLE REGL AIRPORT NC CLIMATE SUMMARY FOR JUNE 23 2019...

CLIMATE NORMAL PERIOD 1981 TO 2010
CLIMATE RECORD PERIOD 1910 TO 2019


WEATHER ITEM   OBSERVED TIME   RECORD YEAR NORMAL DEPARTURE LAST
                VALUE   (LST)  VALUE       VALUE  FROM      YEAR
                                                  NORMAL
..................................................................
TEMPERATURE (F)
 YESTERDAY
  MAXIMUM         85    128 PM 102    1981  90     -5       97
  MINIMUM         69   1156 PM  51    1947  70     -1       74
  AVERAGE         77                        80     -3       86

PRECIPITATION (IN)
  YESTERDAY        0.00          1.75 1948   0.14  -0.14     0.05
  MONTH TO DATE    2.70                      3.28  -0.58     1.82
  SINCE JUN 1      2.70                      3.28  -0.58     1.82
  SINCE JAN 1     16.39                     18.95  -2.56    14.99

DEGREE DAYS
 HEATING
  YESTERDAY        0                         0      0        0
  MONTH TO DATE    0                         0      0        0
  SINCE JUN 1      0                         0      0        0
  SINCE JUL 1   2484                      2732   -248     2703

 COOLING
  YESTERDAY       12                        15     -3       21
  MONTH TO DATE  294                       289      5      372
  SINCE JUN 1    294                       289      5      372
  SINCE JAN 1    785                       573    212      802
..................................................................


WIND (MPH)
  HIGHEST WIND SPEED    14   HIGHEST WIND DIRECTION     E (80)
  HIGHEST GUST SPEED    20   HIGHEST GUST DIRECTION    SE (120)
  AVERAGE WIND SPEED     4.8


SKY COVER
  POSSIBLE SUNSHINE  MM
  AVERAGE SKY COVER 0.5


WEATHER CONDITIONS
 THE FOLLOWING WEATHER WAS RECORDED YESTERDAY.
  NO SIGNIFICANT WEATHER WAS OBSERVED.


RELATIVE HUMIDITY (PERCENT)
 HIGHEST    93          1000 PM
 LOWEST     62           900 AM
 AVERAGE    78

..........................................................


THE FAYETTEVILLE REGL AIRPORT NC CLIMATE NORMALS FOR TODAY
                         NORMAL    RECORD    YEAR
 MAXIMUM TEMPERATURE (F)   90       102      1914
 MINIMUM TEMPERATURE (F)   70        53      1947


SUNRISE AND SUNSET
JUNE 24 2019..........SUNRISE   603 AM EDT   SUNSET   833 PM EDT
JUNE 25 2019..........SUNRISE   603 AM EDT   SUNSET   833 PM EDT


-  INDICATES NEGATIVE NUMBERS.
R  INDICATES RECORD WAS SET OR TIED.
MM INDICATES DATA IS MISSING.
T  INDICATES TRACE AMOUNT.




$$
