000
CDUS42 KRAH 251439
CLIFAY


CLIMATE REPORT
NATIONAL WEATHER SERVICE RALEIGH NC
1037 AM EDT WED APR 25 2018


...................................

...THE FAYETTEVILLE REGL AIRPORT NC CLIMATE SUMMARY FOR APRIL 25 2018...
VALID AS OF 1037 AM LOCAL TIME.

CLIMATE NORMAL PERIOD 1981 TO 2010
CLIMATE RECORD PERIOD 1910 TO 2018


WEATHER ITEM   OBSERVED TIME   RECORD YEAR NORMAL DEPARTURE LAST
                VALUE   (LST)  VALUE       VALUE  FROM      YEAR
                                                  NORMAL
..................................................................
TEMPERATURE (F)
 TODAY
  MAXIMUM                       94    1925  77    -10       72
  MINIMUM         55    235 AM  36    1969  53      2       61
  AVERAGE         61                        65     -4       67

PRECIPITATION (IN)
  TODAY            0.00          2.40 1941   0.07  -0.07     0.25
  MONTH TO DATE    2.71                      2.50   0.21     4.23
  SINCE MAR 1      5.58                      6.05  -0.47     6.91
  SINCE JAN 1     10.28                     12.11  -1.83    10.33

..................................................................


WIND (MPH)
  HIGHEST WIND SPEED    17   HIGHEST WIND DIRECTION     W (250)
  HIGHEST GUST SPEED    21   HIGHEST GUST DIRECTION     W (260)
  AVERAGE WIND SPEED     7.0


SKY COVER
  POSSIBLE SUNSHINE  MM
  AVERAGE SKY COVER 0.6


WEATHER CONDITIONS
 THE FOLLOWING WEATHER WAS RECORDED TODAY.
  FOG
  FOG W/VISIBILITY <= 1/4 MILE


RELATIVE HUMIDITY (PERCENT)
 HIGHEST   100           200 AM
 LOWEST     73           900 AM
 AVERAGE    87

..........................................................




SUNRISE AND SUNSET
APRIL 25 2018.........SUNRISE   631 AM EDT   SUNSET   756 PM EDT
APRIL 26 2018.........SUNRISE   630 AM EDT   SUNSET   757 PM EDT


-  INDICATES NEGATIVE NUMBERS.
R  INDICATES RECORD WAS SET OR TIED.
MM INDICATES DATA IS MISSING.
T  INDICATES TRACE AMOUNT.




$$
