000
CDUS42 KFFC 160818
CLIFFC


CLIMATE REPORT
NATIONAL WEATHER SERVICE PEACHTREE CITY GA
418 AM EDT WED OCT 16 2019


...................................

...THE PEACHTREE CITY CLIMATE SUMMARY FOR OCTOBER 15 2019...

CLIMATE NORMAL PERIOD 1981 TO 2010
CLIMATE RECORD PERIOD 9999 TO 9999


WEATHER ITEM   OBSERVED TIME   RECORD YEAR NORMAL DEPARTURE LAST
                VALUE   (LST)  VALUE       VALUE  FROM      YEAR
                                                  NORMAL
..................................................................
TEMPERATURE (F)
 YESTERDAY
  MAXIMUM         75   1232 PM  MM      MM  74      1       85
  MINIMUM         65    116 AM  MM      MM  49     16       58
  AVERAGE         70                        61      9       72

PRECIPITATION (IN)
  YESTERDAY        0.15         MM      MM   0.12   0.03     0.00
  MONTH TO DATE    0.22                      1.89  -1.67     3.92
  SINCE SEP 1      1.54                      5.73  -4.19     5.23
  SINCE JAN 1     34.59                     40.46  -5.87    44.80

SNOWFALL (IN)
  YESTERDAY        0.0          MM      MM  MM     MM        0.0
  MONTH TO DATE    0.0                      MM     MM        0.0
  SINCE SEP 1      0.0                      MM     MM        0.0
  SINCE JUL 1      0.0                      MM     MM        0.0
  SNOW DEPTH       0

DEGREE DAYS
 HEATING
  YESTERDAY        0                         5     -5        0
  MONTH TO DATE    0                        46    -46        1
  SINCE SEP 1      0                        59    -59        1
  SINCE JUL 1      0                        59    -59        1

 COOLING
  YESTERDAY        5                         1      4        7
  MONTH TO DATE  153                        29    124      145
  SINCE SEP 1    628                       257    371      599
  SINCE JAN 1   2461                      1637    824     2292
..................................................................


WIND (MPH)
  RESULTANT WIND SPEED   3   RESULTANT WIND DIRECTION  SE (130)
  HIGHEST WIND SPEED    12   HIGHEST WIND DIRECTION    SE (130)
  HIGHEST GUST SPEED    14   HIGHEST GUST DIRECTION    SE (140)
  AVERAGE WIND SPEED     3.5


SKY COVER
  POSSIBLE SUNSHINE  MM
  AVERAGE SKY COVER 1.0


WEATHER CONDITIONS
 THE FOLLOWING WEATHER WAS RECORDED YESTERDAY.
  LIGHT RAIN
  FOG


RELATIVE HUMIDITY (PERCENT)
 HIGHEST    97           600 PM
 LOWEST     64          1100 AM
 AVERAGE    81

..........................................................


THE PEACHTREE CITY CLIMATE NORMALS FOR TODAY
                         NORMAL    RECORD    YEAR
 MAXIMUM TEMPERATURE (F)   74        MM        MM
 MINIMUM TEMPERATURE (F)   48        MM        MM


SUNRISE AND SUNSET
OCTOBER 16 2019.......SUNRISE   743 AM EDT   SUNSET   704 PM EDT
OCTOBER 17 2019.......SUNRISE   744 AM EDT   SUNSET   703 PM EDT


-  INDICATES NEGATIVE NUMBERS.
R  INDICATES RECORD WAS SET OR TIED.
MM INDICATES DATA IS MISSING.
T  INDICATES TRACE AMOUNT.




$$
