000
CDUS43 KFGF 212150
CLIFGF


CLIMATE REPORT
NATIONAL WEATHER SERVICE EASTERN NORTH DAKOTA/GRAND FORKS
448 PM CDT SUN APR 21 2019


...................................

...THE GRAND FORKS UNIV. (NWS) ND CLIMATE SUMMARY FOR APRIL 21 2019...
VALID TODAY AS OF 0400 PM LOCAL TIME.

CLIMATE NORMAL PERIOD 1981 TO 2010
CLIMATE RECORD PERIOD 1893 TO 2019


WEATHER ITEM   OBSERVED TIME   RECORD YEAR NORMAL DEPARTURE LAST
                VALUE   (LST)  VALUE       VALUE  FROM      YEAR
                                                  NORMAL
..................................................................
TEMPERATURE (F)
 TODAY
  MAXIMUM         65        MM  98    1980  58      7       60
  MINIMUM         45        MM  16    1945  34     11       34
  AVERAGE         55                        46      9       47

PRECIPITATION (IN)
  TODAY            0.00          2.10 1974   0.03  -0.03     0.00
  MONTH TO DATE    1.08                      0.60   0.48     0.18
  SINCE MAR 1      2.29                      1.62   0.67     1.60
  SINCE JAN 1      4.05                      2.92   1.13     2.73

SNOWFALL (IN)
  TODAY            0.0           1.2  1970   0.1   -0.1      0.0
  MONTH TO DATE    6.9                       0.9    6.0      1.6
  SINCE MAR 1     19.8                       7.3   12.5     18.4
  SINCE JUL 1     80.3                      42.6   37.7     57.0
  SNOW DEPTH       0

DEGREE DAYS
 HEATING
  TODAY           10                        19     -9       18
  MONTH TO DATE  533                       511     22      760
  SINCE MAR 1   1928                      1717    211     1986
  SINCE JUL 1   9484                      8677    807     8966

 COOLING
  TODAY            0                         0      0        0
  MONTH TO DATE    0                         0      0        0
  SINCE MAR 1      0                         0      0        0
  SINCE JAN 1      0                         0      0        0
..................................................................


WIND (MPH)
  HIGHEST WIND SPEED    MM   HIGHEST WIND DIRECTION    MM
  HIGHEST GUST SPEED    MM   HIGHEST GUST DIRECTION    MM
  AVERAGE WIND SPEED    MM


SKY COVER
  POSSIBLE SUNSHINE  MM
  AVERAGE SKY COVER  MM


WEATHER CONDITIONS
 THE FOLLOWING WEATHER WAS RECORDED TODAY.
  NO SIGNIFICANT WEATHER WAS OBSERVED.


RELATIVE HUMIDITY (PERCENT)
 HIGHEST    MM
 LOWEST     MM
 AVERAGE    MM

..........................................................


THE GRAND FORKS UNIV. (NWS) ND CLIMATE NORMALS FOR TOMORROW
                         NORMAL    RECORD    YEAR
 MAXIMUM TEMPERATURE (F)   59        89      1980
 MINIMUM TEMPERATURE (F)   34        16      1909


SUNRISE AND SUNSET
APRIL 21 2019.........SUNRISE   628 AM CDT   SUNSET   827 PM CDT
APRIL 22 2019.........SUNRISE   626 AM CDT   SUNSET   828 PM CDT


-  INDICATES NEGATIVE NUMBERS.
R  INDICATES RECORD WAS SET OR TIED.
MM INDICATES DATA IS MISSING.
T  INDICATES TRACE AMOUNT.




$$
