000
CDUS43 KFGF 160642
CLIFGF


CLIMATE REPORT
NATIONAL WEATHER SERVICE EASTERN NORTH DAKOTA/GRAND FORKS
141 AM CDT SUN JUN 16 2019


...................................

...THE GRAND FORKS UNIV. (NWS) ND CLIMATE SUMMARY FOR JUNE 15 2019...

CLIMATE NORMAL PERIOD 1981 TO 2010
CLIMATE RECORD PERIOD 1893 TO 2019


WEATHER ITEM   OBSERVED TIME   RECORD YEAR NORMAL DEPARTURE LAST
                VALUE   (LST)  VALUE       VALUE  FROM      YEAR
                                                  NORMAL
..................................................................
TEMPERATURE (F)
 YESTERDAY
  MAXIMUM         67        MM  95    1933  77    -10       83
  MINIMUM         56        MM  34    1917  54      2       67
  AVERAGE         62                        65     -3       75

PRECIPITATION (IN)
  YESTERDAY        0.23          1.51 1901   0.12   0.11     0.01
  MONTH TO DATE    2.53                      1.83   0.70     2.73
  SINCE JUN 1      2.53                      1.83   0.70     2.73
  SINCE JAN 1      9.13                      7.88   1.25     8.00

SNOWFALL (IN)
  YESTERDAY        0.0           0.0    MM   0.0    0.0      0.0
  MONTH TO DATE    0.0                       0.0    0.0      0.0
  SINCE JUN 1      0.0                       0.0    0.0      0.0
  SINCE JUL 1     80.3                      43.4   36.9     57.0
  SNOW DEPTH       0

DEGREE DAYS
 HEATING
  YESTERDAY        3                         2      1        0
  MONTH TO DATE   44                        56    -12       16
  SINCE JUN 1     44                        56    -12       16
  SINCE JUL 1  10083                      9181    902     9297

 COOLING
  YESTERDAY        0                         3     -3       10
  MONTH TO DATE   56                        32     24       56
  SINCE JUN 1     56                        32     24       56
  SINCE JAN 1     68                        58     10      154
..................................................................


WIND (MPH)
  HIGHEST WIND SPEED    MM   HIGHEST WIND DIRECTION    MM
  HIGHEST GUST SPEED    MM   HIGHEST GUST DIRECTION    MM
  AVERAGE WIND SPEED    MM


SKY COVER
  POSSIBLE SUNSHINE  MM
  AVERAGE SKY COVER  MM


WEATHER CONDITIONS
 THE FOLLOWING WEATHER WAS RECORDED YESTERDAY.
  NO SIGNIFICANT WEATHER WAS OBSERVED.


RELATIVE HUMIDITY (PERCENT)
 HIGHEST    MM
 LOWEST     MM
 AVERAGE    MM

..........................................................


THE GRAND FORKS UNIV. (NWS) ND CLIMATE NORMALS FOR TODAY
                         NORMAL    RECORD    YEAR
 MAXIMUM TEMPERATURE (F)   77       100      1933
 MINIMUM TEMPERATURE (F)   54        38      1915


SUNRISE AND SUNSET
JUNE 16 2019..........SUNRISE   529 AM CDT   SUNSET   930 PM CDT
JUNE 17 2019..........SUNRISE   529 AM CDT   SUNSET   930 PM CDT


-  INDICATES NEGATIVE NUMBERS.
R  INDICATES RECORD WAS SET OR TIED.
MM INDICATES DATA IS MISSING.
T  INDICATES TRACE AMOUNT.




$$
