000
CDUS45 KFGZ 200735
CLIFLG


CLIMATE REPORT
NATIONAL WEATHER SERVICE FLAGSTAFF, AZ
1235 AM MST SAT APR 20 2019


...................................

...THE FLAGSTAFF AZ AIRPORT CLIMATE SUMMARY FOR APRIL 19 2019...

CLIMATE NORMAL PERIOD 1981 TO 2010
CLIMATE RECORD PERIOD 1898 TO 2019


WEATHER ITEM   OBSERVED TIME   RECORD YEAR NORMAL DEPARTURE LAST
                VALUE   (LST)  VALUE       VALUE  FROM      YEAR
                                                  NORMAL
..................................................................
TEMPERATURE (F)
 YESTERDAY
  MAXIMUM         74    251 PM  77    1989  59     15       54
  MINIMUM         26    556 AM  10    1917  29     -3       21
  AVERAGE         50                        44      6

PRECIPITATION (IN)
  YESTERDAY        0.00          0.44 1951   0.04  -0.04     0.00
  MONTH TO DATE    0.07                      0.83  -0.76     0.00
  SINCE OCT 1     17.48                     12.45   5.03     5.02
  SINCE JAN 1     11.56                      7.16   4.40     5.01

SNOWFALL (IN)
  YESTERDAY        0.0           5.0  1966   0.2   -0.2      0.0
  MONTH TO DATE    T                         5.0   -5.0      0.0
  SINCE JUL 1    117.2                      98.9   18.3     37.4
  SNOW DEPTH       0

DEGREE DAYS
 HEATING
  YESTERDAY       15                        21     -6       27
  MONTH TO DATE  374                       439    -65      346
  SINCE JUL 1   6095                      6146    -51     5322

 COOLING
  YESTERDAY        0                         0      0        0
  MONTH TO DATE    0                         0      0        0
  SINCE JAN 1      0                         0      0        0
..................................................................


WIND (MPH)
  HIGHEST WIND SPEED    23   HIGHEST WIND DIRECTION    SW (230)
  HIGHEST GUST SPEED    28   HIGHEST GUST DIRECTION    SW (220)
  AVERAGE WIND SPEED     5.1


SKY COVER
  POSSIBLE SUNSHINE  MM
  AVERAGE SKY COVER 0.0


WEATHER CONDITIONS
 THE FOLLOWING WEATHER WAS RECORDED YESTERDAY.
  NO SIGNIFICANT WEATHER WAS OBSERVED.


RELATIVE HUMIDITY (PERCENT)
 HIGHEST    68           400 AM
 LOWEST      8           500 PM
 AVERAGE    38

..........................................................


THE FLAGSTAFF AZ AIRPORT CLIMATE NORMALS FOR TODAY
                         NORMAL    RECORD    YEAR
 MAXIMUM TEMPERATURE (F)   60        78      1989
 MINIMUM TEMPERATURE (F)   29         8      1966


SUNRISE AND SUNSET
APRIL 20 2019.........SUNRISE   548 AM MST   SUNSET   703 PM MST
APRIL 21 2019.........SUNRISE   547 AM MST   SUNSET   704 PM MST


-  INDICATES NEGATIVE NUMBERS.
R  INDICATES RECORD WAS SET OR TIED.
MM INDICATES DATA IS MISSING.
T  INDICATES TRACE AMOUNT.




$$
