000
CDUS45 KFGZ 160731
CLIFLG


CLIMATE REPORT
NATIONAL WEATHER SERVICE FLAGSTAFF, AZ
1231 AM MST SUN JUN 16 2019


...................................

...THE FLAGSTAFF AZ AIRPORT CLIMATE SUMMARY FOR JUNE 15 2019...

CLIMATE NORMAL PERIOD 1981 TO 2010
CLIMATE RECORD PERIOD 1898 TO 2019


WEATHER ITEM   OBSERVED TIME   RECORD YEAR NORMAL DEPARTURE LAST
                VALUE   (LST)  VALUE       VALUE  FROM      YEAR
                                                  NORMAL
..................................................................
TEMPERATURE (F)
 YESTERDAY
  MAXIMUM         77    454 PM  92    1974  78     -1       78
  MINIMUM         45    339 AM  28    2001  41      4       50
                                      1997
  AVERAGE         61                        60      1

PRECIPITATION (IN)
  YESTERDAY        0.00          0.09 1965   0.01  -0.01     0.00
  MONTH TO DATE    T                         0.16  -0.16     0.00
  SINCE OCT 1     21.09                     13.56   7.53     5.70
  SINCE JAN 1     15.17                      8.27   6.90     5.69

SNOWFALL (IN)
  YESTERDAY        0.0           0.0  2002   0.0    0.0      0.0
                                      2001
                                      1999
  MONTH TO DATE    0.0                       0.1   -0.1      0.0
  SINCE JUL 1    118.7                     101.8   16.9     38.0
  SNOW DEPTH       0

DEGREE DAYS
 HEATING
  YESTERDAY        4                         6     -2        1
  MONTH TO DATE  106                       115     -9       48
  SINCE JUL 1   7005                      6888    117     5917

 COOLING
  YESTERDAY        0                         0      0        0
  MONTH TO DATE    0                         0      0        7
  SINCE JAN 1      0                         0      0        7
..................................................................


WIND (MPH)
  HIGHEST WIND SPEED    21   HIGHEST WIND DIRECTION    SW (230)
  HIGHEST GUST SPEED    27   HIGHEST GUST DIRECTION    SW (220)
  AVERAGE WIND SPEED     6.0


SKY COVER
  POSSIBLE SUNSHINE  MM
  AVERAGE SKY COVER 0.2


WEATHER CONDITIONS
 THE FOLLOWING WEATHER WAS RECORDED YESTERDAY.
  NO SIGNIFICANT WEATHER WAS OBSERVED.


RELATIVE HUMIDITY (PERCENT)
 HIGHEST    58           400 AM
 LOWEST     23          1200 PM
 AVERAGE    41

..........................................................


THE FLAGSTAFF AZ AIRPORT CLIMATE NORMALS FOR TODAY
                         NORMAL    RECORD    YEAR
 MAXIMUM TEMPERATURE (F)   78        92      1940
 MINIMUM TEMPERATURE (F)   42        24      1907


SUNRISE AND SUNSET
JUNE 16 2019..........SUNRISE   512 AM MST   SUNSET   743 PM MST
JUNE 17 2019..........SUNRISE   512 AM MST   SUNSET   743 PM MST


-  INDICATES NEGATIVE NUMBERS.
R  INDICATES RECORD WAS SET OR TIED.
MM INDICATES DATA IS MISSING.
T  INDICATES TRACE AMOUNT.




$$
