000
CDUS45 KFGZ 250733
CLIFLG


CLIMATE REPORT
NATIONAL WEATHER SERVICE FLAGSTAFF, AZ
1233 AM MST WED APR 25 2018


...................................

...THE FLAGSTAFF AZ AIRPORT CLIMATE SUMMARY FOR APRIL 24 2018...

CLIMATE NORMAL PERIOD 1981 TO 2010
CLIMATE RECORD PERIOD 1898 TO 2018


WEATHER ITEM   OBSERVED TIME   RECORD YEAR NORMAL DEPARTURE LAST
                VALUE   (LST)  VALUE       VALUE  FROM      YEAR
                                                  NORMAL
..................................................................
TEMPERATURE (F)
 YESTERDAY
  MAXIMUM         73    345 PM  77    1949  61     12       65
  MINIMUM         39    336 AM  10    1900  30      9       36
  AVERAGE         56                        46     10

PRECIPITATION (IN)
  YESTERDAY        0.00          1.01 1990   0.03  -0.03     0.00
  MONTH TO DATE    0.06                      0.98  -0.92     0.17
  SINCE SEP 1      5.50                     14.98  -9.48    17.46
  SINCE JAN 1      5.07                      7.31  -2.24     8.85

SNOWFALL (IN)
  YESTERDAY        0.0           4.9  1994   0.2   -0.2      0.0
  MONTH TO DATE    0.0                       6.0   -6.0      1.7
  SINCE JUL 1     37.4                      99.9  -62.5     95.5
  SNOW DEPTH       0

DEGREE DAYS
 HEATING
  YESTERDAY        9                        19    -10       14
  MONTH TO DATE  436                       539   -103      469
  SINCE JUL 1   5412                      6246   -834     5660

 COOLING
  YESTERDAY        0                         0      0        0
  MONTH TO DATE    0                         0      0        0
  SINCE JAN 1      0                         0      0        0
..................................................................


WIND (MPH)
  HIGHEST WIND SPEED    22   HIGHEST WIND DIRECTION    SW (220)
  HIGHEST GUST SPEED    29   HIGHEST GUST DIRECTION    SW (220)
  AVERAGE WIND SPEED     6.9


SKY COVER
  POSSIBLE SUNSHINE  MM
  AVERAGE SKY COVER 0.0


WEATHER CONDITIONS
 THE FOLLOWING WEATHER WAS RECORDED YESTERDAY.
  NO SIGNIFICANT WEATHER WAS OBSERVED.


RELATIVE HUMIDITY (PERCENT)
 HIGHEST    38           300 AM
 LOWEST     10           300 PM
 AVERAGE    24

..........................................................


THE FLAGSTAFF AZ AIRPORT CLIMATE NORMALS FOR TODAY
                         NORMAL    RECORD    YEAR
 MAXIMUM TEMPERATURE (F)   61        78      1996
 MINIMUM TEMPERATURE (F)   31        13      1961
                                             1960


SUNRISE AND SUNSET
APRIL 25 2018.........SUNRISE   542 AM MST   SUNSET   708 PM MST
APRIL 26 2018.........SUNRISE   541 AM MST   SUNSET   708 PM MST


-  INDICATES NEGATIVE NUMBERS.
R  INDICATES RECORD WAS SET OR TIED.
MM INDICATES DATA IS MISSING.
T  INDICATES TRACE AMOUNT.




$$
